{"version":"1.0","provider_name":"LACKMAN &amp; CO.","provider_url":"https:\/\/lackman.com.br","author_name":"Gilberto Evangelista - Colunista","author_url":"https:\/\/lackman.com.br\/index.php\/author\/gilberto-brito\/","title":"\u00daltimos dias para se inscrever no\u00a0Brasil Sabor - LACKMAN &amp; CO.","type":"rich","width":600,"height":338,"html":"<blockquote class=\"wp-embedded-content\" data-secret=\"Ro0PNo9o1n\"><a href=\"https:\/\/lackman.com.br\/index.php\/2026\/04\/28\/ultimos-dias-para-se-inscrever-no-brasil-sabor\/\">\u00daltimos dias para se inscrever no\u00a0Brasil Sabor<\/a><\/blockquote><iframe sandbox=\"allow-scripts\" security=\"restricted\" src=\"https:\/\/lackman.com.br\/index.php\/2026\/04\/28\/ultimos-dias-para-se-inscrever-no-brasil-sabor\/embed\/#?secret=Ro0PNo9o1n\" width=\"600\" height=\"338\" title=\"&#8220;\u00daltimos dias para se inscrever no\u00a0Brasil Sabor&#8221; &#8212; LACKMAN &amp; CO.\" data-secret=\"Ro0PNo9o1n\" frameborder=\"0\" marginwidth=\"0\" marginheight=\"0\" scrolling=\"no\" class=\"wp-embedded-content\"><\/iframe><script>\n\/*! This file is auto-generated *\/\n!function(d,l){\"use strict\";l.querySelector&&d.addEventListener&&\"undefined\"!=typeof URL&&(d.wp=d.wp||{},d.wp.receiveEmbedMessage||(d.wp.receiveEmbedMessage=function(e){var t=e.data;if((t||t.secret||t.message||t.value)&&!\/[^a-zA-Z0-9]\/.test(t.secret)){for(var s,r,n,a=l.querySelectorAll('iframe[data-secret=\"'+t.secret+'\"]'),o=l.querySelectorAll('blockquote[data-secret=\"'+t.secret+'\"]'),c=new RegExp(\"^https?:$\",\"i\"),i=0;i<o.length;i++)o[i].style.display=\"none\";for(i=0;i<a.length;i++)s=a[i],e.source===s.contentWindow&&(s.removeAttribute(\"style\"),\"height\"===t.message?(1e3<(r=parseInt(t.value,10))?r=1e3:~~r<200&&(r=200),s.height=r):\"link\"===t.message&&(r=new URL(s.getAttribute(\"src\")),n=new URL(t.value),c.test(n.protocol))&&n.host===r.host&&l.activeElement===s&&(d.top.location.href=t.value))}},d.addEventListener(\"message\",d.wp.receiveEmbedMessage,!1),l.addEventListener(\"DOMContentLoaded\",function(){for(var e,t,s=l.querySelectorAll(\"iframe.wp-embedded-content\"),r=0;r<s.length;r++)(t=(e=s[r]).getAttribute(\"data-secret\"))||(t=Math.random().toString(36).substring(2,12),e.src+=\"#?secret=\"+t,e.setAttribute(\"data-secret\",t)),e.contentWindow.postMessage({message:\"ready\",secret:t},\"*\")},!1)))}(window,document);\n\/\/# sourceURL=https:\/\/lackman.com.br\/wp-includes\/js\/wp-embed.min.js\n<\/script>\n","thumbnail_url":"http:\/\/lackman.com.br\/wp-content\/uploads\/2026\/04\/BRASIL-SABOR-COMECA-DIA-16-NO-RNCom-o-tema-pra-toda-gente-pra-todo-gosto-a-18a-edicao-do-fes.jpg","thumbnail_width":1080,"thumbnail_height":1350,"description":"Festival gastron\u00f4mico da Abrasel chega \u00e0 20\u00aa edi\u00e7\u00e3o com tema inspirado na Copa de 2026 e as inscri\u00e7\u00f5es est\u00e3o se encerrando. Corra! Empreendedores de alimenta\u00e7\u00e3o fora do lar t\u00eam poucos dias para garantir participa\u00e7\u00e3o na 20\u00aa edi\u00e7\u00e3o do Festival\u00a0Brasil Sabor, um dos maiores eventos gastron\u00f4micos do pa\u00eds. As inscri\u00e7\u00f5es seguem abertas, no DF, at\u00e9 30 de abril e devem ser feitas pelo Instagram da Abrasel DF ou pelos telefones indicados no Servi\u00e7o. A edi\u00e7\u00e3o deste ano acontece entre 14 e 31 de maio, reunindo bares e restaurantes de diversas regi\u00f5es do\u00a0Brasil\u00a0em uma grande vitrine da gastronomia nacional. Interessados podem acessar o regulamento e as inscri\u00e7\u00f5es no link da bio do Instagram da Abrasel-DF (https:\/\/www.instagram.com\/abrasel_df\u00a0). Com o tema \u201cA Sele\u00e7\u00e3o da Cozinha Brasileira\u201d, o\u00a0Brasil Sabor\u00a02026 prop\u00f5e um di\u00e1logo entre gastronomia e futebol para valorizar a diversidade regional, os ingredientes locais e a criatividade dos empreendedores do setor. A ideia \u00e9 que cada estabelecimento atue como um representante de sua regi\u00e3o, apresentando ao p\u00fablico pratos exclusivos, criado especialmente para o festival, com identidade pr\u00f3pria e conex\u00e3o com a cultura alimentar local. Ao longo de suas duas d\u00e9cadas de hist\u00f3ria, o\u00a0Brasil Sabor\u00a0se consolidou como uma importante ferramenta de posicionamento de mercado para bares e restaurantes. Al\u00e9m de ampliar a visibilidade dos neg\u00f3cios, o festival contribui para atrair novos clientes, fortalecer a marca dos estabelecimentos e estimular a inova\u00e7\u00e3o nos card\u00e1pios. Dados de edi\u00e7\u00f5es anteriores indicam impacto positivo nos resultados dos participantes, com aumento de faturamento e desempenho acima do esperado para uma parcela significativa dos empreendedores envolvidos. Para os empres\u00e1rios, a cria\u00e7\u00e3o dos pratos \u00e9 tamb\u00e9m uma oportunidade estrat\u00e9gica de testar novos sabores, valorizar insumos regionais e ouvir o p\u00fablico, j\u00e1 que muitas das receitas desenvolvidas para o festival acabam incorporadas de forma permanente aos card\u00e1pios. O formato do evento permite ainda a participa\u00e7\u00e3o tanto no sal\u00e3o quanto no delivery, ampliando o alcance das a\u00e7\u00f5es e a conex\u00e3o com diferentes perfis de consumidores. Promovido pela Abrasel, o\u00a0Brasil Sabor\u00a0integra as comemora\u00e7\u00f5es pelos 40 anos de atua\u00e7\u00e3o da entidade em defesa do desenvolvimento do setor de alimenta\u00e7\u00e3o fora do lar. A expectativa \u00e9 ampliar ainda mais a participa\u00e7\u00e3o nacional nesta edi\u00e7\u00e3o hist\u00f3rica, refor\u00e7ando o papel do festival como vitrine da pluralidade e da for\u00e7a da cozinha brasileira. &#8220;O festival mobiliza o p\u00fablico e cria experi\u00eancias que v\u00e3o al\u00e9m do prato. Ao mesmo tempo, gera resultados reais para os empreendedores, ampliando a visibilidade e fortalecendo a gastronomia brasileira. \u00c9 uma oportunidade real de crescimento e conex\u00e3o\u201d, diz Thales Furtado, presidente da Abrasel-DF. Servi\u00e7o: 20\u00ba Festival\u00a0Brasil Sabor Data: 14 a 31 de maio de 2026 Inscri\u00e7\u00f5es DF: At\u00e9 30 de abril de 2026 Realiza\u00e7\u00e3o: Abrasel Patroc\u00ednio: Nacional: Ambev Patroc\u00ednio: Coca Cola Patrocinio Regional: Check-up, Izzy e DF Carvalho. Inscri\u00e7\u00f5es: link da bio\u00a0https:\/\/www.instagram.com\/abrasel_df ou pelos telefones: M\u00e1rcia &#8211; 061 99323-0139 e Elide &#8211; 061 99994-9744 &nbsp; Com informa\u00e7\u00f5es da Assessoria de Imprensa \/ Foto: Reprodu\u00e7\u00e3o"}

Últimos dias para se inscrever no Brasil Sabor - LACKMAN &amp; CO.

<blockquote class="wp-embedded-content" data-secret="Ro0PNo9o1n"><a href="https://lackman.com.br/index.php/2026/04/28/ultimos-dias-para-se-inscrever-no-brasil-sabor/">Últimos dias para se inscrever no Brasil Sabor</a></blockquote><iframe sandbox="allow-scripts" security="restricted" src="https://lackman.com.br/index.php/2026/04/28/ultimos-dias-para-se-inscrever-no-brasil-sabor/embed/#?secret=Ro0PNo9o1n" width="600" height="338" title="&#8220;Últimos dias para se inscrever no Brasil Sabor&#8221; &#8212; LACKMAN &amp; CO." data-secret="Ro0PNo9o1n" frameborder="0" marginwidth="0" marginheight="0" scrolling="no" class="wp-embedded-content"></iframe><script>
/*! This file is auto-generated */
!function(d,l){"use strict";l.querySelector&&d.addEventListener&&"undefined"!=typeof URL&&(d.wp=d.wp||{},d.wp.receiveEmbedMessage||(d.wp.receiveEmbedMessage=function(e){var t=e.data;if((t||t.secret||t.message||t.value)&&!/[^a-zA-Z0-9]/.test(t.secret)){for(var s,r,n,a=l.querySelectorAll('iframe[data-secret="'+t.secret+'"]'),o=l.querySelectorAll('blockquote[data-secret="'+t.secret+'"]'),c=new RegExp("^https?:$","i"),i=0;i<o.length;i++)o[i].style.display="none";for(i=0;i<a.length;i++)s=a[i],e.source===s.contentWindow&&(s.removeAttribute("style"),"height"===t.message?(1e3<(r=parseInt(t.value,10))?r=1e3:~~r<200&&(r=200),s.height=r):"link"===t.message&&(r=new URL(s.getAttribute("src")),n=new URL(t.value),c.test(n.protocol))&&n.host===r.host&&l.activeElement===s&&(d.top.location.href=t.value))}},d.addEventListener("message",d.wp.receiveEmbedMessage,!1),l.addEventListener("DOMContentLoaded",function(){for(var e,t,s=l.querySelectorAll("iframe.wp-embedded-content"),r=0;r<s.length;r++)(t=(e=s[r]).getAttribute("data-secret"))||(t=Math.random().toString(36).substring(2,12),e.src+="#?secret="+t,e.setAttribute("data-secret",t)),e.contentWindow.postMessage({message:"ready",secret:t},"*")},!1)))}(window,document);
//# sourceURL=https://lackman.com.br/wp-includes/js/wp-embed.min.js
</script>

Festival gastronômico da Abrasel chega à 20ª edição com tema inspirado na Copa de 2026 e as inscrições estão se encerrando. Corra! Empreendedores de alimentação fora do lar têm poucos dias para garantir participação na 20ª edição do Festival Brasil Sabor, um dos maiores eventos gastronômicos do país. As inscrições seguem abertas, no DF, até 30 de abril e devem ser feitas pelo Instagram da Abrasel DF ou pelos telefones indicados no Serviço. A edição deste ano acontece entre 14 e 31 de maio, reunindo bares e restaurantes de diversas regiões do Brasil em uma grande vitrine da gastronomia nacional. Interessados podem acessar o regulamento e as inscrições no link da bio do Instagram da Abrasel-DF (https://www.instagram.com/abrasel_df ). Com o tema “A Seleção da Cozinha Brasileira”, o Brasil Sabor 2026 propõe um diálogo entre gastronomia e futebol para valorizar a diversidade regional, os ingredientes locais e a criatividade dos empreendedores do setor. A ideia é que cada estabelecimento atue como um representante de sua região, apresentando ao público pratos exclusivos, criado especialmente para o festival, com identidade própria e conexão com a cultura alimentar local. Ao longo de suas duas décadas de história, o Brasil Sabor se consolidou como uma importante ferramenta de posicionamento de mercado para bares e restaurantes. Além de ampliar a visibilidade dos negócios, o festival contribui para atrair novos clientes, fortalecer a marca dos estabelecimentos e estimular a inovação nos cardápios. Dados de edições anteriores indicam impacto positivo nos resultados dos participantes, com aumento de faturamento e desempenho acima do esperado para uma parcela significativa dos empreendedores envolvidos. Para os empresários, a criação dos pratos é também uma oportunidade estratégica de testar novos sabores, valorizar insumos regionais e ouvir o público, já que muitas das receitas desenvolvidas para o festival acabam incorporadas de forma permanente aos cardápios. O formato do evento permite ainda a participação tanto no salão quanto no delivery, ampliando o alcance das ações e a conexão com diferentes perfis de consumidores. Promovido pela Abrasel, o Brasil Sabor integra as comemorações pelos 40 anos de atuação da entidade em defesa do desenvolvimento do setor de alimentação fora do lar. A expectativa é ampliar ainda mais a participação nacional nesta edição histórica, reforçando o papel do festival como vitrine da pluralidade e da força da cozinha brasileira. &#8220;O festival mobiliza o público e cria experiências que vão além do prato. Ao mesmo tempo, gera resultados reais para os empreendedores, ampliando a visibilidade e fortalecendo a gastronomia brasileira. É uma oportunidade real de crescimento e conexão”, diz Thales Furtado, presidente da Abrasel-DF. Serviço: 20º Festival Brasil Sabor Data: 14 a 31 de maio de 2026 Inscrições DF: Até 30 de abril de 2026 Realização: Abrasel Patrocínio: Nacional: Ambev Patrocínio: Coca Cola Patrocinio Regional: Check-up, Izzy e DF Carvalho. Inscrições: link da bio https://www.instagram.com/abrasel_df ou pelos telefones: Márcia &#8211; 061 99323-0139 e Elide &#8211; 061 99994-9744 &nbsp; Com informações da Assessoria de Imprensa / Foto: Reprodução
