{"version":"1.0","provider_name":"LACKMAN &amp; CO.","provider_url":"https:\/\/lackman.com.br","author_name":"Gilberto Evangelista - Colunista","author_url":"https:\/\/lackman.com.br\/index.php\/author\/gilberto-brito\/","title":"\u201c\u00c0 Beira do Sol\u201d em cartaz no CCBB - LACKMAN &amp; CO.","type":"rich","width":600,"height":338,"html":"<blockquote class=\"wp-embedded-content\" data-secret=\"pMMGP1QZgq\"><a href=\"https:\/\/lackman.com.br\/index.php\/2026\/01\/23\/a-beira-do-sol-em-cartaz-no-ccbb\/\">\u201c\u00c0 Beira do Sol\u201d em cartaz no CCBB<\/a><\/blockquote><iframe sandbox=\"allow-scripts\" security=\"restricted\" src=\"https:\/\/lackman.com.br\/index.php\/2026\/01\/23\/a-beira-do-sol-em-cartaz-no-ccbb\/embed\/#?secret=pMMGP1QZgq\" width=\"600\" height=\"338\" title=\"&#8220;\u201c\u00c0 Beira do Sol\u201d em cartaz no CCBB&#8221; &#8212; LACKMAN &amp; CO.\" data-secret=\"pMMGP1QZgq\" frameborder=\"0\" marginwidth=\"0\" marginheight=\"0\" scrolling=\"no\" class=\"wp-embedded-content\"><\/iframe><script>\n\/*! This file is auto-generated *\/\n!function(d,l){\"use strict\";l.querySelector&&d.addEventListener&&\"undefined\"!=typeof URL&&(d.wp=d.wp||{},d.wp.receiveEmbedMessage||(d.wp.receiveEmbedMessage=function(e){var t=e.data;if((t||t.secret||t.message||t.value)&&!\/[^a-zA-Z0-9]\/.test(t.secret)){for(var s,r,n,a=l.querySelectorAll('iframe[data-secret=\"'+t.secret+'\"]'),o=l.querySelectorAll('blockquote[data-secret=\"'+t.secret+'\"]'),c=new RegExp(\"^https?:$\",\"i\"),i=0;i<o.length;i++)o[i].style.display=\"none\";for(i=0;i<a.length;i++)s=a[i],e.source===s.contentWindow&&(s.removeAttribute(\"style\"),\"height\"===t.message?(1e3<(r=parseInt(t.value,10))?r=1e3:~~r<200&&(r=200),s.height=r):\"link\"===t.message&&(r=new URL(s.getAttribute(\"src\")),n=new URL(t.value),c.test(n.protocol))&&n.host===r.host&&l.activeElement===s&&(d.top.location.href=t.value))}},d.addEventListener(\"message\",d.wp.receiveEmbedMessage,!1),l.addEventListener(\"DOMContentLoaded\",function(){for(var e,t,s=l.querySelectorAll(\"iframe.wp-embedded-content\"),r=0;r<s.length;r++)(t=(e=s[r]).getAttribute(\"data-secret\"))||(t=Math.random().toString(36).substring(2,12),e.src+=\"#?secret=\"+t,e.setAttribute(\"data-secret\",t)),e.contentWindow.postMessage({message:\"ready\",secret:t},\"*\")},!1)))}(window,document);\n\/\/# sourceURL=https:\/\/lackman.com.br\/wp-includes\/js\/wp-embed.min.js\n<\/script>\n","thumbnail_url":"http:\/\/lackman.com.br\/wp-content\/uploads\/2026\/01\/Espetaculo-A-Beira-do-Sol-da-Cia.-Os-Buriti-Foto-Diego-Bresani-1.jpg","thumbnail_width":2000,"thumbnail_height":1335,"description":"Atra\u00e7\u00e3o integra a Ocupa\u00e7\u00e3o Os Buriti \u2013 30 anos e fica em cartaz at\u00e9 domingo (25). A Cia. Os Buriti est\u00e1 em cartaz de 22 a 25 de janeiro (quinta a domingo) com o espet\u00e1culo \u201c\u00c0 Beira do Sol\u201d (classifica\u00e7\u00e3o livre), no teatro do Centro Cultural Banco do Brasil Bras\u00edlia (CCBB Bras\u00edlia). A pe\u00e7a integra a Ocupa\u00e7\u00e3o Os Buriti \u2013 30 anos, que celebra tr\u00eas d\u00e9cadas do grupo. O espet\u00e1culo fica em cartaz na quinta e sexta (22 e 23), \u00e0s 19h; e no s\u00e1bado e domingo (24 e 25), com sess\u00f5es \u00e0s 16h. A sess\u00e3o do dia 23 tem interpreta\u00e7\u00e3o em Libras. Os ingressos est\u00e3o dispon\u00edveis no site do CCBB Bras\u00edlia e na bilheteria do CCBB. \u201c\u00c0 Beira do Sol\u201d \u00e9 um solo interpretado por Naira Carneiro, que tamb\u00e9m assina a dire\u00e7\u00e3o e a dramaturgia juntamente com Duda Rios (Cia Barca dos Cora\u00e7\u00f5es Partidos). A montagem prop\u00f5e uma imers\u00e3o po\u00e9tica no universo da loucura e do inconsciente. A cria\u00e7\u00e3o se inspira nos artistas Arthur Bispo do Ros\u00e1rio e Profeta Gentileza, e tamb\u00e9m nos relatos da psiquiatra Nise da Silveira. A pe\u00e7a \u00e9 apresentada em sess\u00e3o extra em 22 de janeiro (quinta), \u00e0s 19h. Os ingressos j\u00e1 est\u00e3o dispon\u00edveis na bilheteria f\u00edsica do CCBB e no site. A obra acompanha a trajet\u00f3ria de Arian, que ouve vozes dizendo que o Astro Rei vai se p\u00f4r para nunca mais voltar. Ela, ent\u00e3o, passa a vigiar o Sol para impedir que o mundo fique para sempre na escurid\u00e3o. O espet\u00e1culo recebeu 19 indica\u00e7\u00f5es a pr\u00eamios nacionais, como a de melhor espet\u00e1culo infantil pelo Pr\u00eamio APTR (Associa\u00e7\u00e3o de Produtores de Teatro) e a de melhor atriz no Pr\u00eamio CBTIJ. Ocupa\u00e7\u00e3o Al\u00e9m de \u201c\u00c0 Beira do Sol\u201d, a Ocupa\u00e7\u00e3o Os Buriti \u2013 30 anos apresenta ainda os espet\u00e1culos \u201cCantos de Encontro\u201d (classifica\u00e7\u00e3o livre). \u201cDepois do Sil\u00eancio\u201d (foto acima &#8211; classifica\u00e7\u00e3o 12 anos), que fica em cartaz nos fins de semana de 30 de janeiro a 1\u00ba de fevereiro e de 6 a 8 de fevereiro, com sess\u00f5es sempre \u00e0s 19h. As entradas podem ser adquiridas na bilheteria f\u00edsica do CCBB e no site. Com dire\u00e7\u00e3o art\u00edstica e coreografia de Eliana Carneiro, a atra\u00e7\u00e3o se baseia em fatos reais da vida da menina Helen Keller (1880-1968), que perde a vis\u00e3o e a audi\u00e7\u00e3o com poucos anos de idade e passa a viver em um mundo totalmente apartado at\u00e9 a chegada da professora Anne Sullivan. A partir desse encontro, Anne inicia a \u00e1rdua tarefa de ensinar libras t\u00e1til e possibilitar que Helen aprenda a se comunicar com o mundo exterior. A montagem tem no elenco Camila Guerra e Naira Carneiro, que interpretam Anne Sullivan e Helen Keller, e Renata Rezende, atriz surda, que apresenta ao p\u00fablico um contexto atual e autobiogr\u00e1fico, criando um contundente di\u00e1logo paralelo entre as personagens de 1890 e os dias de hoje. A pe\u00e7a \u00e9 bil\u00edngue, encenada em portugu\u00eas e em Libras pelas pr\u00f3prias atrizes, o que a torna acess\u00edvel para pessoas surdas. J\u00e1 \u201cCantos de Encontro\u201d tem sess\u00f5es nos dias 31 de janeiro, 1\u00ba, 7 e 8 de fevereiro, sempre \u00e0s 16h, com venda de ingressos na bilheteria f\u00edsica do CCBB e no site do CCBB. Voltado para crian\u00e7as de todas as idades, o espet\u00e1culo apresenta can\u00e7\u00f5es autorais, hist\u00f3rias, dan\u00e7a e manipula\u00e7\u00e3o de bonecos. Em cena, quatro int\u00e9rpretes apresentam diferentes ritmos da m\u00fasica popular brasileira, em uma montagem que j\u00e1 encantou p\u00fablicos no Brasil e no exterior, com passagens por 40 cidades brasileiras e seis pa\u00edses europeus. Tr\u00eas d\u00e9cadas Criada em 1995 por Eliana Carneiro, a Cia Os Buriti &#8211; Teatro de Dan\u00e7a se dedica \u00e0 cria\u00e7\u00e3o de espet\u00e1culos para todas as idades, unindo diferentes linguagens art\u00edsticas. A companhia \u00e9 formada pela diretora e atriz Eliana, seus filhos Naira Carneiro e Guian Carneiro, pelas atrizes Camila Guerra e Renata Rezende e pelos m\u00fasicos Jorge Brasil, Andr\u00e9 Togni, Daniel Pitanga, Mar\u00edlia Carvalho, Diogo Vanelli e Carlos Fraz\u00e3o. Ao longo de sua trajet\u00f3ria, o grupo criou 16 espet\u00e1culos autorais, gravou tr\u00eas \u00e1lbuns musicais, lan\u00e7ou tr\u00eas livros infantis, produziu dois curtas-metragens e 14 videoclipes. Desde 2020, realiza a\u00e7\u00f5es art\u00edsticas e educacionais cont\u00ednuas no Espa\u00e7o Cultural Casa Buriti. A companhia j\u00e1 se apresentou em diversas cidades brasileiras e em pa\u00edses como Portugal, Espanha, Alemanha, It\u00e1lia, Fran\u00e7a, \u00c1ustria, Gr\u00e9cia, \u00cdndia, M\u00e9xico, Paraguai e Rom\u00eania, participando de importantes festivais e encontros de teatro, dan\u00e7a e m\u00fasica. Parceria O Centro Cultural Banco do Brasil e a Cia. Os Buriti mant\u00eam uma parceria s\u00f3lida desde 2006, com a montagem do espet\u00e1culo &#8220;Cordas e Contos&#8220;. Em 2016, essa uni\u00e3o foi reafirmada com o espet\u00e1culo &#8220;Kalo &#8211; Filhos do Vento&#8220;. Em seguida, a companhia foi convidada a conceber e realizar a instala\u00e7\u00e3o e a performance de abertura do Museu Permanente do CCBB. Foi no palco do Centro Cultural que os \u00faltimos espet\u00e1culos da companhia, &#8220;\u00c0 Beira do Sol&#8221; e &#8220;Depois do Sil\u00eancio&#8220;, tiveram suas estreias. Sobre o CCBB Bras\u00edlia O Centro Cultural Banco do Brasil Bras\u00edlia (CCBB Bras\u00edlia) foi inaugurado em 12 de outubro de 2000. Sediado no Edif\u00edcio Tancredo Neves, uma obra arquitet\u00f4nica de Oscar Niemeyer, tem o objetivo de reunir, em um s\u00f3 lugar, todas as formas de arte e criatividade poss\u00edveis. Com projeto paisag\u00edstico assinado por Alda Rabello Cunha, disp\u00f5e de amplos espa\u00e7os de conviv\u00eancia, galerias de artes, sala de cinema, teatro, pra\u00e7a central e jardins, onde s\u00e3o realizadas exposi\u00e7\u00f5es, shows musicais, espet\u00e1culos, exibi\u00e7\u00f5es de filmes e performances. Al\u00e9m disso, oferece o Programa Educativo CCBB Bras\u00edlia, projeto cont\u00ednuo de arte-educa\u00e7\u00e3o que desenvolve a\u00e7\u00f5es educativas e culturais para aproximar o visitante da programa\u00e7\u00e3o em cartaz, acolhendo o p\u00fablico espont\u00e2neo e, especialmente, estudantes de escolas p\u00fablicas e particulares, universit\u00e1rios e institui\u00e7\u00f5es, por meio de visitas mediadas agendadas. Em 2022, o CCBB Bras\u00edlia se tornou o terceiro pr\u00e9dio do Banco do Brasil a receber a certifica\u00e7\u00e3o ISO 14001, cuja renova\u00e7\u00e3o anual ratifica o compromisso da institui\u00e7\u00e3o com a gest\u00e3o ambiental e a sustentabilidade. Partiu Teatro? \u201c\u00c0 Beira do Sol\u201d \/ 16 a 25 de janeiro &#8211; sextas \u00e0s 19h; s\u00e1bados e domingos \u00e0s 16h \/ Sess\u00e3o extra em 22 de"}

“À Beira do Sol” em cartaz no CCBB - LACKMAN &amp; CO.

<blockquote class="wp-embedded-content" data-secret="pMMGP1QZgq"><a href="https://lackman.com.br/index.php/2026/01/23/a-beira-do-sol-em-cartaz-no-ccbb/">“À Beira do Sol” em cartaz no CCBB</a></blockquote><iframe sandbox="allow-scripts" security="restricted" src="https://lackman.com.br/index.php/2026/01/23/a-beira-do-sol-em-cartaz-no-ccbb/embed/#?secret=pMMGP1QZgq" width="600" height="338" title="&#8220;“À Beira do Sol” em cartaz no CCBB&#8221; &#8212; LACKMAN &amp; CO." data-secret="pMMGP1QZgq" frameborder="0" marginwidth="0" marginheight="0" scrolling="no" class="wp-embedded-content"></iframe><script>
/*! This file is auto-generated */
!function(d,l){"use strict";l.querySelector&&d.addEventListener&&"undefined"!=typeof URL&&(d.wp=d.wp||{},d.wp.receiveEmbedMessage||(d.wp.receiveEmbedMessage=function(e){var t=e.data;if((t||t.secret||t.message||t.value)&&!/[^a-zA-Z0-9]/.test(t.secret)){for(var s,r,n,a=l.querySelectorAll('iframe[data-secret="'+t.secret+'"]'),o=l.querySelectorAll('blockquote[data-secret="'+t.secret+'"]'),c=new RegExp("^https?:$","i"),i=0;i<o.length;i++)o[i].style.display="none";for(i=0;i<a.length;i++)s=a[i],e.source===s.contentWindow&&(s.removeAttribute("style"),"height"===t.message?(1e3<(r=parseInt(t.value,10))?r=1e3:~~r<200&&(r=200),s.height=r):"link"===t.message&&(r=new URL(s.getAttribute("src")),n=new URL(t.value),c.test(n.protocol))&&n.host===r.host&&l.activeElement===s&&(d.top.location.href=t.value))}},d.addEventListener("message",d.wp.receiveEmbedMessage,!1),l.addEventListener("DOMContentLoaded",function(){for(var e,t,s=l.querySelectorAll("iframe.wp-embedded-content"),r=0;r<s.length;r++)(t=(e=s[r]).getAttribute("data-secret"))||(t=Math.random().toString(36).substring(2,12),e.src+="#?secret="+t,e.setAttribute("data-secret",t)),e.contentWindow.postMessage({message:"ready",secret:t},"*")},!1)))}(window,document);
//# sourceURL=https://lackman.com.br/wp-includes/js/wp-embed.min.js
</script>

Atração integra a Ocupação Os Buriti – 30 anos e fica em cartaz até domingo (25). A Cia. Os Buriti está em cartaz de 22 a 25 de janeiro (quinta a domingo) com o espetáculo “À Beira do Sol” (classificação livre), no teatro do Centro Cultural Banco do Brasil Brasília (CCBB Brasília). A peça integra a Ocupação Os Buriti – 30 anos, que celebra três décadas do grupo. O espetáculo fica em cartaz na quinta e sexta (22 e 23), às 19h; e no sábado e domingo (24 e 25), com sessões às 16h. A sessão do dia 23 tem interpretação em Libras. Os ingressos estão disponíveis no site do CCBB Brasília e na bilheteria do CCBB. “À Beira do Sol” é um solo interpretado por Naira Carneiro, que também assina a direção e a dramaturgia juntamente com Duda Rios (Cia Barca dos Corações Partidos). A montagem propõe uma imersão poética no universo da loucura e do inconsciente. A criação se inspira nos artistas Arthur Bispo do Rosário e Profeta Gentileza, e também nos relatos da psiquiatra Nise da Silveira. A peça é apresentada em sessão extra em 22 de janeiro (quinta), às 19h. Os ingressos já estão disponíveis na bilheteria física do CCBB e no site. A obra acompanha a trajetória de Arian, que ouve vozes dizendo que o Astro Rei vai se pôr para nunca mais voltar. Ela, então, passa a vigiar o Sol para impedir que o mundo fique para sempre na escuridão. O espetáculo recebeu 19 indicações a prêmios nacionais, como a de melhor espetáculo infantil pelo Prêmio APTR (Associação de Produtores de Teatro) e a de melhor atriz no Prêmio CBTIJ. Ocupação Além de “À Beira do Sol”, a Ocupação Os Buriti – 30 anos apresenta ainda os espetáculos “Cantos de Encontro” (classificação livre). “Depois do Silêncio” (foto acima &#8211; classificação 12 anos), que fica em cartaz nos fins de semana de 30 de janeiro a 1º de fevereiro e de 6 a 8 de fevereiro, com sessões sempre às 19h. As entradas podem ser adquiridas na bilheteria física do CCBB e no site. Com direção artística e coreografia de Eliana Carneiro, a atração se baseia em fatos reais da vida da menina Helen Keller (1880-1968), que perde a visão e a audição com poucos anos de idade e passa a viver em um mundo totalmente apartado até a chegada da professora Anne Sullivan. A partir desse encontro, Anne inicia a árdua tarefa de ensinar libras tátil e possibilitar que Helen aprenda a se comunicar com o mundo exterior. A montagem tem no elenco Camila Guerra e Naira Carneiro, que interpretam Anne Sullivan e Helen Keller, e Renata Rezende, atriz surda, que apresenta ao público um contexto atual e autobiográfico, criando um contundente diálogo paralelo entre as personagens de 1890 e os dias de hoje. A peça é bilíngue, encenada em português e em Libras pelas próprias atrizes, o que a torna acessível para pessoas surdas. Já “Cantos de Encontro” tem sessões nos dias 31 de janeiro, 1º, 7 e 8 de fevereiro, sempre às 16h, com venda de ingressos na bilheteria física do CCBB e no site do CCBB. Voltado para crianças de todas as idades, o espetáculo apresenta canções autorais, histórias, dança e manipulação de bonecos. Em cena, quatro intérpretes apresentam diferentes ritmos da música popular brasileira, em uma montagem que já encantou públicos no Brasil e no exterior, com passagens por 40 cidades brasileiras e seis países europeus. Três décadas Criada em 1995 por Eliana Carneiro, a Cia Os Buriti &#8211; Teatro de Dança se dedica à criação de espetáculos para todas as idades, unindo diferentes linguagens artísticas. A companhia é formada pela diretora e atriz Eliana, seus filhos Naira Carneiro e Guian Carneiro, pelas atrizes Camila Guerra e Renata Rezende e pelos músicos Jorge Brasil, André Togni, Daniel Pitanga, Marília Carvalho, Diogo Vanelli e Carlos Frazão. Ao longo de sua trajetória, o grupo criou 16 espetáculos autorais, gravou três álbuns musicais, lançou três livros infantis, produziu dois curtas-metragens e 14 videoclipes. Desde 2020, realiza ações artísticas e educacionais contínuas no Espaço Cultural Casa Buriti. A companhia já se apresentou em diversas cidades brasileiras e em países como Portugal, Espanha, Alemanha, Itália, França, Áustria, Grécia, Índia, México, Paraguai e Romênia, participando de importantes festivais e encontros de teatro, dança e música. Parceria O Centro Cultural Banco do Brasil e a Cia. Os Buriti mantêm uma parceria sólida desde 2006, com a montagem do espetáculo &#8220;Cordas e Contos&#8220;. Em 2016, essa união foi reafirmada com o espetáculo &#8220;Kalo &#8211; Filhos do Vento&#8220;. Em seguida, a companhia foi convidada a conceber e realizar a instalação e a performance de abertura do Museu Permanente do CCBB. Foi no palco do Centro Cultural que os últimos espetáculos da companhia, &#8220;À Beira do Sol&#8221; e &#8220;Depois do Silêncio&#8220;, tiveram suas estreias. Sobre o CCBB Brasília O Centro Cultural Banco do Brasil Brasília (CCBB Brasília) foi inaugurado em 12 de outubro de 2000. Sediado no Edifício Tancredo Neves, uma obra arquitetônica de Oscar Niemeyer, tem o objetivo de reunir, em um só lugar, todas as formas de arte e criatividade possíveis. Com projeto paisagístico assinado por Alda Rabello Cunha, dispõe de amplos espaços de convivência, galerias de artes, sala de cinema, teatro, praça central e jardins, onde são realizadas exposições, shows musicais, espetáculos, exibições de filmes e performances. Além disso, oferece o Programa Educativo CCBB Brasília, projeto contínuo de arte-educação que desenvolve ações educativas e culturais para aproximar o visitante da programação em cartaz, acolhendo o público espontâneo e, especialmente, estudantes de escolas públicas e particulares, universitários e instituições, por meio de visitas mediadas agendadas. Em 2022, o CCBB Brasília se tornou o terceiro prédio do Banco do Brasil a receber a certificação ISO 14001, cuja renovação anual ratifica o compromisso da instituição com a gestão ambiental e a sustentabilidade. Partiu Teatro? “À Beira do Sol” / 16 a 25 de janeiro &#8211; sextas às 19h; sábados e domingos às 16h / Sessão extra em 22 de
