{"version":"1.0","provider_name":"LACKMAN &amp; CO.","provider_url":"https:\/\/lackman.com.br","author_name":"Gilberto Evangelista - Colunista","author_url":"https:\/\/lackman.com.br\/index.php\/author\/gilberto-brito\/","title":"2025: o ano do grupo Benzadeus - LACKMAN &amp; CO.","type":"rich","width":600,"height":338,"html":"<blockquote class=\"wp-embedded-content\" data-secret=\"xHj7aKa5ZU\"><a href=\"https:\/\/lackman.com.br\/index.php\/2025\/12\/12\/2025-o-ano-do-grupo-benzadeus\/\">2025: o ano do grupo Benzadeus<\/a><\/blockquote><iframe sandbox=\"allow-scripts\" security=\"restricted\" src=\"https:\/\/lackman.com.br\/index.php\/2025\/12\/12\/2025-o-ano-do-grupo-benzadeus\/embed\/#?secret=xHj7aKa5ZU\" width=\"600\" height=\"338\" title=\"&#8220;2025: o ano do grupo Benzadeus&#8221; &#8212; LACKMAN &amp; CO.\" data-secret=\"xHj7aKa5ZU\" frameborder=\"0\" marginwidth=\"0\" marginheight=\"0\" scrolling=\"no\" class=\"wp-embedded-content\"><\/iframe><script>\n\/*! This file is auto-generated *\/\n!function(d,l){\"use strict\";l.querySelector&&d.addEventListener&&\"undefined\"!=typeof URL&&(d.wp=d.wp||{},d.wp.receiveEmbedMessage||(d.wp.receiveEmbedMessage=function(e){var t=e.data;if((t||t.secret||t.message||t.value)&&!\/[^a-zA-Z0-9]\/.test(t.secret)){for(var s,r,n,a=l.querySelectorAll('iframe[data-secret=\"'+t.secret+'\"]'),o=l.querySelectorAll('blockquote[data-secret=\"'+t.secret+'\"]'),c=new RegExp(\"^https?:$\",\"i\"),i=0;i<o.length;i++)o[i].style.display=\"none\";for(i=0;i<a.length;i++)s=a[i],e.source===s.contentWindow&&(s.removeAttribute(\"style\"),\"height\"===t.message?(1e3<(r=parseInt(t.value,10))?r=1e3:~~r<200&&(r=200),s.height=r):\"link\"===t.message&&(r=new URL(s.getAttribute(\"src\")),n=new URL(t.value),c.test(n.protocol))&&n.host===r.host&&l.activeElement===s&&(d.top.location.href=t.value))}},d.addEventListener(\"message\",d.wp.receiveEmbedMessage,!1),l.addEventListener(\"DOMContentLoaded\",function(){for(var e,t,s=l.querySelectorAll(\"iframe.wp-embedded-content\"),r=0;r<s.length;r++)(t=(e=s[r]).getAttribute(\"data-secret\"))||(t=Math.random().toString(36).substring(2,12),e.src+=\"#?secret=\"+t,e.setAttribute(\"data-secret\",t)),e.contentWindow.postMessage({message:\"ready\",secret:t},\"*\")},!1)))}(window,document);\n\/\/# sourceURL=https:\/\/lackman.com.br\/wp-includes\/js\/wp-embed.min.js\n<\/script>\n","thumbnail_url":"http:\/\/lackman.com.br\/wp-content\/uploads\/2025\/12\/SaveClip.App_552029816_18066331979524166_601211764225088896_n.jpg","thumbnail_width":1080,"thumbnail_height":722,"description":"O pagode brasiliense vive um momento hist\u00f3rico. O grupo\u00a0Benzadeus venceu, na \u00faltima ter\u00e7a-feira (9), o Pr\u00eamio Multishow 2025\u00a0na categoria\u00a0Brasil, representando o Centro-Oeste em uma das premia\u00e7\u00f5es mais importantes da m\u00fasica nacional. A 32\u00aa edi\u00e7\u00e3o do evento aconteceu no Rio de Janeiro e consagrou o quinteto como um dos destaques da nova gera\u00e7\u00e3o do g\u00eanero. Formado em 2020, o\u00a0Benzadeus\u00a0\u00e9 composto por\u00a0Magr\u00e3o,\u00a0Vini de Oliveira,\u00a0Das Sortes,\u00a0Nen\u00e9m\u00a0e\u00a0Pedigree. Em cinco anos de estrada, o grupo se tornou um dos principais nomes do pagode produzido na regi\u00e3o, acumulando quatro \u00e1lbuns, milh\u00f5es de\u00a0streams\u00a0e elogios de grandes refer\u00eancias como\u00a0P\u00e9ricles\u00a0e\u00a0Thiaguinho. No Multishow, eles disputaram o trof\u00e9u com artistas que representam outras regi\u00f5es do pa\u00eds:\u00a0Zudizilla\u00a0(Sul),\u00a0Bruna Black (Sudeste),\u00a0Josyara\u00a0(Nordeste)\u00a0e\u00a0Mar\u00edlia Tavares (Norte). Apadrinhados pelo\u00a0Menos \u00e9 Mais\u00a0\u2014 que tamb\u00e9m foi premiado na noite \u2014 os integrantes do Benza comemoraram a conquista no palco e dedicaram o pr\u00eamio ao p\u00fablico da regi\u00e3o que os acompanha desde o in\u00edcio. \u201cN\u00f3s somos sobreviventes dos nossos sonhos. Vivemos a m\u00fasica, vivemos para a m\u00fasica. Agradecemos a todos os nossos f\u00e3s, familiares,\u00a0a galera\u00a0do Centro-Oeste que acredita na gente desde os primeiros passos. Ver nosso nome chamado ali foi emocionante, passou um filme na cabe\u00e7a. Esse pr\u00eamio \u00e9 de todos que caminham com o Benza\u201d, disse Magr\u00e3o, emocionado. A vit\u00f3ria chega em uma fase especialmente importante para o grupo. O\u00a0Benzadeus\u00a0acaba de lan\u00e7ar o primeiro single do DVD\u00a0\u201cNa Rota do Benza no Pel\u00f4\u201d, que marca a maior produ\u00e7\u00e3o da carreira at\u00e9 agora e a primeira grava\u00e7\u00e3o fora de Bras\u00edlia. A faixa escolhida para abrir os trabalhos,\u00a0\u201cModo Ioi\u00f4\u201d, traz a for\u00e7a e a tradi\u00e7\u00e3o do\u00a0Olodum, refor\u00e7ando a conex\u00e3o do Benza com a musicalidade baiana. Gravado no\u00a0Pelourinho, em Salvador, o projeto reuniu 10 mil pessoas e contou com participa\u00e7\u00f5es de nomes como\u00a0Pixote,\u00a0J.\u00a0Eskine,\u00a0Mari Fernandes,\u00a0Escandurras\u00a0e\u00a0Suel\u2014 um marco para o grupo e para a cena do pagode do Centro-Oeste.\u00a0 Fotos: Reprodu\u00e7\u00e3o Instagram"}

O pagode brasiliense vive um momento histórico. O grupo Benzadeus venceu, na última terça-feira (9), o Prêmio Multishow 2025 na categoria Brasil, representando o Centro-Oeste em uma das premiações mais importantes da música nacional. A 32ª edição do evento aconteceu no Rio de Janeiro e consagrou o quinteto como um dos destaques da nova geração do gênero. Formado em 2020, o Benzadeus é composto por Magrão, Vini de Oliveira, Das Sortes, Neném e Pedigree. Em cinco anos de estrada, o grupo se tornou um dos principais nomes do pagode produzido na região, acumulando quatro álbuns, milhões de streams e elogios de grandes referências como Péricles e Thiaguinho. No Multishow, eles disputaram o troféu com artistas que representam outras regiões do país: Zudizilla (Sul), Bruna Black (Sudeste), Josyara (Nordeste) e Marília Tavares (Norte). Apadrinhados pelo Menos é Mais — que também foi premiado na noite — os integrantes do Benza comemoraram a conquista no palco e dedicaram o prêmio ao público da região que os acompanha desde o início. “Nós somos sobreviventes dos nossos sonhos. Vivemos a música, vivemos para a música. Agradecemos a todos os nossos fãs, familiares, a galera do Centro-Oeste que acredita na gente desde os primeiros passos. Ver nosso nome chamado ali foi emocionante, passou um filme na cabeça. Esse prêmio é de todos que caminham com o Benza”, disse Magrão, emocionado. A vitória chega em uma fase especialmente importante para o grupo. O Benzadeus acaba de lançar o primeiro single do DVD “Na Rota do Benza no Pelô”, que marca a maior produção da carreira até agora e a primeira gravação fora de Brasília. A faixa escolhida para abrir os trabalhos, “Modo Ioiô”, traz a força e a tradição do Olodum, reforçando a conexão do Benza com a musicalidade baiana. Gravado no Pelourinho, em Salvador, o projeto reuniu 10 mil pessoas e contou com participações de nomes como Pixote, J. Eskine, Mari Fernandes, Escandurras e Suel— um marco para o grupo e para a cena do pagode do Centro-Oeste.  Fotos: Reprodução Instagram
