{"version":"1.0","provider_name":"LACKMAN &amp; CO.","provider_url":"https:\/\/lackman.com.br","author_name":"Gilberto Evangelista - Colunista","author_url":"https:\/\/lackman.com.br\/index.php\/author\/gilberto-brito\/","title":"\"O Iluminado\" retorna \u00e0s telas 45 anos depois - LACKMAN &amp; CO.","type":"rich","width":600,"height":338,"html":"<blockquote class=\"wp-embedded-content\" data-secret=\"27Islrh60X\"><a href=\"https:\/\/lackman.com.br\/index.php\/2025\/12\/06\/o-iluminado-retorna-as-telas-45-anos-depois\/\">&#8220;O Iluminado&#8221; retorna \u00e0s telas 45 anos depois<\/a><\/blockquote><iframe sandbox=\"allow-scripts\" security=\"restricted\" src=\"https:\/\/lackman.com.br\/index.php\/2025\/12\/06\/o-iluminado-retorna-as-telas-45-anos-depois\/embed\/#?secret=27Islrh60X\" width=\"600\" height=\"338\" title=\"&#8220;&#8220;O Iluminado&#8221; retorna \u00e0s telas 45 anos depois&#8221; &#8212; LACKMAN &amp; CO.\" data-secret=\"27Islrh60X\" frameborder=\"0\" marginwidth=\"0\" marginheight=\"0\" scrolling=\"no\" class=\"wp-embedded-content\"><\/iframe><script>\n\/*! This file is auto-generated *\/\n!function(d,l){\"use strict\";l.querySelector&&d.addEventListener&&\"undefined\"!=typeof URL&&(d.wp=d.wp||{},d.wp.receiveEmbedMessage||(d.wp.receiveEmbedMessage=function(e){var t=e.data;if((t||t.secret||t.message||t.value)&&!\/[^a-zA-Z0-9]\/.test(t.secret)){for(var s,r,n,a=l.querySelectorAll('iframe[data-secret=\"'+t.secret+'\"]'),o=l.querySelectorAll('blockquote[data-secret=\"'+t.secret+'\"]'),c=new RegExp(\"^https?:$\",\"i\"),i=0;i<o.length;i++)o[i].style.display=\"none\";for(i=0;i<a.length;i++)s=a[i],e.source===s.contentWindow&&(s.removeAttribute(\"style\"),\"height\"===t.message?(1e3<(r=parseInt(t.value,10))?r=1e3:~~r<200&&(r=200),s.height=r):\"link\"===t.message&&(r=new URL(s.getAttribute(\"src\")),n=new URL(t.value),c.test(n.protocol))&&n.host===r.host&&l.activeElement===s&&(d.top.location.href=t.value))}},d.addEventListener(\"message\",d.wp.receiveEmbedMessage,!1),l.addEventListener(\"DOMContentLoaded\",function(){for(var e,t,s=l.querySelectorAll(\"iframe.wp-embedded-content\"),r=0;r<s.length;r++)(t=(e=s[r]).getAttribute(\"data-secret\"))||(t=Math.random().toString(36).substring(2,12),e.src+=\"#?secret=\"+t,e.setAttribute(\"data-secret\",t)),e.contentWindow.postMessage({message:\"ready\",secret:t},\"*\")},!1)))}(window,document);\n\/\/# sourceURL=https:\/\/lackman.com.br\/wp-includes\/js\/wp-embed.min.js\n<\/script>\n","thumbnail_url":"http:\/\/lackman.com.br\/wp-content\/uploads\/2025\/12\/3942969_3b35bb5882b15bd.jpg","thumbnail_width":700,"thumbnail_height":394,"description":"Cl\u00e1ssico de Stanley Kubrick retornar\u00e1 aos cinemas entre os dias 11 e 17 de dezembro em comemora\u00e7\u00e3o ao seu legado. Os amantes do terror j\u00e1 podem anotar na agenda: a\u00a0Warner Bros. Pictures\u00a0trar\u00e1\u00a0O Iluminado de volta \u00e0s telonas brasileiras ap\u00f3s 45 anos do seu lan\u00e7amento e os ingressos j\u00e1 est\u00e3o sendo vendidos em esquema de pr\u00e9-venda. Dirigido por Stanley Kubrick, o longa ser\u00e1 reexibido entre os dias 11 e 17 de dezembro, dispon\u00edvel em sess\u00f5es IMAX e regulares. \u00a0 A hist\u00f3ria leva o p\u00fablico para o cora\u00e7\u00e3o do inverno do Colorado, quando o isolamento de uma fam\u00edlia em um hotel d\u00e1 in\u00edcio a uma s\u00e9rie de horrores que percorrem a linha entre o real e o sobrenatural. Estrelado por\u00a0Jack Nicholson,\u00a0Shelley Duvall\u00a0e\u00a0Danny Lloyd,\u00a0O Iluminado\u00a0adapta a obra hom\u00f4nima de Stephen King e se consolidou como um dos grandes cl\u00e1ssicos do cinema.\u00a0 Para mais informa\u00e7\u00f5es sobre ingressos e sess\u00f5es, consulte a programa\u00e7\u00e3o da rede de cinema mais pr\u00f3xima e j\u00e1 aproveita para seguir o @wbpictures_br. Para aqueles que n\u00e3o aguentam esperar, a Coluna #PERAMBULANDO traz o trailer original desse grande cl\u00e1ssico, clique aqui e boa divers\u00e3o! Fotos: Divulga\u00e7\u00e3o"}

"O Iluminado" retorna às telas 45 anos depois - LACKMAN &amp; CO.

<blockquote class="wp-embedded-content" data-secret="27Islrh60X"><a href="https://lackman.com.br/index.php/2025/12/06/o-iluminado-retorna-as-telas-45-anos-depois/">&#8220;O Iluminado&#8221; retorna às telas 45 anos depois</a></blockquote><iframe sandbox="allow-scripts" security="restricted" src="https://lackman.com.br/index.php/2025/12/06/o-iluminado-retorna-as-telas-45-anos-depois/embed/#?secret=27Islrh60X" width="600" height="338" title="&#8220;&#8220;O Iluminado&#8221; retorna às telas 45 anos depois&#8221; &#8212; LACKMAN &amp; CO." data-secret="27Islrh60X" frameborder="0" marginwidth="0" marginheight="0" scrolling="no" class="wp-embedded-content"></iframe><script>
/*! This file is auto-generated */
!function(d,l){"use strict";l.querySelector&&d.addEventListener&&"undefined"!=typeof URL&&(d.wp=d.wp||{},d.wp.receiveEmbedMessage||(d.wp.receiveEmbedMessage=function(e){var t=e.data;if((t||t.secret||t.message||t.value)&&!/[^a-zA-Z0-9]/.test(t.secret)){for(var s,r,n,a=l.querySelectorAll('iframe[data-secret="'+t.secret+'"]'),o=l.querySelectorAll('blockquote[data-secret="'+t.secret+'"]'),c=new RegExp("^https?:$","i"),i=0;i<o.length;i++)o[i].style.display="none";for(i=0;i<a.length;i++)s=a[i],e.source===s.contentWindow&&(s.removeAttribute("style"),"height"===t.message?(1e3<(r=parseInt(t.value,10))?r=1e3:~~r<200&&(r=200),s.height=r):"link"===t.message&&(r=new URL(s.getAttribute("src")),n=new URL(t.value),c.test(n.protocol))&&n.host===r.host&&l.activeElement===s&&(d.top.location.href=t.value))}},d.addEventListener("message",d.wp.receiveEmbedMessage,!1),l.addEventListener("DOMContentLoaded",function(){for(var e,t,s=l.querySelectorAll("iframe.wp-embedded-content"),r=0;r<s.length;r++)(t=(e=s[r]).getAttribute("data-secret"))||(t=Math.random().toString(36).substring(2,12),e.src+="#?secret="+t,e.setAttribute("data-secret",t)),e.contentWindow.postMessage({message:"ready",secret:t},"*")},!1)))}(window,document);
//# sourceURL=https://lackman.com.br/wp-includes/js/wp-embed.min.js
</script>

Clássico de Stanley Kubrick retornará aos cinemas entre os dias 11 e 17 de dezembro em comemoração ao seu legado. Os amantes do terror já podem anotar na agenda: a Warner Bros. Pictures trará O Iluminado de volta às telonas brasileiras após 45 anos do seu lançamento e os ingressos já estão sendo vendidos em esquema de pré-venda. Dirigido por Stanley Kubrick, o longa será reexibido entre os dias 11 e 17 de dezembro, disponível em sessões IMAX e regulares.   A história leva o público para o coração do inverno do Colorado, quando o isolamento de uma família em um hotel dá início a uma série de horrores que percorrem a linha entre o real e o sobrenatural. Estrelado por Jack Nicholson, Shelley Duvall e Danny Lloyd, O Iluminado adapta a obra homônima de Stephen King e se consolidou como um dos grandes clássicos do cinema.  Para mais informações sobre ingressos e sessões, consulte a programação da rede de cinema mais próxima e já aproveita para seguir o @wbpictures_br. Para aqueles que não aguentam esperar, a Coluna #PERAMBULANDO traz o trailer original desse grande clássico, clique aqui e boa diversão! Fotos: Divulgação
