{"version":"1.0","provider_name":"LACKMAN &amp; CO.","provider_url":"https:\/\/lackman.com.br","author_name":"Gilberto Evangelista - Colunista","author_url":"https:\/\/lackman.com.br\/index.php\/author\/gilberto-brito\/","title":"Imperd\u00edvel: Raul Seixas Sinf\u00f4nico! - LACKMAN &amp; CO.","type":"rich","width":600,"height":338,"html":"<blockquote class=\"wp-embedded-content\" data-secret=\"ObvOrvKxxC\"><a href=\"https:\/\/lackman.com.br\/index.php\/2025\/10\/17\/raul-seixas-sinfonico-em-brasilia\/\">Imperd\u00edvel: Raul Seixas Sinf\u00f4nico!<\/a><\/blockquote><iframe sandbox=\"allow-scripts\" security=\"restricted\" src=\"https:\/\/lackman.com.br\/index.php\/2025\/10\/17\/raul-seixas-sinfonico-em-brasilia\/embed\/#?secret=ObvOrvKxxC\" width=\"600\" height=\"338\" title=\"&#8220;Imperd\u00edvel: Raul Seixas Sinf\u00f4nico!&#8221; &#8212; LACKMAN &amp; CO.\" data-secret=\"ObvOrvKxxC\" frameborder=\"0\" marginwidth=\"0\" marginheight=\"0\" scrolling=\"no\" class=\"wp-embedded-content\"><\/iframe><script>\n\/*! This file is auto-generated *\/\n!function(d,l){\"use strict\";l.querySelector&&d.addEventListener&&\"undefined\"!=typeof URL&&(d.wp=d.wp||{},d.wp.receiveEmbedMessage||(d.wp.receiveEmbedMessage=function(e){var t=e.data;if((t||t.secret||t.message||t.value)&&!\/[^a-zA-Z0-9]\/.test(t.secret)){for(var s,r,n,a=l.querySelectorAll('iframe[data-secret=\"'+t.secret+'\"]'),o=l.querySelectorAll('blockquote[data-secret=\"'+t.secret+'\"]'),c=new RegExp(\"^https?:$\",\"i\"),i=0;i<o.length;i++)o[i].style.display=\"none\";for(i=0;i<a.length;i++)s=a[i],e.source===s.contentWindow&&(s.removeAttribute(\"style\"),\"height\"===t.message?(1e3<(r=parseInt(t.value,10))?r=1e3:~~r<200&&(r=200),s.height=r):\"link\"===t.message&&(r=new URL(s.getAttribute(\"src\")),n=new URL(t.value),c.test(n.protocol))&&n.host===r.host&&l.activeElement===s&&(d.top.location.href=t.value))}},d.addEventListener(\"message\",d.wp.receiveEmbedMessage,!1),l.addEventListener(\"DOMContentLoaded\",function(){for(var e,t,s=l.querySelectorAll(\"iframe.wp-embedded-content\"),r=0;r<s.length;r++)(t=(e=s[r]).getAttribute(\"data-secret\"))||(t=Math.random().toString(36).substring(2,12),e.src+=\"#?secret=\"+t,e.setAttribute(\"data-secret\",t)),e.contentWindow.postMessage({message:\"ready\",secret:t},\"*\")},!1)))}(window,document);\n\/\/# sourceURL=https:\/\/lackman.com.br\/wp-includes\/js\/wp-embed.min.js\n<\/script>\n","thumbnail_url":"http:\/\/lackman.com.br\/wp-content\/uploads\/2025\/10\/IMG_2842.jpg","thumbnail_width":1600,"thumbnail_height":1067,"description":"Espet\u00e1culo re\u00fane a Orquestra Filarm\u00f4nica de Bras\u00edlia e o ator Bruce Gomlevsky em uma\u00a0homenagem grandiosa ao legado de Raulzito. O Minist\u00e9rio da Cultura apresenta o espet\u00e1culo Raul Seixas Sinf\u00f4nico, em apresenta\u00e7\u00e3o \u00fanica nesta sexta-feira (17), no Centro de Conven\u00e7\u00f5es Ulysses. A apresenta\u00e7\u00e3o integra o projeto Bras\u00edlia em Concertos e celebra a genialidade de Raul Seixas, que em 2025 completaria 80 anos. Com patroc\u00ednio da Brasal por meio da Lei de Incentivo \u00e0 Cultura, os ingressos ainda est\u00e3o dispon\u00edveis, a partir de R$ 100 pela Bilheteria Digital. A noite promete ser inesquec\u00edvel: a Orquestra Filarm\u00f4nica de Bras\u00edlia se une \u00e0 irrever\u00eancia e \u00e0 for\u00e7a po\u00e9tica da obra de Raulzito em um concerto que transforma o rock em experi\u00eancia sinf\u00f4nica. Com arranjos in\u00e9ditos, o espet\u00e1culo conduz o p\u00fablico a uma viagem sonora e emocional por sucessos que atravessam gera\u00e7\u00f5es. A apresenta\u00e7\u00e3o ter\u00e1 participa\u00e7\u00e3o especial do ator Bruce Gomlevsky (acima), que tem emocionado plateias de todo o Brasil ao incorporar Raul em uma performance intensa e visceral no espet\u00e1culo RAUL. Com dire\u00e7\u00e3o e dramaturgia de Leonardo da Selva e dire\u00e7\u00e3o musical de Gabriel Gabriel, o concerto mergulha na ess\u00eancia criativa de Raul, inspirado em manuscritos originais que revelam suas reflex\u00f5es sobre m\u00fasica, liberdade, amor e o Brasil. \u201cDirigir o Raul Seixas Sinf\u00f4nico \u00e9 um grande desafio e tamb\u00e9m uma imensa alegria. Raul foi um artista \u00e0 frente do seu tempo, um criador que unia m\u00fasica, pensamento e poesia de forma \u00fanica. Trazer sua obra para o formato sinf\u00f4nico, no ano em que ele completaria 80 anos, \u00e9 n\u00e3o s\u00f3 a realiza\u00e7\u00e3o de um sonho, mas tamb\u00e9m um gesto de reconhecimento da import\u00e2ncia cultural que ele tem para o Brasil. Esse espet\u00e1culo celebra um legado que continua vivo e inspirando novas gera\u00e7\u00f5es\u201d, afirma Leonardo da Selva. Justa homenagem! Raul Sinf\u00f4nico \/ Centro de Conven\u00e7\u00f5es Ulysses \/ 17 de outubro (sexta-feira) &#8211; 20h30 \/ R$ 100 &#8211; Bilheteria Digital \/ Informa\u00e7\u00f5es (61)98141-1990 Fotos: Divulga\u00e7\u00e3o"}

Imperdível: Raul Seixas Sinfônico! - LACKMAN &amp; CO.

<blockquote class="wp-embedded-content" data-secret="ObvOrvKxxC"><a href="https://lackman.com.br/index.php/2025/10/17/raul-seixas-sinfonico-em-brasilia/">Imperdível: Raul Seixas Sinfônico!</a></blockquote><iframe sandbox="allow-scripts" security="restricted" src="https://lackman.com.br/index.php/2025/10/17/raul-seixas-sinfonico-em-brasilia/embed/#?secret=ObvOrvKxxC" width="600" height="338" title="&#8220;Imperdível: Raul Seixas Sinfônico!&#8221; &#8212; LACKMAN &amp; CO." data-secret="ObvOrvKxxC" frameborder="0" marginwidth="0" marginheight="0" scrolling="no" class="wp-embedded-content"></iframe><script>
/*! This file is auto-generated */
!function(d,l){"use strict";l.querySelector&&d.addEventListener&&"undefined"!=typeof URL&&(d.wp=d.wp||{},d.wp.receiveEmbedMessage||(d.wp.receiveEmbedMessage=function(e){var t=e.data;if((t||t.secret||t.message||t.value)&&!/[^a-zA-Z0-9]/.test(t.secret)){for(var s,r,n,a=l.querySelectorAll('iframe[data-secret="'+t.secret+'"]'),o=l.querySelectorAll('blockquote[data-secret="'+t.secret+'"]'),c=new RegExp("^https?:$","i"),i=0;i<o.length;i++)o[i].style.display="none";for(i=0;i<a.length;i++)s=a[i],e.source===s.contentWindow&&(s.removeAttribute("style"),"height"===t.message?(1e3<(r=parseInt(t.value,10))?r=1e3:~~r<200&&(r=200),s.height=r):"link"===t.message&&(r=new URL(s.getAttribute("src")),n=new URL(t.value),c.test(n.protocol))&&n.host===r.host&&l.activeElement===s&&(d.top.location.href=t.value))}},d.addEventListener("message",d.wp.receiveEmbedMessage,!1),l.addEventListener("DOMContentLoaded",function(){for(var e,t,s=l.querySelectorAll("iframe.wp-embedded-content"),r=0;r<s.length;r++)(t=(e=s[r]).getAttribute("data-secret"))||(t=Math.random().toString(36).substring(2,12),e.src+="#?secret="+t,e.setAttribute("data-secret",t)),e.contentWindow.postMessage({message:"ready",secret:t},"*")},!1)))}(window,document);
//# sourceURL=https://lackman.com.br/wp-includes/js/wp-embed.min.js
</script>

Espetáculo reúne a Orquestra Filarmônica de Brasília e o ator Bruce Gomlevsky em uma homenagem grandiosa ao legado de Raulzito. O Ministério da Cultura apresenta o espetáculo Raul Seixas Sinfônico, em apresentação única nesta sexta-feira (17), no Centro de Convenções Ulysses. A apresentação integra o projeto Brasília em Concertos e celebra a genialidade de Raul Seixas, que em 2025 completaria 80 anos. Com patrocínio da Brasal por meio da Lei de Incentivo à Cultura, os ingressos ainda estão disponíveis, a partir de R$ 100 pela Bilheteria Digital. A noite promete ser inesquecível: a Orquestra Filarmônica de Brasília se une à irreverência e à força poética da obra de Raulzito em um concerto que transforma o rock em experiência sinfônica. Com arranjos inéditos, o espetáculo conduz o público a uma viagem sonora e emocional por sucessos que atravessam gerações. A apresentação terá participação especial do ator Bruce Gomlevsky (acima), que tem emocionado plateias de todo o Brasil ao incorporar Raul em uma performance intensa e visceral no espetáculo RAUL. Com direção e dramaturgia de Leonardo da Selva e direção musical de Gabriel Gabriel, o concerto mergulha na essência criativa de Raul, inspirado em manuscritos originais que revelam suas reflexões sobre música, liberdade, amor e o Brasil. “Dirigir o Raul Seixas Sinfônico é um grande desafio e também uma imensa alegria. Raul foi um artista à frente do seu tempo, um criador que unia música, pensamento e poesia de forma única. Trazer sua obra para o formato sinfônico, no ano em que ele completaria 80 anos, é não só a realização de um sonho, mas também um gesto de reconhecimento da importância cultural que ele tem para o Brasil. Esse espetáculo celebra um legado que continua vivo e inspirando novas gerações”, afirma Leonardo da Selva. Justa homenagem! Raul Sinfônico / Centro de Convenções Ulysses / 17 de outubro (sexta-feira) &#8211; 20h30 / R$ 100 &#8211; Bilheteria Digital / Informações (61)98141-1990 Fotos: Divulgação
