{"version":"1.0","provider_name":"LACKMAN &amp; CO.","provider_url":"https:\/\/lackman.com.br","author_name":"Gilberto Evangelista - Colunista","author_url":"https:\/\/lackman.com.br\/index.php\/author\/gilberto-brito\/","title":"Maneco chega ao Man\u00e9 Mercado Plano Piloto - LACKMAN &amp; CO.","type":"rich","width":600,"height":338,"html":"<blockquote class=\"wp-embedded-content\" data-secret=\"gJeUUtqCdZ\"><a href=\"https:\/\/lackman.com.br\/index.php\/2025\/10\/15\/maneco-chega-ao-mane-mercado-plano-piloto\/\">Maneco chega ao Man\u00e9 Mercado Plano Piloto<\/a><\/blockquote><iframe sandbox=\"allow-scripts\" security=\"restricted\" src=\"https:\/\/lackman.com.br\/index.php\/2025\/10\/15\/maneco-chega-ao-mane-mercado-plano-piloto\/embed\/#?secret=gJeUUtqCdZ\" width=\"600\" height=\"338\" title=\"&#8220;Maneco chega ao Man\u00e9 Mercado Plano Piloto&#8221; &#8212; LACKMAN &amp; CO.\" data-secret=\"gJeUUtqCdZ\" frameborder=\"0\" marginwidth=\"0\" marginheight=\"0\" scrolling=\"no\" class=\"wp-embedded-content\"><\/iframe><script>\n\/*! This file is auto-generated *\/\n!function(d,l){\"use strict\";l.querySelector&&d.addEventListener&&\"undefined\"!=typeof URL&&(d.wp=d.wp||{},d.wp.receiveEmbedMessage||(d.wp.receiveEmbedMessage=function(e){var t=e.data;if((t||t.secret||t.message||t.value)&&!\/[^a-zA-Z0-9]\/.test(t.secret)){for(var s,r,n,a=l.querySelectorAll('iframe[data-secret=\"'+t.secret+'\"]'),o=l.querySelectorAll('blockquote[data-secret=\"'+t.secret+'\"]'),c=new RegExp(\"^https?:$\",\"i\"),i=0;i<o.length;i++)o[i].style.display=\"none\";for(i=0;i<a.length;i++)s=a[i],e.source===s.contentWindow&&(s.removeAttribute(\"style\"),\"height\"===t.message?(1e3<(r=parseInt(t.value,10))?r=1e3:~~r<200&&(r=200),s.height=r):\"link\"===t.message&&(r=new URL(s.getAttribute(\"src\")),n=new URL(t.value),c.test(n.protocol))&&n.host===r.host&&l.activeElement===s&&(d.top.location.href=t.value))}},d.addEventListener(\"message\",d.wp.receiveEmbedMessage,!1),l.addEventListener(\"DOMContentLoaded\",function(){for(var e,t,s=l.querySelectorAll(\"iframe.wp-embedded-content\"),r=0;r<s.length;r++)(t=(e=s[r]).getAttribute(\"data-secret\"))||(t=Math.random().toString(36).substring(2,12),e.src+=\"#?secret=\"+t,e.setAttribute(\"data-secret\",t)),e.contentWindow.postMessage({message:\"ready\",secret:t},\"*\")},!1)))}(window,document);\n\/\/# sourceURL=https:\/\/lackman.com.br\/wp-includes\/js\/wp-embed.min.js\n<\/script>\n","thumbnail_url":"http:\/\/lackman.com.br\/wp-content\/uploads\/2025\/10\/01.10.ColetivaManeco@fercoutinhoshakeitbsb_031-683x1024.jpg","thumbnail_width":683,"thumbnail_height":1024,"description":"Se voc\u00ea ainda n\u00e3o conheceu o Maneco do Man\u00e9 Mercado \u00c1guas Claras, j\u00e1 vai se atualizando: o boteco, que j\u00e1 caiu nas gra\u00e7as do p\u00fablico, acaba de abrir mais uma unidade e dessa vez, na matriz, ou seja, no cora\u00e7\u00e3o da cidade. O novo Maneco desembarcou no Man\u00e9 Mercado Bras\u00edlia que fica ali no Eixo Monumental. Este colunista arrisca o palpite de que o bar promete repetir o sucesso da primeira casa com aquele jeitinho bom de boteco raiz. O espa\u00e7o abre as portas com tudo: chopp na tulipa, cerveja 600ml bem gelada, drinks autorais e o card\u00e1pio irresist\u00edvel de petiscos criado pelas 14 opera\u00e7\u00f5es gastron\u00f4micas do complexo. \u00c9 o ponto certo pra reunir os amigos, assistir aos jogos e deixar o papo render sem pressa.\u00a0E tem mais: de segunda a sexta, o happy hour come\u00e7a \u00e0s 15h e vai at\u00e9 as 20h, com chopp Amstel por R$ 6,90, longneck Amstel a R$ 7,90 e o drink queridinho da casa, o Caju do Man\u00e9, por R$ 18,90. Como resume o gerente operacional Gabriel Bereohff: \u201cO Maneco chega pra ser aquele boteco de verdade \u2014 cerveja gelada, resenha boa e o esp\u00edrito leve do Man\u00e9\u201d. E a\u00ed, vambora? Maneco &#8211; Man\u00e9 Mercado Bras\u00edlia\/ Man\u00e9 Mercado &#8211; Eixo Monumental &#8211; Arena BRB Man\u00e9 Garrincha \/\u00a0segunda a quinta &#8211; 15h \u00e0s 00h; sexta e s\u00e1bado &#8211; 11h \u00e0s 01h; domingo &#8211; 11h \u00e0s 23h \/ Happy Hour: segunda a sexta-feira &#8211; 15h \u00e0s 20h \/ Siga\u00a0@manebrasilia &nbsp; Fotos: Divulga\u00e7\u00e3o"}

Maneco chega ao Mané Mercado Plano Piloto - LACKMAN &amp; CO.

<blockquote class="wp-embedded-content" data-secret="gJeUUtqCdZ"><a href="https://lackman.com.br/index.php/2025/10/15/maneco-chega-ao-mane-mercado-plano-piloto/">Maneco chega ao Mané Mercado Plano Piloto</a></blockquote><iframe sandbox="allow-scripts" security="restricted" src="https://lackman.com.br/index.php/2025/10/15/maneco-chega-ao-mane-mercado-plano-piloto/embed/#?secret=gJeUUtqCdZ" width="600" height="338" title="&#8220;Maneco chega ao Mané Mercado Plano Piloto&#8221; &#8212; LACKMAN &amp; CO." data-secret="gJeUUtqCdZ" frameborder="0" marginwidth="0" marginheight="0" scrolling="no" class="wp-embedded-content"></iframe><script>
/*! This file is auto-generated */
!function(d,l){"use strict";l.querySelector&&d.addEventListener&&"undefined"!=typeof URL&&(d.wp=d.wp||{},d.wp.receiveEmbedMessage||(d.wp.receiveEmbedMessage=function(e){var t=e.data;if((t||t.secret||t.message||t.value)&&!/[^a-zA-Z0-9]/.test(t.secret)){for(var s,r,n,a=l.querySelectorAll('iframe[data-secret="'+t.secret+'"]'),o=l.querySelectorAll('blockquote[data-secret="'+t.secret+'"]'),c=new RegExp("^https?:$","i"),i=0;i<o.length;i++)o[i].style.display="none";for(i=0;i<a.length;i++)s=a[i],e.source===s.contentWindow&&(s.removeAttribute("style"),"height"===t.message?(1e3<(r=parseInt(t.value,10))?r=1e3:~~r<200&&(r=200),s.height=r):"link"===t.message&&(r=new URL(s.getAttribute("src")),n=new URL(t.value),c.test(n.protocol))&&n.host===r.host&&l.activeElement===s&&(d.top.location.href=t.value))}},d.addEventListener("message",d.wp.receiveEmbedMessage,!1),l.addEventListener("DOMContentLoaded",function(){for(var e,t,s=l.querySelectorAll("iframe.wp-embedded-content"),r=0;r<s.length;r++)(t=(e=s[r]).getAttribute("data-secret"))||(t=Math.random().toString(36).substring(2,12),e.src+="#?secret="+t,e.setAttribute("data-secret",t)),e.contentWindow.postMessage({message:"ready",secret:t},"*")},!1)))}(window,document);
//# sourceURL=https://lackman.com.br/wp-includes/js/wp-embed.min.js
</script>

Se você ainda não conheceu o Maneco do Mané Mercado Águas Claras, já vai se atualizando: o boteco, que já caiu nas graças do público, acaba de abrir mais uma unidade e dessa vez, na matriz, ou seja, no coração da cidade. O novo Maneco desembarcou no Mané Mercado Brasília que fica ali no Eixo Monumental. Este colunista arrisca o palpite de que o bar promete repetir o sucesso da primeira casa com aquele jeitinho bom de boteco raiz. O espaço abre as portas com tudo: chopp na tulipa, cerveja 600ml bem gelada, drinks autorais e o cardápio irresistível de petiscos criado pelas 14 operações gastronômicas do complexo. É o ponto certo pra reunir os amigos, assistir aos jogos e deixar o papo render sem pressa. E tem mais: de segunda a sexta, o happy hour começa às 15h e vai até as 20h, com chopp Amstel por R$ 6,90, longneck Amstel a R$ 7,90 e o drink queridinho da casa, o Caju do Mané, por R$ 18,90. Como resume o gerente operacional Gabriel Bereohff: “O Maneco chega pra ser aquele boteco de verdade — cerveja gelada, resenha boa e o espírito leve do Mané”. E aí, vambora? Maneco &#8211; Mané Mercado Brasília/ Mané Mercado &#8211; Eixo Monumental &#8211; Arena BRB Mané Garrincha / segunda a quinta &#8211; 15h às 00h; sexta e sábado &#8211; 11h às 01h; domingo &#8211; 11h às 23h / Happy Hour: segunda a sexta-feira &#8211; 15h às 20h / Siga @manebrasilia &nbsp; Fotos: Divulgação
