{"version":"1.0","provider_name":"LACKMAN &amp; CO.","provider_url":"https:\/\/lackman.com.br","author_name":"Gilberto Evangelista - Colunista","author_url":"https:\/\/lackman.com.br\/index.php\/author\/gilberto-brito\/","title":"Primavia inaugura concession\u00e1ria OMODA &amp; JAECOO - LACKMAN &amp; CO.","type":"rich","width":600,"height":338,"html":"<blockquote class=\"wp-embedded-content\" data-secret=\"Yc2YWE6cLm\"><a href=\"https:\/\/lackman.com.br\/index.php\/2025\/04\/26\/primavia-inaugura-concessionaria-omoda-jaecoo\/\">Primavia inaugura concession\u00e1ria OMODA &amp; JAECOO<\/a><\/blockquote><iframe sandbox=\"allow-scripts\" security=\"restricted\" src=\"https:\/\/lackman.com.br\/index.php\/2025\/04\/26\/primavia-inaugura-concessionaria-omoda-jaecoo\/embed\/#?secret=Yc2YWE6cLm\" width=\"600\" height=\"338\" title=\"&#8220;Primavia inaugura concession\u00e1ria OMODA &amp; JAECOO&#8221; &#8212; LACKMAN &amp; CO.\" data-secret=\"Yc2YWE6cLm\" frameborder=\"0\" marginwidth=\"0\" marginheight=\"0\" scrolling=\"no\" class=\"wp-embedded-content\"><\/iframe><script>\n\/*! This file is auto-generated *\/\n!function(d,l){\"use strict\";l.querySelector&&d.addEventListener&&\"undefined\"!=typeof URL&&(d.wp=d.wp||{},d.wp.receiveEmbedMessage||(d.wp.receiveEmbedMessage=function(e){var t=e.data;if((t||t.secret||t.message||t.value)&&!\/[^a-zA-Z0-9]\/.test(t.secret)){for(var s,r,n,a=l.querySelectorAll('iframe[data-secret=\"'+t.secret+'\"]'),o=l.querySelectorAll('blockquote[data-secret=\"'+t.secret+'\"]'),c=new RegExp(\"^https?:$\",\"i\"),i=0;i<o.length;i++)o[i].style.display=\"none\";for(i=0;i<a.length;i++)s=a[i],e.source===s.contentWindow&&(s.removeAttribute(\"style\"),\"height\"===t.message?(1e3<(r=parseInt(t.value,10))?r=1e3:~~r<200&&(r=200),s.height=r):\"link\"===t.message&&(r=new URL(s.getAttribute(\"src\")),n=new URL(t.value),c.test(n.protocol))&&n.host===r.host&&l.activeElement===s&&(d.top.location.href=t.value))}},d.addEventListener(\"message\",d.wp.receiveEmbedMessage,!1),l.addEventListener(\"DOMContentLoaded\",function(){for(var e,t,s=l.querySelectorAll(\"iframe.wp-embedded-content\"),r=0;r<s.length;r++)(t=(e=s[r]).getAttribute(\"data-secret\"))||(t=Math.random().toString(36).substring(2,12),e.src+=\"#?secret=\"+t,e.setAttribute(\"data-secret\",t)),e.contentWindow.postMessage({message:\"ready\",secret:t},\"*\")},!1)))}(window,document);\n\/\/# sourceURL=https:\/\/lackman.com.br\/wp-includes\/js\/wp-embed.min.js\n<\/script>\n","thumbnail_url":"http:\/\/lackman.com.br\/wp-content\/uploads\/2025\/04\/WhatsApp-Image-2025-04-15-at-09.08.46.jpeg","thumbnail_width":1600,"thumbnail_height":900,"description":"Com evento para convidados, evento tem como destaque os SUVs Omoda E5 el\u00e9trico (EV) e o Jaecoo 7 SHS\u00a0 &nbsp; O Grupo Primavia inaugurou a sua mais nova concession\u00e1ria: OMODA &amp; JAECOO. A revendedora exclusiva no Distrito Federal foi apresentada para convidados simultaneamente ao lan\u00e7amento nacional das marcas do Grupo Chery.\u00a0 Localizada pr\u00f3xima ao Aeroporto Internacional Juscelino Kubistchek e oferecendo experi\u00eancia em produtos e servi\u00e7os, com uma estrutura de primeira linha para Bras\u00edlia &#8211; \u00a0DNA do Grupo Primavia -, a concession\u00e1ria oferece modelos da marca que se destacam globalmente por combinar design inovador, tecnologia avan\u00e7ada e desempenho. O presidente do Grupo Primavia, Jos\u00e9 Carlos Dourado, afirma que as condi\u00e7\u00f5es ofertadas na capital para o setor de ve\u00edculos el\u00e9tricos, produzem um cen\u00e1rio otimista para vendas. Segundo ele, a infraestrutura e as condi\u00e7\u00f5es do Distrito Federal para esses autom\u00f3veis motivou o Grupo a apostar ainda mais na regi\u00e3o. \u201cA isen\u00e7\u00e3o do IPVA colabora para Bras\u00edlia ser a capital dos ve\u00edculos eletrificados. \u00c9 um investimento que traz retorno de m\u00e9dio e longo prazo. Mas, com a infraestrutura que Bras\u00edlia possui, tantos pontos de recarga em \u00f3rg\u00e3os p\u00fablicos e a facilidade dentro de novos bairros j\u00e1 nascerem com potencial de eletrifica\u00e7\u00e3o, a gente acredita que esse conjunto faz com que Bras\u00edlia se destaque nesse cen\u00e1rio nacional\u201d, observou o CEO. O GDF incentiva o uso de ve\u00edculos el\u00e9tricos e h\u00edbridos, oferecendo isen\u00e7\u00e3o de IPVA para os propriet\u00e1rios desses autom\u00f3veis, al\u00e9m de j\u00e1 disponibilizar 130 pontos de recarga (eletropostos) em pontos estrat\u00e9gicos da capital. O governo tamb\u00e9m firmou acordo com a Neoenergia para a instala\u00e7\u00e3o de um posto de abastecimento de Hidrog\u00eanio Verde em Bras\u00edlia, ampliando as op\u00e7\u00f5es de solu\u00e7\u00f5es sustent\u00e1veis. \u201cNos \u00faltimos tempos, o DF tem se mostrado um terreno f\u00e9rtil para esses avan\u00e7os, com incentivos \u00e0 eletrifica\u00e7\u00e3o, com mais de 130 eletropostos em funcionamento e pol\u00edticas p\u00fablicas voltadas \u00e0 mobilidade el\u00e9trica. Temos muito orgulho em poder contribuir para esse movimento e estamos prontos para oferecer solu\u00e7\u00f5es que acompanham as transforma\u00e7\u00f5es do setor automotivo\u201d, conclui Jos\u00e9 Carlos Dourado. Os primeiros dois modelos que chegaram ao Brasil s\u00e3o o Omoda E5 el\u00e9trico (EV) e o Jaecoo 7 SHS. Como desempenho mundial, a companhia apresenta um dos crescimentos mais robustos, com vendas de 28.556 unidades em mar\u00e7o de 2025 e acumulado de mais de 490 mil unidades, sendo cerca de 250 mil s\u00f3 no ano passado. O objetivo \u00e9 comercializar 1,4 milh\u00e3o de ve\u00edculos em mercados externos \u00e0 China, at\u00e9 2030. Na Europa, os carros j\u00e1 s\u00e3o sucesso em pa\u00edses como Reino Unido, Espanha, Pol\u00f4nia e It\u00e1lia. A companhia tamb\u00e9m est\u00e1 presente na Turquia, R\u00fassia, Austr\u00e1lia, \u00c1frica do Sul, Indon\u00e9sia, Mal\u00e1sia, Kuwait, M\u00e9xico e Qatar. E agora, chegou a hora de desbravar a Am\u00e9rica do Sul. \u201cA chegada da OMODA &amp; JAECOO marca uma nova era da companhia globalmente. O Brasil \u00e9 um dos nossos principais destinos do territ\u00f3rio Latino-Americano. Com o lan\u00e7amento de dois modelos tecnologicamente avan\u00e7ados, iniciamos, assim, a evolu\u00e7\u00e3o da revolu\u00e7\u00e3o no segmento de ve\u00edculos movidos a nova energia. Aqui, buscamos transformar a experi\u00eancia dos consumidores brasileiros para uma nova era tecnol\u00f3gica, com sustentabilidade, seguran\u00e7a m\u00e1xima e conforto\u201d, declara Shawn Xu, vice-presidente executivo da OMODA &amp; JAECOO. O Brasil \u00e9 o 43\u00ba mercado da companhia, que estreia por aqui com dois modelos: Omoda E5 el\u00e9trico (EV) e Jaecoo 7 SHS. Ambos j\u00e1 est\u00e3o \u00e0 venda em 50 lojas personalizadas sob a bandeira da marca, localizadas em 17 estados. A OMODA &amp; JAECOO n\u00e3o vai parar por a\u00ed: a empresa j\u00e1 planeja a vinda de outros modelos para o pa\u00eds e, em breve, ter\u00e1 uma f\u00e1brica no Brasil. Enquanto isso, confira algumas pessoas que passaram pela evento de inaugura\u00e7\u00e3o: Fotos: Divulga\u00e7\u00e3o"}

Primavia inaugura concessionária OMODA &amp; JAECOO - LACKMAN &amp; CO.

<blockquote class="wp-embedded-content" data-secret="Yc2YWE6cLm"><a href="https://lackman.com.br/index.php/2025/04/26/primavia-inaugura-concessionaria-omoda-jaecoo/">Primavia inaugura concessionária OMODA &amp; JAECOO</a></blockquote><iframe sandbox="allow-scripts" security="restricted" src="https://lackman.com.br/index.php/2025/04/26/primavia-inaugura-concessionaria-omoda-jaecoo/embed/#?secret=Yc2YWE6cLm" width="600" height="338" title="&#8220;Primavia inaugura concessionária OMODA &amp; JAECOO&#8221; &#8212; LACKMAN &amp; CO." data-secret="Yc2YWE6cLm" frameborder="0" marginwidth="0" marginheight="0" scrolling="no" class="wp-embedded-content"></iframe><script>
/*! This file is auto-generated */
!function(d,l){"use strict";l.querySelector&&d.addEventListener&&"undefined"!=typeof URL&&(d.wp=d.wp||{},d.wp.receiveEmbedMessage||(d.wp.receiveEmbedMessage=function(e){var t=e.data;if((t||t.secret||t.message||t.value)&&!/[^a-zA-Z0-9]/.test(t.secret)){for(var s,r,n,a=l.querySelectorAll('iframe[data-secret="'+t.secret+'"]'),o=l.querySelectorAll('blockquote[data-secret="'+t.secret+'"]'),c=new RegExp("^https?:$","i"),i=0;i<o.length;i++)o[i].style.display="none";for(i=0;i<a.length;i++)s=a[i],e.source===s.contentWindow&&(s.removeAttribute("style"),"height"===t.message?(1e3<(r=parseInt(t.value,10))?r=1e3:~~r<200&&(r=200),s.height=r):"link"===t.message&&(r=new URL(s.getAttribute("src")),n=new URL(t.value),c.test(n.protocol))&&n.host===r.host&&l.activeElement===s&&(d.top.location.href=t.value))}},d.addEventListener("message",d.wp.receiveEmbedMessage,!1),l.addEventListener("DOMContentLoaded",function(){for(var e,t,s=l.querySelectorAll("iframe.wp-embedded-content"),r=0;r<s.length;r++)(t=(e=s[r]).getAttribute("data-secret"))||(t=Math.random().toString(36).substring(2,12),e.src+="#?secret="+t,e.setAttribute("data-secret",t)),e.contentWindow.postMessage({message:"ready",secret:t},"*")},!1)))}(window,document);
//# sourceURL=https://lackman.com.br/wp-includes/js/wp-embed.min.js
</script>

Com evento para convidados, evento tem como destaque os SUVs Omoda E5 elétrico (EV) e o Jaecoo 7 SHS  &nbsp; O Grupo Primavia inaugurou a sua mais nova concessionária: OMODA &amp; JAECOO. A revendedora exclusiva no Distrito Federal foi apresentada para convidados simultaneamente ao lançamento nacional das marcas do Grupo Chery.  Localizada próxima ao Aeroporto Internacional Juscelino Kubistchek e oferecendo experiência em produtos e serviços, com uma estrutura de primeira linha para Brasília &#8211;  DNA do Grupo Primavia -, a concessionária oferece modelos da marca que se destacam globalmente por combinar design inovador, tecnologia avançada e desempenho. O presidente do Grupo Primavia, José Carlos Dourado, afirma que as condições ofertadas na capital para o setor de veículos elétricos, produzem um cenário otimista para vendas. Segundo ele, a infraestrutura e as condições do Distrito Federal para esses automóveis motivou o Grupo a apostar ainda mais na região. “A isenção do IPVA colabora para Brasília ser a capital dos veículos eletrificados. É um investimento que traz retorno de médio e longo prazo. Mas, com a infraestrutura que Brasília possui, tantos pontos de recarga em órgãos públicos e a facilidade dentro de novos bairros já nascerem com potencial de eletrificação, a gente acredita que esse conjunto faz com que Brasília se destaque nesse cenário nacional”, observou o CEO. O GDF incentiva o uso de veículos elétricos e híbridos, oferecendo isenção de IPVA para os proprietários desses automóveis, além de já disponibilizar 130 pontos de recarga (eletropostos) em pontos estratégicos da capital. O governo também firmou acordo com a Neoenergia para a instalação de um posto de abastecimento de Hidrogênio Verde em Brasília, ampliando as opções de soluções sustentáveis. “Nos últimos tempos, o DF tem se mostrado um terreno fértil para esses avanços, com incentivos à eletrificação, com mais de 130 eletropostos em funcionamento e políticas públicas voltadas à mobilidade elétrica. Temos muito orgulho em poder contribuir para esse movimento e estamos prontos para oferecer soluções que acompanham as transformações do setor automotivo”, conclui José Carlos Dourado. Os primeiros dois modelos que chegaram ao Brasil são o Omoda E5 elétrico (EV) e o Jaecoo 7 SHS. Como desempenho mundial, a companhia apresenta um dos crescimentos mais robustos, com vendas de 28.556 unidades em março de 2025 e acumulado de mais de 490 mil unidades, sendo cerca de 250 mil só no ano passado. O objetivo é comercializar 1,4 milhão de veículos em mercados externos à China, até 2030. Na Europa, os carros já são sucesso em países como Reino Unido, Espanha, Polônia e Itália. A companhia também está presente na Turquia, Rússia, Austrália, África do Sul, Indonésia, Malásia, Kuwait, México e Qatar. E agora, chegou a hora de desbravar a América do Sul. “A chegada da OMODA &amp; JAECOO marca uma nova era da companhia globalmente. O Brasil é um dos nossos principais destinos do território Latino-Americano. Com o lançamento de dois modelos tecnologicamente avançados, iniciamos, assim, a evolução da revolução no segmento de veículos movidos a nova energia. Aqui, buscamos transformar a experiência dos consumidores brasileiros para uma nova era tecnológica, com sustentabilidade, segurança máxima e conforto”, declara Shawn Xu, vice-presidente executivo da OMODA &amp; JAECOO. O Brasil é o 43º mercado da companhia, que estreia por aqui com dois modelos: Omoda E5 elétrico (EV) e Jaecoo 7 SHS. Ambos já estão à venda em 50 lojas personalizadas sob a bandeira da marca, localizadas em 17 estados. A OMODA &amp; JAECOO não vai parar por aí: a empresa já planeja a vinda de outros modelos para o país e, em breve, terá uma fábrica no Brasil. Enquanto isso, confira algumas pessoas que passaram pela evento de inauguração: Fotos: Divulgação
