{"version":"1.0","provider_name":"LACKMAN &amp; CO.","provider_url":"https:\/\/lackman.com.br","author_name":"Gilberto Evangelista - Colunista","author_url":"https:\/\/lackman.com.br\/index.php\/author\/gilberto-brito\/","title":"Pr\u00eamio Jorge Laffond reconhece trabalhos humanos e sociais - LACKMAN &amp; CO.","type":"rich","width":600,"height":338,"html":"<blockquote class=\"wp-embedded-content\" data-secret=\"KtCS8AHl1K\"><a href=\"https:\/\/lackman.com.br\/index.php\/2025\/04\/10\/9175\/\">Pr\u00eamio Jorge Laffond reconhece trabalhos humanos e sociais<\/a><\/blockquote><iframe sandbox=\"allow-scripts\" security=\"restricted\" src=\"https:\/\/lackman.com.br\/index.php\/2025\/04\/10\/9175\/embed\/#?secret=KtCS8AHl1K\" width=\"600\" height=\"338\" title=\"&#8220;Pr\u00eamio Jorge Laffond reconhece trabalhos humanos e sociais&#8221; &#8212; LACKMAN &amp; CO.\" data-secret=\"KtCS8AHl1K\" frameborder=\"0\" marginwidth=\"0\" marginheight=\"0\" scrolling=\"no\" class=\"wp-embedded-content\"><\/iframe><script>\n\/*! This file is auto-generated *\/\n!function(d,l){\"use strict\";l.querySelector&&d.addEventListener&&\"undefined\"!=typeof URL&&(d.wp=d.wp||{},d.wp.receiveEmbedMessage||(d.wp.receiveEmbedMessage=function(e){var t=e.data;if((t||t.secret||t.message||t.value)&&!\/[^a-zA-Z0-9]\/.test(t.secret)){for(var s,r,n,a=l.querySelectorAll('iframe[data-secret=\"'+t.secret+'\"]'),o=l.querySelectorAll('blockquote[data-secret=\"'+t.secret+'\"]'),c=new RegExp(\"^https?:$\",\"i\"),i=0;i<o.length;i++)o[i].style.display=\"none\";for(i=0;i<a.length;i++)s=a[i],e.source===s.contentWindow&&(s.removeAttribute(\"style\"),\"height\"===t.message?(1e3<(r=parseInt(t.value,10))?r=1e3:~~r<200&&(r=200),s.height=r):\"link\"===t.message&&(r=new URL(s.getAttribute(\"src\")),n=new URL(t.value),c.test(n.protocol))&&n.host===r.host&&l.activeElement===s&&(d.top.location.href=t.value))}},d.addEventListener(\"message\",d.wp.receiveEmbedMessage,!1),l.addEventListener(\"DOMContentLoaded\",function(){for(var e,t,s=l.querySelectorAll(\"iframe.wp-embedded-content\"),r=0;r<s.length;r++)(t=(e=s[r]).getAttribute(\"data-secret\"))||(t=Math.random().toString(36).substring(2,12),e.src+=\"#?secret=\"+t,e.setAttribute(\"data-secret\",t)),e.contentWindow.postMessage({message:\"ready\",secret:t},\"*\")},!1)))}(window,document);\n\/\/# sourceURL=https:\/\/lackman.com.br\/wp-includes\/js\/wp-embed.min.js\n<\/script>\n","thumbnail_url":"http:\/\/lackman.com.br\/wp-content\/uploads\/2025\/04\/ed272491-a807-4322-9f88-cfed85a7fff2.jpeg","thumbnail_width":1600,"thumbnail_height":1066,"description":"Noite memor\u00e1vel marca a entrega dos trofeus para quem faz diferen\u00e7a em prol do publico LGBTQIAPN+ Aproveitando que hoje, 10 de abril \u00e9 uma quinta-feira, a Coluna #PERAMBULANDO quer fazer uma mat\u00e9ria estilo #tbt, para enaltecer o Pr\u00eamio Jorge Laffond, uma iniciativa do coletivo Distrito Drag, que visa reconhecer e homenagear personalidades, grupos e projetos que se destacam na promo\u00e7\u00e3o da cultura e dos direitos da comunidade LGBTQIA+. O pr\u00eamio leva o nome de Jorge Lafond, artista brasileiro conhecido por sua contribui\u00e7\u00e3o \u00e0 arte transformista e por seu papel como a ic\u00f4nica personagem Vera Ver\u00e3o. A primeira edi\u00e7\u00e3o do pr\u00eamio ocorreu em 2019, durante o lan\u00e7amento do &#8220;Calend\u00e1rio Drag 2020&#8243;, um projeto do Distrito Drag que aborda temas sociais por meio da arte drag. Desde ent\u00e3o, o evento tem sido realizado anualmente, ampliando seu alcance e reconhecimento. Ao longo de suas edi\u00e7\u00f5es, o Pr\u00eamio Jorge Laffond tem celebrado diversas personalidades e iniciativas como Maria Gad\u00fa, Erika Hilton, Bianca Dellafancy, Marcinha do Corintho, Keila Simpson, Ivan Baron, Symmy Larrat, Margareth Menezes, Diego Martins e Amaury Lorenzo. Na 4\u00aa edi\u00e7\u00e3o, realizada em mar\u00e7o de 2024, por exemplo, o ministro dos Direitos Humanos e da Cidadania, Silvio Almeida, foi um dos homenageados na categoria Pol\u00edticas P\u00fablicas. J\u00e1 nesta 5\u00aa edi\u00e7\u00e3o, foram reconhecidos nomes como as cantoras Liniker e Leci Brand\u00e3o, o escritor Raphael Montes e o advogado, o ativista Renan Quinalha e o editor-chefe do site, Fernando Lackman por sua atua\u00e7\u00e3o de destaque no setor da moda e beleza brasiliense. O pr\u00eamio n\u00e3o apenas celebra conquistas individuais, mas tamb\u00e9m refor\u00e7a a import\u00e2ncia da luta pelos direitos LGBTQIA+ e a valoriza\u00e7\u00e3o da cultura e da arte dentro dessa comunidade. Al\u00e9m das premia\u00e7\u00f5es, o evento inclui performances art\u00edsticas e apresenta\u00e7\u00f5es que destacam a diversidade e a criatividade da cultura LGBTQIA+. O Distrito Drag, respons\u00e1vel pela organiza\u00e7\u00e3o do pr\u00eamio, \u00e9 um coletivo criado em 2017 com o objetivo de produzir e difundir a cultura LGBTQIA+ por meio da arte transformista, promovendo a auto-organiza\u00e7\u00e3o e forma\u00e7\u00e3o de artistas, al\u00e9m de preservar a mem\u00f3ria e hist\u00f3ria da comunidade. Registrar a mem\u00f3ria LGBBTQIA+ por meio do reconhecimento a quem contribui diretamente para a cultura, pol\u00edtica e outras \u00e1reas \u00e9 o que motiva a produ\u00e7\u00e3o do pr\u00eamio. \u201cPara n\u00f3s, o Pr\u00eamio\u00a0Jorge\u00a0Laffond\u00a0\u00e9 uma forma n\u00e3o somente de agradecer aos premiados por seus incr\u00edveis trabalhos prestados, como tamb\u00e9m de incentivar que mais artistas, ativistas e entidades se empenhem em lutar por causas relevantes\u201d, definiu Victor Baliane, respons\u00e1vel pela dire\u00e7\u00e3o art\u00edstica do pr\u00eamio. Vale destacar ainda que nesta edi\u00e7\u00e3o, a premia\u00e7\u00e3o segue com a miss\u00e3o de potencializar a luta e as conquistas da popula\u00e7\u00e3o LGBTQIA+, expressa em vertentes art\u00edsticas, pol\u00edticas e de visibilidade. \u201cJorge\u00a0Laffond\u00a0foi um dos nossos que contribuiu muito com sua for\u00e7a art\u00edstica e de resist\u00eancia. Inspirados por ele, queremos ver mais e mais pessoas LGBTQIA+ e aliadas com suas trajet\u00f3rias reconhecidas e celebradas\u201d, destacou Ruth Venceremos, uma das diretoras do Distrito Drag. &nbsp; Veja a lista dos homenageados do Pr\u00eamio\u00a0Jorge\u00a0Laffond\u00a02025: Arte transformista: Ginger Mc.Gaffney (DF) Cultura Ballroom: Ursula (DF) Narrativas dissidentes: Renan Quinalha (SP) Cinema e Audiovisual: Raphael Montes (RJ) Artes Visuais: Rafael da Esc\u00f3ssia (DF) Comunica\u00e7\u00e3o: Daniel Adjuto (DF) Orgulho: Leci Brand\u00e3o (RJ) Hist\u00f3ria e Mem\u00f3ria: Document\u00e1rio: Um Salto Alto &#8211; A Hist\u00f3ria da Arte Transformista do Distrito Federal Milit\u00e2ncia LGBTQIA+: Lucci Laporta (DF) Moda e Beleza: Fernando Lackman (DF) M\u00fasica: Liniker (SP) Parlamentar aliado\/a: Max Maciel (DF) Parlamentar LGBTQIA+: Daiana Santos (RS) Produ\u00e7\u00e3o Cultural: Ava Scherdien (DF) Iniciativa Cultural: Bloco Baile da Piki (DF) Quem v\u00ea close n\u00e3o v\u00ea corre: Pagod\u00e3o Delas (DF) Pol\u00edticas P\u00fablicas: Governo do Estado do Cear\u00e1 Drag revela\u00e7\u00e3o: GG Limona (DF) Faz a diferen\u00e7a: Lu\u00eds Roberto Barroso (PB) Promo\u00e7\u00e3o e Defesa dos Direitos Humanos: Maca\u00e9 Evaristo (MG) Consultoria em Diversidade e Inclus\u00e3o: Ricardo Sales (SP) Fotos: Gilberto Evangelista\u00a0"}

Prêmio Jorge Laffond reconhece trabalhos humanos e sociais - LACKMAN &amp; CO.

<blockquote class="wp-embedded-content" data-secret="KtCS8AHl1K"><a href="https://lackman.com.br/index.php/2025/04/10/9175/">Prêmio Jorge Laffond reconhece trabalhos humanos e sociais</a></blockquote><iframe sandbox="allow-scripts" security="restricted" src="https://lackman.com.br/index.php/2025/04/10/9175/embed/#?secret=KtCS8AHl1K" width="600" height="338" title="&#8220;Prêmio Jorge Laffond reconhece trabalhos humanos e sociais&#8221; &#8212; LACKMAN &amp; CO." data-secret="KtCS8AHl1K" frameborder="0" marginwidth="0" marginheight="0" scrolling="no" class="wp-embedded-content"></iframe><script>
/*! This file is auto-generated */
!function(d,l){"use strict";l.querySelector&&d.addEventListener&&"undefined"!=typeof URL&&(d.wp=d.wp||{},d.wp.receiveEmbedMessage||(d.wp.receiveEmbedMessage=function(e){var t=e.data;if((t||t.secret||t.message||t.value)&&!/[^a-zA-Z0-9]/.test(t.secret)){for(var s,r,n,a=l.querySelectorAll('iframe[data-secret="'+t.secret+'"]'),o=l.querySelectorAll('blockquote[data-secret="'+t.secret+'"]'),c=new RegExp("^https?:$","i"),i=0;i<o.length;i++)o[i].style.display="none";for(i=0;i<a.length;i++)s=a[i],e.source===s.contentWindow&&(s.removeAttribute("style"),"height"===t.message?(1e3<(r=parseInt(t.value,10))?r=1e3:~~r<200&&(r=200),s.height=r):"link"===t.message&&(r=new URL(s.getAttribute("src")),n=new URL(t.value),c.test(n.protocol))&&n.host===r.host&&l.activeElement===s&&(d.top.location.href=t.value))}},d.addEventListener("message",d.wp.receiveEmbedMessage,!1),l.addEventListener("DOMContentLoaded",function(){for(var e,t,s=l.querySelectorAll("iframe.wp-embedded-content"),r=0;r<s.length;r++)(t=(e=s[r]).getAttribute("data-secret"))||(t=Math.random().toString(36).substring(2,12),e.src+="#?secret="+t,e.setAttribute("data-secret",t)),e.contentWindow.postMessage({message:"ready",secret:t},"*")},!1)))}(window,document);
//# sourceURL=https://lackman.com.br/wp-includes/js/wp-embed.min.js
</script>

Noite memorável marca a entrega dos trofeus para quem faz diferença em prol do publico LGBTQIAPN+ Aproveitando que hoje, 10 de abril é uma quinta-feira, a Coluna #PERAMBULANDO quer fazer uma matéria estilo #tbt, para enaltecer o Prêmio Jorge Laffond, uma iniciativa do coletivo Distrito Drag, que visa reconhecer e homenagear personalidades, grupos e projetos que se destacam na promoção da cultura e dos direitos da comunidade LGBTQIA+. O prêmio leva o nome de Jorge Lafond, artista brasileiro conhecido por sua contribuição à arte transformista e por seu papel como a icônica personagem Vera Verão. A primeira edição do prêmio ocorreu em 2019, durante o lançamento do &#8220;Calendário Drag 2020&#8243;, um projeto do Distrito Drag que aborda temas sociais por meio da arte drag. Desde então, o evento tem sido realizado anualmente, ampliando seu alcance e reconhecimento. Ao longo de suas edições, o Prêmio Jorge Laffond tem celebrado diversas personalidades e iniciativas como Maria Gadú, Erika Hilton, Bianca Dellafancy, Marcinha do Corintho, Keila Simpson, Ivan Baron, Symmy Larrat, Margareth Menezes, Diego Martins e Amaury Lorenzo. Na 4ª edição, realizada em março de 2024, por exemplo, o ministro dos Direitos Humanos e da Cidadania, Silvio Almeida, foi um dos homenageados na categoria Políticas Públicas. Já nesta 5ª edição, foram reconhecidos nomes como as cantoras Liniker e Leci Brandão, o escritor Raphael Montes e o advogado, o ativista Renan Quinalha e o editor-chefe do site, Fernando Lackman por sua atuação de destaque no setor da moda e beleza brasiliense. O prêmio não apenas celebra conquistas individuais, mas também reforça a importância da luta pelos direitos LGBTQIA+ e a valorização da cultura e da arte dentro dessa comunidade. Além das premiações, o evento inclui performances artísticas e apresentações que destacam a diversidade e a criatividade da cultura LGBTQIA+. O Distrito Drag, responsável pela organização do prêmio, é um coletivo criado em 2017 com o objetivo de produzir e difundir a cultura LGBTQIA+ por meio da arte transformista, promovendo a auto-organização e formação de artistas, além de preservar a memória e história da comunidade. Registrar a memória LGBBTQIA+ por meio do reconhecimento a quem contribui diretamente para a cultura, política e outras áreas é o que motiva a produção do prêmio. “Para nós, o Prêmio Jorge Laffond é uma forma não somente de agradecer aos premiados por seus incríveis trabalhos prestados, como também de incentivar que mais artistas, ativistas e entidades se empenhem em lutar por causas relevantes”, definiu Victor Baliane, responsável pela direção artística do prêmio. Vale destacar ainda que nesta edição, a premiação segue com a missão de potencializar a luta e as conquistas da população LGBTQIA+, expressa em vertentes artísticas, políticas e de visibilidade. “Jorge Laffond foi um dos nossos que contribuiu muito com sua força artística e de resistência. Inspirados por ele, queremos ver mais e mais pessoas LGBTQIA+ e aliadas com suas trajetórias reconhecidas e celebradas”, destacou Ruth Venceremos, uma das diretoras do Distrito Drag. &nbsp; Veja a lista dos homenageados do Prêmio Jorge Laffond 2025: Arte transformista: Ginger Mc.Gaffney (DF) Cultura Ballroom: Ursula (DF) Narrativas dissidentes: Renan Quinalha (SP) Cinema e Audiovisual: Raphael Montes (RJ) Artes Visuais: Rafael da Escóssia (DF) Comunicação: Daniel Adjuto (DF) Orgulho: Leci Brandão (RJ) História e Memória: Documentário: Um Salto Alto &#8211; A História da Arte Transformista do Distrito Federal Militância LGBTQIA+: Lucci Laporta (DF) Moda e Beleza: Fernando Lackman (DF) Música: Liniker (SP) Parlamentar aliado/a: Max Maciel (DF) Parlamentar LGBTQIA+: Daiana Santos (RS) Produção Cultural: Ava Scherdien (DF) Iniciativa Cultural: Bloco Baile da Piki (DF) Quem vê close não vê corre: Pagodão Delas (DF) Políticas Públicas: Governo do Estado do Ceará Drag revelação: GG Limona (DF) Faz a diferença: Luís Roberto Barroso (PB) Promoção e Defesa dos Direitos Humanos: Macaé Evaristo (MG) Consultoria em Diversidade e Inclusão: Ricardo Sales (SP) Fotos: Gilberto Evangelista
