{"version":"1.0","provider_name":"LACKMAN &amp; CO.","provider_url":"https:\/\/lackman.com.br","author_name":"Gilberto Evangelista - Colunista","author_url":"https:\/\/lackman.com.br\/index.php\/author\/gilberto-brito\/","title":"Papo de Capoeira tem ginga, hist\u00f3ria e inclus\u00e3o - LACKMAN &amp; CO.","type":"rich","width":600,"height":338,"html":"<blockquote class=\"wp-embedded-content\" data-secret=\"mKXuWFEfhy\"><a href=\"https:\/\/lackman.com.br\/index.php\/2025\/04\/09\/papo-de-capoeira-tem-ginga-historia-e-inclusao\/\">Papo de Capoeira tem ginga, hist\u00f3ria e inclus\u00e3o<\/a><\/blockquote><iframe sandbox=\"allow-scripts\" security=\"restricted\" src=\"https:\/\/lackman.com.br\/index.php\/2025\/04\/09\/papo-de-capoeira-tem-ginga-historia-e-inclusao\/embed\/#?secret=mKXuWFEfhy\" width=\"600\" height=\"338\" title=\"&#8220;Papo de Capoeira tem ginga, hist\u00f3ria e inclus\u00e3o&#8221; &#8212; LACKMAN &amp; CO.\" data-secret=\"mKXuWFEfhy\" frameborder=\"0\" marginwidth=\"0\" marginheight=\"0\" scrolling=\"no\" class=\"wp-embedded-content\"><\/iframe><script>\n\/*! This file is auto-generated *\/\n!function(d,l){\"use strict\";l.querySelector&&d.addEventListener&&\"undefined\"!=typeof URL&&(d.wp=d.wp||{},d.wp.receiveEmbedMessage||(d.wp.receiveEmbedMessage=function(e){var t=e.data;if((t||t.secret||t.message||t.value)&&!\/[^a-zA-Z0-9]\/.test(t.secret)){for(var s,r,n,a=l.querySelectorAll('iframe[data-secret=\"'+t.secret+'\"]'),o=l.querySelectorAll('blockquote[data-secret=\"'+t.secret+'\"]'),c=new RegExp(\"^https?:$\",\"i\"),i=0;i<o.length;i++)o[i].style.display=\"none\";for(i=0;i<a.length;i++)s=a[i],e.source===s.contentWindow&&(s.removeAttribute(\"style\"),\"height\"===t.message?(1e3<(r=parseInt(t.value,10))?r=1e3:~~r<200&&(r=200),s.height=r):\"link\"===t.message&&(r=new URL(s.getAttribute(\"src\")),n=new URL(t.value),c.test(n.protocol))&&n.host===r.host&&l.activeElement===s&&(d.top.location.href=t.value))}},d.addEventListener(\"message\",d.wp.receiveEmbedMessage,!1),l.addEventListener(\"DOMContentLoaded\",function(){for(var e,t,s=l.querySelectorAll(\"iframe.wp-embedded-content\"),r=0;r<s.length;r++)(t=(e=s[r]).getAttribute(\"data-secret\"))||(t=Math.random().toString(36).substring(2,12),e.src+=\"#?secret=\"+t,e.setAttribute(\"data-secret\",t)),e.contentWindow.postMessage({message:\"ready\",secret:t},\"*\")},!1)))}(window,document);\n\/\/# sourceURL=https:\/\/lackman.com.br\/wp-includes\/js\/wp-embed.min.js\n<\/script>\n","thumbnail_url":"http:\/\/lackman.com.br\/wp-content\/uploads\/2025\/04\/PHOTO-2025-03-12-17-26-151.jpg","thumbnail_width":1296,"thumbnail_height":864,"description":"Terceira edi\u00e7\u00e3o do evento une tradi\u00e7\u00e3o e transforma\u00e7\u00e3o social em dois dias de celebra\u00e7\u00e3o da capoeira como s\u00edmbolo de luta, arte e diversidade. Nos dias 11 e 12 de abril de 2025, o Sal\u00e3o M\u00faltiplas Fun\u00e7\u00f5es, localizado na Regi\u00e3o Administrativa do Guar\u00e1 \u2013 DF, ser\u00e1 palco da terceira edi\u00e7\u00e3o do evento &#8220;Papo de Capoeira&#8221;. Com uma programa\u00e7\u00e3o intensa, que inclui workshops, rodas de capoeira e apresenta\u00e7\u00f5es art\u00edsticas, o evento visa destacar as m\u00faltiplas facetas dessa express\u00e3o cultural e reafirmar a import\u00e2ncia da capoeira para a sociedade brasileira e mundial. Desde sua primeira edi\u00e7\u00e3o, em 2021, o &#8220;Papo de Capoeira&#8221; se consolidou como um espa\u00e7o de resist\u00eancia e valoriza\u00e7\u00e3o da cultura afro-brasileira, promovendo o fortalecimento da identidade negra, a inclus\u00e3o social e o enfrentamento do preconceito. Organizado em parceria com o Minist\u00e9rio da Igualdade Racial, o evento se prop\u00f5e a democratizar o acesso \u00e0 cultura, ao lazer e ao esporte, incentivando a participa\u00e7\u00e3o de grupos historicamente marginalizados, como mulheres, negros, pessoas com defici\u00eancia (PCDs) e a comunidade LGBTQIA+. O reconhecimento da Roda de Capoeira como Patrim\u00f4nio Cultural Imaterial da Humanidade pela UNESCO, em 2014, \u00e9 um marco fundamental para o evento. A capoeira, que nasceu no Brasil no s\u00e9culo XVII como s\u00edmbolo de resist\u00eancia no per\u00edodo escravista, continua sendo um dos maiores \u00edcones da cultura nacional. A Roda de Capoeira \u00e9 um espa\u00e7o de aprendizado, coopera\u00e7\u00e3o e celebra\u00e7\u00e3o da heran\u00e7a africana, sendo praticada atualmente em mais de 160 pa\u00edses. Esse reconhecimento refor\u00e7a a capoeira n\u00e3o apenas como uma manifesta\u00e7\u00e3o cultural, mas como um verdadeiro s\u00edmbolo de luta e solidariedade. Com 150 vagas gratuitas para workshops, participa\u00e7\u00e3o nas rodas e outras atividades, o evento visa n\u00e3o apenas promover o interc\u00e2mbio entre capoeiristas, mas tamb\u00e9m fortalecer a capoeira do Distrito Federal em \u00e2mbito nacional e internacional. Idealizado por Michelle Santos Lima, conhecida como mestre Michelinha nas rodas de capoeira, e pela produtora Karla Arag\u00e3o, o evento aborda todos os aspectos relativos \u00e0 capoeira, como a dan\u00e7a, a arte, a cultura e a luta. \u201cO evento \u00e9 inclusivo e est\u00e1 aberto a todos os p\u00fablicos, desde crian\u00e7as at\u00e9 idosos. Contaremos com a participa\u00e7\u00e3o de palestrantes de Bras\u00edlia, Rio de Janeiro e S\u00e3o Paulo, al\u00e9m da presen\u00e7a de capoeiristas e amantes dessa arte vindos de todas as partes do Brasil\u201d, afirma Michelle. A iniciativa tamb\u00e9m contribui para a forma\u00e7\u00e3o cultural dos participantes e gera emprego e renda para educadores e trabalhadores aut\u00f4nomos ligados \u00e0 cultura. Al\u00e9m das atividades programadas, o evento ser\u00e1 aberto ao p\u00fablico, permitindo que todos possam vivenciar a riqueza da capoeira e suas contribui\u00e7\u00f5es para a sociedade. Com a inclus\u00e3o como um de seus pilares, o &#8220;Papo de Capoeira&#8221; celebra a diversidade e a for\u00e7a da cultura negra, buscando sempre fortalecer as linguagens da dan\u00e7a, da m\u00fasica e das pr\u00e1ticas corporais coletivas. O evento contar\u00e1 com interpreta\u00e7\u00e3o em Libras e tem sua programa\u00e7\u00e3o completa em @papodecapoeiraoficial &nbsp; Paranau\u00ea Paran\u00e1! III Papo de Capoeira \/ Sal\u00e3o M\u00faltiplas Fun\u00e7\u00f5es \u2013 Guar\u00e1 \/ 11 da- 18h \u00e0s 22h e 12 &#8211; 8h45 \u00e0s 22h \/ 150 vagas gratuitas \/ Siga @papodecapoeiraoficial &nbsp; Fotos: Divulga\u00e7\u00e3o"}

Papo de Capoeira tem ginga, história e inclusão - LACKMAN &amp; CO.

<blockquote class="wp-embedded-content" data-secret="mKXuWFEfhy"><a href="https://lackman.com.br/index.php/2025/04/09/papo-de-capoeira-tem-ginga-historia-e-inclusao/">Papo de Capoeira tem ginga, história e inclusão</a></blockquote><iframe sandbox="allow-scripts" security="restricted" src="https://lackman.com.br/index.php/2025/04/09/papo-de-capoeira-tem-ginga-historia-e-inclusao/embed/#?secret=mKXuWFEfhy" width="600" height="338" title="&#8220;Papo de Capoeira tem ginga, história e inclusão&#8221; &#8212; LACKMAN &amp; CO." data-secret="mKXuWFEfhy" frameborder="0" marginwidth="0" marginheight="0" scrolling="no" class="wp-embedded-content"></iframe><script>
/*! This file is auto-generated */
!function(d,l){"use strict";l.querySelector&&d.addEventListener&&"undefined"!=typeof URL&&(d.wp=d.wp||{},d.wp.receiveEmbedMessage||(d.wp.receiveEmbedMessage=function(e){var t=e.data;if((t||t.secret||t.message||t.value)&&!/[^a-zA-Z0-9]/.test(t.secret)){for(var s,r,n,a=l.querySelectorAll('iframe[data-secret="'+t.secret+'"]'),o=l.querySelectorAll('blockquote[data-secret="'+t.secret+'"]'),c=new RegExp("^https?:$","i"),i=0;i<o.length;i++)o[i].style.display="none";for(i=0;i<a.length;i++)s=a[i],e.source===s.contentWindow&&(s.removeAttribute("style"),"height"===t.message?(1e3<(r=parseInt(t.value,10))?r=1e3:~~r<200&&(r=200),s.height=r):"link"===t.message&&(r=new URL(s.getAttribute("src")),n=new URL(t.value),c.test(n.protocol))&&n.host===r.host&&l.activeElement===s&&(d.top.location.href=t.value))}},d.addEventListener("message",d.wp.receiveEmbedMessage,!1),l.addEventListener("DOMContentLoaded",function(){for(var e,t,s=l.querySelectorAll("iframe.wp-embedded-content"),r=0;r<s.length;r++)(t=(e=s[r]).getAttribute("data-secret"))||(t=Math.random().toString(36).substring(2,12),e.src+="#?secret="+t,e.setAttribute("data-secret",t)),e.contentWindow.postMessage({message:"ready",secret:t},"*")},!1)))}(window,document);
//# sourceURL=https://lackman.com.br/wp-includes/js/wp-embed.min.js
</script>

Terceira edição do evento une tradição e transformação social em dois dias de celebração da capoeira como símbolo de luta, arte e diversidade. Nos dias 11 e 12 de abril de 2025, o Salão Múltiplas Funções, localizado na Região Administrativa do Guará – DF, será palco da terceira edição do evento &#8220;Papo de Capoeira&#8221;. Com uma programação intensa, que inclui workshops, rodas de capoeira e apresentações artísticas, o evento visa destacar as múltiplas facetas dessa expressão cultural e reafirmar a importância da capoeira para a sociedade brasileira e mundial. Desde sua primeira edição, em 2021, o &#8220;Papo de Capoeira&#8221; se consolidou como um espaço de resistência e valorização da cultura afro-brasileira, promovendo o fortalecimento da identidade negra, a inclusão social e o enfrentamento do preconceito. Organizado em parceria com o Ministério da Igualdade Racial, o evento se propõe a democratizar o acesso à cultura, ao lazer e ao esporte, incentivando a participação de grupos historicamente marginalizados, como mulheres, negros, pessoas com deficiência (PCDs) e a comunidade LGBTQIA+. O reconhecimento da Roda de Capoeira como Patrimônio Cultural Imaterial da Humanidade pela UNESCO, em 2014, é um marco fundamental para o evento. A capoeira, que nasceu no Brasil no século XVII como símbolo de resistência no período escravista, continua sendo um dos maiores ícones da cultura nacional. A Roda de Capoeira é um espaço de aprendizado, cooperação e celebração da herança africana, sendo praticada atualmente em mais de 160 países. Esse reconhecimento reforça a capoeira não apenas como uma manifestação cultural, mas como um verdadeiro símbolo de luta e solidariedade. Com 150 vagas gratuitas para workshops, participação nas rodas e outras atividades, o evento visa não apenas promover o intercâmbio entre capoeiristas, mas também fortalecer a capoeira do Distrito Federal em âmbito nacional e internacional. Idealizado por Michelle Santos Lima, conhecida como mestre Michelinha nas rodas de capoeira, e pela produtora Karla Aragão, o evento aborda todos os aspectos relativos à capoeira, como a dança, a arte, a cultura e a luta. “O evento é inclusivo e está aberto a todos os públicos, desde crianças até idosos. Contaremos com a participação de palestrantes de Brasília, Rio de Janeiro e São Paulo, além da presença de capoeiristas e amantes dessa arte vindos de todas as partes do Brasil”, afirma Michelle. A iniciativa também contribui para a formação cultural dos participantes e gera emprego e renda para educadores e trabalhadores autônomos ligados à cultura. Além das atividades programadas, o evento será aberto ao público, permitindo que todos possam vivenciar a riqueza da capoeira e suas contribuições para a sociedade. Com a inclusão como um de seus pilares, o &#8220;Papo de Capoeira&#8221; celebra a diversidade e a força da cultura negra, buscando sempre fortalecer as linguagens da dança, da música e das práticas corporais coletivas. O evento contará com interpretação em Libras e tem sua programação completa em @papodecapoeiraoficial &nbsp; Paranauê Paraná! III Papo de Capoeira / Salão Múltiplas Funções – Guará / 11 da- 18h às 22h e 12 &#8211; 8h45 às 22h / 150 vagas gratuitas / Siga @papodecapoeiraoficial &nbsp; Fotos: Divulgação
