{"version":"1.0","provider_name":"LACKMAN &amp; CO.","provider_url":"https:\/\/lackman.com.br","author_name":"Gilberto Evangelista - Colunista","author_url":"https:\/\/lackman.com.br\/index.php\/author\/gilberto-brito\/","title":"\u201cRessignificar\u201d para elevar o upcycling \u00e0 moda de luxo - LACKMAN &amp; CO.","type":"rich","width":600,"height":338,"html":"<blockquote class=\"wp-embedded-content\" data-secret=\"XsZOK6XTBl\"><a href=\"https:\/\/lackman.com.br\/index.php\/2025\/04\/08\/9153\/\">\u201cRessignificar\u201d para elevar o upcycling \u00e0 moda de luxo<\/a><\/blockquote><iframe sandbox=\"allow-scripts\" security=\"restricted\" src=\"https:\/\/lackman.com.br\/index.php\/2025\/04\/08\/9153\/embed\/#?secret=XsZOK6XTBl\" width=\"600\" height=\"338\" title=\"&#8220;\u201cRessignificar\u201d para elevar o upcycling \u00e0 moda de luxo&#8221; &#8212; LACKMAN &amp; CO.\" data-secret=\"XsZOK6XTBl\" frameborder=\"0\" marginwidth=\"0\" marginheight=\"0\" scrolling=\"no\" class=\"wp-embedded-content\"><\/iframe><script>\n\/*! This file is auto-generated *\/\n!function(d,l){\"use strict\";l.querySelector&&d.addEventListener&&\"undefined\"!=typeof URL&&(d.wp=d.wp||{},d.wp.receiveEmbedMessage||(d.wp.receiveEmbedMessage=function(e){var t=e.data;if((t||t.secret||t.message||t.value)&&!\/[^a-zA-Z0-9]\/.test(t.secret)){for(var s,r,n,a=l.querySelectorAll('iframe[data-secret=\"'+t.secret+'\"]'),o=l.querySelectorAll('blockquote[data-secret=\"'+t.secret+'\"]'),c=new RegExp(\"^https?:$\",\"i\"),i=0;i<o.length;i++)o[i].style.display=\"none\";for(i=0;i<a.length;i++)s=a[i],e.source===s.contentWindow&&(s.removeAttribute(\"style\"),\"height\"===t.message?(1e3<(r=parseInt(t.value,10))?r=1e3:~~r<200&&(r=200),s.height=r):\"link\"===t.message&&(r=new URL(s.getAttribute(\"src\")),n=new URL(t.value),c.test(n.protocol))&&n.host===r.host&&l.activeElement===s&&(d.top.location.href=t.value))}},d.addEventListener(\"message\",d.wp.receiveEmbedMessage,!1),l.addEventListener(\"DOMContentLoaded\",function(){for(var e,t,s=l.querySelectorAll(\"iframe.wp-embedded-content\"),r=0;r<s.length;r++)(t=(e=s[r]).getAttribute(\"data-secret\"))||(t=Math.random().toString(36).substring(2,12),e.src+=\"#?secret=\"+t,e.setAttribute(\"data-secret\",t)),e.contentWindow.postMessage({message:\"ready\",secret:t},\"*\")},!1)))}(window,document);\n\/\/# sourceURL=https:\/\/lackman.com.br\/wp-includes\/js\/wp-embed.min.js\n<\/script>\n","thumbnail_url":"http:\/\/lackman.com.br\/wp-content\/uploads\/2025\/04\/Ressignificar_03-scaled.jpeg","thumbnail_width":1729,"thumbnail_height":2560,"description":"Nova cole\u00e7\u00e3o do Jeans do Bem aposta em design sofisticado, sustentabilidade e na for\u00e7a das hist\u00f3rias costuradas por mulheres do Instituto Levvo Na \u00faltima semana, o projeto Jeans do Bem apresentou sua nova cole\u00e7\u00e3o batizada de Ressignificar, marcando um novo cap\u00edtulo na trajet\u00f3ria da marca brasiliense que alia moda e impacto social. Atemporal, vers\u00e1til e com uma identidade forte, o jeans surge agora reinterpretado em pe\u00e7as que combinam design sofisticado, conforto e uma est\u00e9tica urbana com ra\u00edzes sustent\u00e1veis. A cole\u00e7\u00e3o assinada pela estilista Manuela Abdalla \u00e9 feita para quem se expressa com autenticidade. Apostando em modelagens que valorizam diferentes estilos e corpos, Ressignificar traz cortes precisos, volumes estrat\u00e9gicos e lavagens que v\u00e3o do cl\u00e1ssico denim azul a tons desgastados e destroyed. Cada pe\u00e7a traduz movimento, liberdade e personalidade. \u00a0 Mais que moda, a nova cole\u00e7\u00e3o \u00e9 um manifesto de consci\u00eancia. Desenvolvida com t\u00e9cnicas de upcycling e tecidos oriundos da economia circular, a linha refor\u00e7a o compromisso ambiental da marca sem abrir m\u00e3o da qualidade e da eleg\u00e2ncia. O uso de materiais reaproveitados e de tecidos certificados, como os da Better Cotton Initiative e do Algod\u00e3o Brasileiro Respons\u00e1vel, evidencia a busca por um futuro mais sustent\u00e1vel \u2014 com estilo. Criado pelo Levvo Instituto, o Jeans do Bem nasceu como uma a\u00e7\u00e3o social voltada \u00e0 reutiliza\u00e7\u00e3o de jeans e \u00e0 destina\u00e7\u00e3o de recursos para projetos sociais. Agora, consolida-se como uma marca de moda com prop\u00f3sito, ingressando no mercado de luxo com uma proposta exclusiva e consciente. A nova identidade da marca mant\u00e9m seu DNA sustent\u00e1vel enquanto eleva suas cria\u00e7\u00f5es a um novo patamar est\u00e9tico. Cada pe\u00e7a \u00e9 fruto de um trabalho artesanal feito por mulheres que participam do Instituto Levvo, protagonistas de uma jornada de aprendizado e transforma\u00e7\u00e3o atrav\u00e9s da costura. Mais do que roupas, cada cria\u00e7\u00e3o carrega uma hist\u00f3ria \u2014 o que torna quase imposs\u00edvel existir duas pe\u00e7as exatamente iguais. Inspirada nas linhas arquitet\u00f4nicas de Bras\u00edlia, nas curvas de Niemeyer e na sofistica\u00e7\u00e3o da mulher contempor\u00e2nea, Ressignificar une forma e leveza em modelagens que dialogam com o minimalismo e o design refinado. A capital federal, com sua geometria marcante e esp\u00edrito inovador, \u00e9 a alma silenciosa que habita cada detalhe da cole\u00e7\u00e3o. Mais do que vestir, o Jeans do Bem convida \u00e0 reflex\u00e3o. Ressignificar \u00e9 sobre enxergar valor no que j\u00e1 existe, sobre transformar res\u00edduos em arte, e sobre vestir, com orgulho, hist\u00f3rias de resili\u00eancia, beleza e reinven\u00e7\u00e3o."}

“Ressignificar” para elevar o upcycling à moda de luxo - LACKMAN &amp; CO.

<blockquote class="wp-embedded-content" data-secret="XsZOK6XTBl"><a href="https://lackman.com.br/index.php/2025/04/08/9153/">“Ressignificar” para elevar o upcycling à moda de luxo</a></blockquote><iframe sandbox="allow-scripts" security="restricted" src="https://lackman.com.br/index.php/2025/04/08/9153/embed/#?secret=XsZOK6XTBl" width="600" height="338" title="&#8220;“Ressignificar” para elevar o upcycling à moda de luxo&#8221; &#8212; LACKMAN &amp; CO." data-secret="XsZOK6XTBl" frameborder="0" marginwidth="0" marginheight="0" scrolling="no" class="wp-embedded-content"></iframe><script>
/*! This file is auto-generated */
!function(d,l){"use strict";l.querySelector&&d.addEventListener&&"undefined"!=typeof URL&&(d.wp=d.wp||{},d.wp.receiveEmbedMessage||(d.wp.receiveEmbedMessage=function(e){var t=e.data;if((t||t.secret||t.message||t.value)&&!/[^a-zA-Z0-9]/.test(t.secret)){for(var s,r,n,a=l.querySelectorAll('iframe[data-secret="'+t.secret+'"]'),o=l.querySelectorAll('blockquote[data-secret="'+t.secret+'"]'),c=new RegExp("^https?:$","i"),i=0;i<o.length;i++)o[i].style.display="none";for(i=0;i<a.length;i++)s=a[i],e.source===s.contentWindow&&(s.removeAttribute("style"),"height"===t.message?(1e3<(r=parseInt(t.value,10))?r=1e3:~~r<200&&(r=200),s.height=r):"link"===t.message&&(r=new URL(s.getAttribute("src")),n=new URL(t.value),c.test(n.protocol))&&n.host===r.host&&l.activeElement===s&&(d.top.location.href=t.value))}},d.addEventListener("message",d.wp.receiveEmbedMessage,!1),l.addEventListener("DOMContentLoaded",function(){for(var e,t,s=l.querySelectorAll("iframe.wp-embedded-content"),r=0;r<s.length;r++)(t=(e=s[r]).getAttribute("data-secret"))||(t=Math.random().toString(36).substring(2,12),e.src+="#?secret="+t,e.setAttribute("data-secret",t)),e.contentWindow.postMessage({message:"ready",secret:t},"*")},!1)))}(window,document);
//# sourceURL=https://lackman.com.br/wp-includes/js/wp-embed.min.js
</script>

Nova coleção do Jeans do Bem aposta em design sofisticado, sustentabilidade e na força das histórias costuradas por mulheres do Instituto Levvo Na última semana, o projeto Jeans do Bem apresentou sua nova coleção batizada de Ressignificar, marcando um novo capítulo na trajetória da marca brasiliense que alia moda e impacto social. Atemporal, versátil e com uma identidade forte, o jeans surge agora reinterpretado em peças que combinam design sofisticado, conforto e uma estética urbana com raízes sustentáveis. A coleção assinada pela estilista Manuela Abdalla é feita para quem se expressa com autenticidade. Apostando em modelagens que valorizam diferentes estilos e corpos, Ressignificar traz cortes precisos, volumes estratégicos e lavagens que vão do clássico denim azul a tons desgastados e destroyed. Cada peça traduz movimento, liberdade e personalidade.   Mais que moda, a nova coleção é um manifesto de consciência. Desenvolvida com técnicas de upcycling e tecidos oriundos da economia circular, a linha reforça o compromisso ambiental da marca sem abrir mão da qualidade e da elegância. O uso de materiais reaproveitados e de tecidos certificados, como os da Better Cotton Initiative e do Algodão Brasileiro Responsável, evidencia a busca por um futuro mais sustentável — com estilo. Criado pelo Levvo Instituto, o Jeans do Bem nasceu como uma ação social voltada à reutilização de jeans e à destinação de recursos para projetos sociais. Agora, consolida-se como uma marca de moda com propósito, ingressando no mercado de luxo com uma proposta exclusiva e consciente. A nova identidade da marca mantém seu DNA sustentável enquanto eleva suas criações a um novo patamar estético. Cada peça é fruto de um trabalho artesanal feito por mulheres que participam do Instituto Levvo, protagonistas de uma jornada de aprendizado e transformação através da costura. Mais do que roupas, cada criação carrega uma história — o que torna quase impossível existir duas peças exatamente iguais. Inspirada nas linhas arquitetônicas de Brasília, nas curvas de Niemeyer e na sofisticação da mulher contemporânea, Ressignificar une forma e leveza em modelagens que dialogam com o minimalismo e o design refinado. A capital federal, com sua geometria marcante e espírito inovador, é a alma silenciosa que habita cada detalhe da coleção. Mais do que vestir, o Jeans do Bem convida à reflexão. Ressignificar é sobre enxergar valor no que já existe, sobre transformar resíduos em arte, e sobre vestir, com orgulho, histórias de resiliência, beleza e reinvenção.
