{"version":"1.0","provider_name":"LACKMAN &amp; CO.","provider_url":"https:\/\/lackman.com.br","author_name":"Gilberto Evangelista - Colunista","author_url":"https:\/\/lackman.com.br\/index.php\/author\/gilberto-brito\/","title":"Pr\u00eamio Jorge Laffond: um viva \u00e0 diversidade! - LACKMAN &amp; CO.","type":"rich","width":600,"height":338,"html":"<blockquote class=\"wp-embedded-content\" data-secret=\"XMy0fm1u62\"><a href=\"https:\/\/lackman.com.br\/index.php\/2025\/03\/28\/premio-jorge-laffond-um-viva-a-diversidade\/\">Pr\u00eamio Jorge Laffond: um viva \u00e0 diversidade!<\/a><\/blockquote><iframe sandbox=\"allow-scripts\" security=\"restricted\" src=\"https:\/\/lackman.com.br\/index.php\/2025\/03\/28\/premio-jorge-laffond-um-viva-a-diversidade\/embed\/#?secret=XMy0fm1u62\" width=\"600\" height=\"338\" title=\"&#8220;Pr\u00eamio Jorge Laffond: um viva \u00e0 diversidade!&#8221; &#8212; LACKMAN &amp; CO.\" data-secret=\"XMy0fm1u62\" frameborder=\"0\" marginwidth=\"0\" marginheight=\"0\" scrolling=\"no\" class=\"wp-embedded-content\"><\/iframe><script>\n\/*! This file is auto-generated *\/\n!function(d,l){\"use strict\";l.querySelector&&d.addEventListener&&\"undefined\"!=typeof URL&&(d.wp=d.wp||{},d.wp.receiveEmbedMessage||(d.wp.receiveEmbedMessage=function(e){var t=e.data;if((t||t.secret||t.message||t.value)&&!\/[^a-zA-Z0-9]\/.test(t.secret)){for(var s,r,n,a=l.querySelectorAll('iframe[data-secret=\"'+t.secret+'\"]'),o=l.querySelectorAll('blockquote[data-secret=\"'+t.secret+'\"]'),c=new RegExp(\"^https?:$\",\"i\"),i=0;i<o.length;i++)o[i].style.display=\"none\";for(i=0;i<a.length;i++)s=a[i],e.source===s.contentWindow&&(s.removeAttribute(\"style\"),\"height\"===t.message?(1e3<(r=parseInt(t.value,10))?r=1e3:~~r<200&&(r=200),s.height=r):\"link\"===t.message&&(r=new URL(s.getAttribute(\"src\")),n=new URL(t.value),c.test(n.protocol))&&n.host===r.host&&l.activeElement===s&&(d.top.location.href=t.value))}},d.addEventListener(\"message\",d.wp.receiveEmbedMessage,!1),l.addEventListener(\"DOMContentLoaded\",function(){for(var e,t,s=l.querySelectorAll(\"iframe.wp-embedded-content\"),r=0;r<s.length;r++)(t=(e=s[r]).getAttribute(\"data-secret\"))||(t=Math.random().toString(36).substring(2,12),e.src+=\"#?secret=\"+t,e.setAttribute(\"data-secret\",t)),e.contentWindow.postMessage({message:\"ready\",secret:t},\"*\")},!1)))}(window,document);\n\/\/# sourceURL=https:\/\/lackman.com.br\/wp-includes\/js\/wp-embed.min.js\n<\/script>\n","thumbnail_url":"http:\/\/lackman.com.br\/wp-content\/uploads\/2025\/03\/Cantora-Liniker-e-uma-das-homenageadas-no-Premio-Jorge-Laffond-2025-Foto-Instagram-2.jpg","thumbnail_width":1080,"thumbnail_height":732,"description":"Premia\u00e7\u00e3o \u00e9 no dia 4 de abril, no Teatro Nacional e celebra destaques da popula\u00e7\u00e3o LGBTQIA+ na cultura e na pol\u00edtica como Liniker, Leci Brand\u00e3o, Raphael Montes e Renan Quinalha &nbsp; O coletivo Distrito Drag apresenta no dia 4 de abril, a partir das 19h30, o Pr\u00eamio Jorge Laffond. Personalidades, entidades, projetos, grupos e aliados da comunidade LGBTQIA+ recebem a homenagem no Teatro Nacional. Al\u00e9m da entrega dos pr\u00eamios em 21 categorias, o roteiro inclui performances da Casa de Laffond, da drag queen Naomi Leaks e da cantora Tal\u00edz. O projeto \u00e9 realizado com fomento da Secretaria de Cultura e Economia Criativa do Distrito Federal (Secec-DF). Os ingressos para a cerim\u00f4nia s\u00e3o gratuitos e podem ser retirados pela plataforma Sympla. Em sua quinta edi\u00e7\u00e3o, o Pr\u00eamio Jorge Laffond homenageia personalidades como a cantora Liniker, na categoria m\u00fasica &#8211; com duas apresenta\u00e7\u00f5es na cidade marcadas para os dias 5 e 6 de mar\u00e7o, assunto que a Coluna #PERAMBULANDO noticiou e que voc\u00ea l\u00ea clicando neste link. A grande Leci Brand\u00e3o \u00e9 outra artista laureada, na categoria orgulho; o autor Raphael Montes (Beleza Fatal &#8211; Max), na categoria cinema e audiovisual; o advogado e ativista Renan Quinalha, na categoria narrativas dissidentes; o editor-chefe deste ve\u00edculo, o jornalista Fernando Lackman (moda e beleza); e Lu\u00eds Roberto Barroso, presidente do Supremo Tribunal Federal (STF). Registrar a mem\u00f3ria LGBBTQIA+ por meio do reconhecimento a quem contribui diretamente para a cultura, pol\u00edtica e outras \u00e1reas \u00e9 o que motiva a produ\u00e7\u00e3o do pr\u00eamio. \u201cPara n\u00f3s, o Pr\u00eamio Jorge Laffond \u00e9 uma forma n\u00e3o somente de agradecer aos premiados por seus incr\u00edveis trabalhos prestados, como tamb\u00e9m de incentivar que mais artistas, ativistas e entidades se empenhem em lutar por causas relevantes\u201d, define Victor Baliane, que assina a dire\u00e7\u00e3o art\u00edstica do pr\u00eamio. Nesta edi\u00e7\u00e3o, a premia\u00e7\u00e3o segue com a miss\u00e3o de potencializar a luta e as conquistas da popula\u00e7\u00e3o LGBTQIA+, expressa em vertentes art\u00edsticas, pol\u00edticas e de visibilidade. \u201cJorge Laffond foi um dos nossos que contribuiu muito com sua for\u00e7a art\u00edstica e de resist\u00eancia. Inspirados por ele, queremos ver mais e mais pessoas LGBTQIA+ e aliadas com suas trajet\u00f3rias reconhecidas e celebradas\u201d, destaca Ruth Venceremos, uma das diretoras do Distrito Drag. Em edi\u00e7\u00f5es anteriores, o Pr\u00eamio Jorge Laffond, j\u00e1 homenageou personalidades como Maria Gad\u00fa, Erika Hilton, Bianca Dellafancy, Marcinha do Corintho, Keila Simpson, Ivan Baron, Symmy Larrat, Margareth Menezes, Diego Martins e Amaury Lorenzo. Veja a lista dos homenageados do Pr\u00eamio Jorge Laffond 2025: Arte transformista: Ginger Mc.Gaffney (DF) Cultura Ballroom: Ursula (DF) Narrativas dissidentes: Renan Quinalha (SP) Cinema e Audiovisual: Raphael Montes (RJ) Artes Visuais: Rafael da Esc\u00f3ssia (DF) Comunica\u00e7\u00e3o: Daniel Adjuto (DF) Orgulho: Leci Brand\u00e3o (RJ) Hist\u00f3ria e Mem\u00f3ria: Document\u00e1rio: Um Salto Alto &#8211; A Hist\u00f3ria da Arte Transformista do Distrito Federal Milit\u00e2ncia LGBTQIA+: Lucci Laporta (DF) Moda e Beleza: Fernando Lackman (DF) M\u00fasica: Liniker (SP) Parlamentar aliado\/a: Max Maciel (DF) Parlamentar LGBTQIA+: Daiana Santos (RS) Produ\u00e7\u00e3o Cultural: Ava Scherdien (DF) Iniciativa Cultural: Bloco Baile da Piki (DF) Quem v\u00ea close n\u00e3o v\u00ea corre: Pagod\u00e3o Delas (DF) Pol\u00edticas P\u00fablicas: Governo do Estado do Cear\u00e1 Drag revela\u00e7\u00e3o: GG Limona (DF) Faz a diferen\u00e7a: Lu\u00eds Roberto Barroso (PB) Promo\u00e7\u00e3o e Defesa dos Direitos Humanos: Maca\u00e9 Evaristo (MG) Consultoria em Diversidade e Inclus\u00e3o: Ricardo Sales (SP) Vamos prestigiar? Pr\u00eamio Jorge Lafond \/ Teatro Nacional Cl\u00e1udio Santoro (Setor Cultural Norte, Via N2) \/\u00a04 de abril &#8211; 19h30 \/ Entrada gratuita &#8211; pelo Sympla Fotos: Divulga\u00e7\u00e3o"}

Prêmio Jorge Laffond: um viva à diversidade! - LACKMAN &amp; CO.

<blockquote class="wp-embedded-content" data-secret="XMy0fm1u62"><a href="https://lackman.com.br/index.php/2025/03/28/premio-jorge-laffond-um-viva-a-diversidade/">Prêmio Jorge Laffond: um viva à diversidade!</a></blockquote><iframe sandbox="allow-scripts" security="restricted" src="https://lackman.com.br/index.php/2025/03/28/premio-jorge-laffond-um-viva-a-diversidade/embed/#?secret=XMy0fm1u62" width="600" height="338" title="&#8220;Prêmio Jorge Laffond: um viva à diversidade!&#8221; &#8212; LACKMAN &amp; CO." data-secret="XMy0fm1u62" frameborder="0" marginwidth="0" marginheight="0" scrolling="no" class="wp-embedded-content"></iframe><script>
/*! This file is auto-generated */
!function(d,l){"use strict";l.querySelector&&d.addEventListener&&"undefined"!=typeof URL&&(d.wp=d.wp||{},d.wp.receiveEmbedMessage||(d.wp.receiveEmbedMessage=function(e){var t=e.data;if((t||t.secret||t.message||t.value)&&!/[^a-zA-Z0-9]/.test(t.secret)){for(var s,r,n,a=l.querySelectorAll('iframe[data-secret="'+t.secret+'"]'),o=l.querySelectorAll('blockquote[data-secret="'+t.secret+'"]'),c=new RegExp("^https?:$","i"),i=0;i<o.length;i++)o[i].style.display="none";for(i=0;i<a.length;i++)s=a[i],e.source===s.contentWindow&&(s.removeAttribute("style"),"height"===t.message?(1e3<(r=parseInt(t.value,10))?r=1e3:~~r<200&&(r=200),s.height=r):"link"===t.message&&(r=new URL(s.getAttribute("src")),n=new URL(t.value),c.test(n.protocol))&&n.host===r.host&&l.activeElement===s&&(d.top.location.href=t.value))}},d.addEventListener("message",d.wp.receiveEmbedMessage,!1),l.addEventListener("DOMContentLoaded",function(){for(var e,t,s=l.querySelectorAll("iframe.wp-embedded-content"),r=0;r<s.length;r++)(t=(e=s[r]).getAttribute("data-secret"))||(t=Math.random().toString(36).substring(2,12),e.src+="#?secret="+t,e.setAttribute("data-secret",t)),e.contentWindow.postMessage({message:"ready",secret:t},"*")},!1)))}(window,document);
//# sourceURL=https://lackman.com.br/wp-includes/js/wp-embed.min.js
</script>

Premiação é no dia 4 de abril, no Teatro Nacional e celebra destaques da população LGBTQIA+ na cultura e na política como Liniker, Leci Brandão, Raphael Montes e Renan Quinalha &nbsp; O coletivo Distrito Drag apresenta no dia 4 de abril, a partir das 19h30, o Prêmio Jorge Laffond. Personalidades, entidades, projetos, grupos e aliados da comunidade LGBTQIA+ recebem a homenagem no Teatro Nacional. Além da entrega dos prêmios em 21 categorias, o roteiro inclui performances da Casa de Laffond, da drag queen Naomi Leaks e da cantora Talíz. O projeto é realizado com fomento da Secretaria de Cultura e Economia Criativa do Distrito Federal (Secec-DF). Os ingressos para a cerimônia são gratuitos e podem ser retirados pela plataforma Sympla. Em sua quinta edição, o Prêmio Jorge Laffond homenageia personalidades como a cantora Liniker, na categoria música &#8211; com duas apresentações na cidade marcadas para os dias 5 e 6 de março, assunto que a Coluna #PERAMBULANDO noticiou e que você lê clicando neste link. A grande Leci Brandão é outra artista laureada, na categoria orgulho; o autor Raphael Montes (Beleza Fatal &#8211; Max), na categoria cinema e audiovisual; o advogado e ativista Renan Quinalha, na categoria narrativas dissidentes; o editor-chefe deste veículo, o jornalista Fernando Lackman (moda e beleza); e Luís Roberto Barroso, presidente do Supremo Tribunal Federal (STF). Registrar a memória LGBBTQIA+ por meio do reconhecimento a quem contribui diretamente para a cultura, política e outras áreas é o que motiva a produção do prêmio. “Para nós, o Prêmio Jorge Laffond é uma forma não somente de agradecer aos premiados por seus incríveis trabalhos prestados, como também de incentivar que mais artistas, ativistas e entidades se empenhem em lutar por causas relevantes”, define Victor Baliane, que assina a direção artística do prêmio. Nesta edição, a premiação segue com a missão de potencializar a luta e as conquistas da população LGBTQIA+, expressa em vertentes artísticas, políticas e de visibilidade. “Jorge Laffond foi um dos nossos que contribuiu muito com sua força artística e de resistência. Inspirados por ele, queremos ver mais e mais pessoas LGBTQIA+ e aliadas com suas trajetórias reconhecidas e celebradas”, destaca Ruth Venceremos, uma das diretoras do Distrito Drag. Em edições anteriores, o Prêmio Jorge Laffond, já homenageou personalidades como Maria Gadú, Erika Hilton, Bianca Dellafancy, Marcinha do Corintho, Keila Simpson, Ivan Baron, Symmy Larrat, Margareth Menezes, Diego Martins e Amaury Lorenzo. Veja a lista dos homenageados do Prêmio Jorge Laffond 2025: Arte transformista: Ginger Mc.Gaffney (DF) Cultura Ballroom: Ursula (DF) Narrativas dissidentes: Renan Quinalha (SP) Cinema e Audiovisual: Raphael Montes (RJ) Artes Visuais: Rafael da Escóssia (DF) Comunicação: Daniel Adjuto (DF) Orgulho: Leci Brandão (RJ) História e Memória: Documentário: Um Salto Alto &#8211; A História da Arte Transformista do Distrito Federal Militância LGBTQIA+: Lucci Laporta (DF) Moda e Beleza: Fernando Lackman (DF) Música: Liniker (SP) Parlamentar aliado/a: Max Maciel (DF) Parlamentar LGBTQIA+: Daiana Santos (RS) Produção Cultural: Ava Scherdien (DF) Iniciativa Cultural: Bloco Baile da Piki (DF) Quem vê close não vê corre: Pagodão Delas (DF) Políticas Públicas: Governo do Estado do Ceará Drag revelação: GG Limona (DF) Faz a diferença: Luís Roberto Barroso (PB) Promoção e Defesa dos Direitos Humanos: Macaé Evaristo (MG) Consultoria em Diversidade e Inclusão: Ricardo Sales (SP) Vamos prestigiar? Prêmio Jorge Lafond / Teatro Nacional Cláudio Santoro (Setor Cultural Norte, Via N2) / 4 de abril &#8211; 19h30 / Entrada gratuita &#8211; pelo Sympla Fotos: Divulgação
