{"version":"1.0","provider_name":"LACKMAN &amp; CO.","provider_url":"https:\/\/lackman.com.br","author_name":"Gilberto Evangelista - Colunista","author_url":"https:\/\/lackman.com.br\/index.php\/author\/gilberto-brito\/","title":"Sa\u00edram as novas regras do Eix\u00e3o do Lazer - LACKMAN &amp; CO.","type":"rich","width":600,"height":338,"html":"<blockquote class=\"wp-embedded-content\" data-secret=\"PbxJ7dXbqz\"><a href=\"https:\/\/lackman.com.br\/index.php\/2024\/10\/22\/eixao-do-lazer-confira-novas-regras\/\">Sa\u00edram as novas regras do Eix\u00e3o do Lazer<\/a><\/blockquote><iframe sandbox=\"allow-scripts\" security=\"restricted\" src=\"https:\/\/lackman.com.br\/index.php\/2024\/10\/22\/eixao-do-lazer-confira-novas-regras\/embed\/#?secret=PbxJ7dXbqz\" width=\"600\" height=\"338\" title=\"&#8220;Sa\u00edram as novas regras do Eix\u00e3o do Lazer&#8221; &#8212; LACKMAN &amp; CO.\" data-secret=\"PbxJ7dXbqz\" frameborder=\"0\" marginwidth=\"0\" marginheight=\"0\" scrolling=\"no\" class=\"wp-embedded-content\"><\/iframe><script>\n\/*! This file is auto-generated *\/\n!function(d,l){\"use strict\";l.querySelector&&d.addEventListener&&\"undefined\"!=typeof URL&&(d.wp=d.wp||{},d.wp.receiveEmbedMessage||(d.wp.receiveEmbedMessage=function(e){var t=e.data;if((t||t.secret||t.message||t.value)&&!\/[^a-zA-Z0-9]\/.test(t.secret)){for(var s,r,n,a=l.querySelectorAll('iframe[data-secret=\"'+t.secret+'\"]'),o=l.querySelectorAll('blockquote[data-secret=\"'+t.secret+'\"]'),c=new RegExp(\"^https?:$\",\"i\"),i=0;i<o.length;i++)o[i].style.display=\"none\";for(i=0;i<a.length;i++)s=a[i],e.source===s.contentWindow&&(s.removeAttribute(\"style\"),\"height\"===t.message?(1e3<(r=parseInt(t.value,10))?r=1e3:~~r<200&&(r=200),s.height=r):\"link\"===t.message&&(r=new URL(s.getAttribute(\"src\")),n=new URL(t.value),c.test(n.protocol))&&n.host===r.host&&l.activeElement===s&&(d.top.location.href=t.value))}},d.addEventListener(\"message\",d.wp.receiveEmbedMessage,!1),l.addEventListener(\"DOMContentLoaded\",function(){for(var e,t,s=l.querySelectorAll(\"iframe.wp-embedded-content\"),r=0;r<s.length;r++)(t=(e=s[r]).getAttribute(\"data-secret\"))||(t=Math.random().toString(36).substring(2,12),e.src+=\"#?secret=\"+t,e.setAttribute(\"data-secret\",t)),e.contentWindow.postMessage({message:\"ready\",secret:t},\"*\")},!1)))}(window,document);\n\/\/# sourceURL=https:\/\/lackman.com.br\/wp-includes\/js\/wp-embed.min.js\n<\/script>\n","thumbnail_url":"http:\/\/lackman.com.br\/wp-content\/uploads\/2024\/10\/53667445147_9c089b7862_k.jpg","thumbnail_width":2048,"thumbnail_height":1365,"description":"N\u00e3o \u00e9 novidade para ningu\u00e9m que o Eix\u00e3o do Lazer est\u00e1 no meio de uma novela pela sua manuten\u00e7\u00e3o. E por isso mesmo, a Coluna #PERAMBULANDO est\u00e1 atenta \u00e0 situa\u00e7\u00e3o, enquanto torce por um bom desfecho que garanta a continuidade desse espa\u00e7o plural de divers\u00e3o para toda a popula\u00e7\u00e3o. E mais um cap\u00edtulo se passou\u00a0 com a publica\u00e7\u00e3o de uma normatiza\u00e7\u00e3o no DODF, hoje cedo. Com texto de Tha\u00eds Miranda e Ian Ferraz, da Ag\u00eancia Bras\u00edlia, voc\u00ea fica por dentro dos principais pontos da situa\u00e7\u00e3o. O Governo do Distrito Federal (GDF), por meio do Departamento de Estradas de Rodagem (DER-DF), publicou, nesta ter\u00e7a-feira (22), a\u00a0instru\u00e7\u00e3o normativa n\u00ba 03\/2024, que estabelece os procedimentos e crit\u00e9rios para a regulamenta\u00e7\u00e3o do Plano de Uso e Ocupa\u00e7\u00e3o do Eix\u00e3o do Lazer.\u00a0\u00a0A iniciativa busca organizar as atividades realizadas na \u00e1rea p\u00fablica, que abrange os eixos rodovi\u00e1rios Norte e Sul (DF-002), garantindo lazer seguro e bem estruturado para a popula\u00e7\u00e3o. O Eix\u00e3o do Lazer \u00e9 realizado aos domingos e feriados, entre as 6h e as 18h, per\u00edodo em que o tr\u00e2nsito de ve\u00edculos \u00e9 interrompido para dar espa\u00e7o a pr\u00e1ticas recreativas como caminhadas, corridas, ciclismo, skate e patins. Segundo a normativa, eventos com m\u00fasica ao vivo ou uso de equipamentos de som amplificados s\u00f3 poder\u00e3o ocorrer entre as 10h e as 17h. A montagem de estruturas f\u00edsicas deve ser feita at\u00e9 as 10h, enquanto a desmontagem deve ser finalizada at\u00e9 as 18h. A responsabilidade pela gest\u00e3o e fiscaliza\u00e7\u00e3o das atividades ser\u00e1 do DER-DF, que contar\u00e1 com a colabora\u00e7\u00e3o de outros \u00f3rg\u00e3os do governo local. O n\u00e3o cumprimento das normas estabelecidas acarretar\u00e1 advert\u00eancias, multas, apreens\u00e3o de material e, em casos recorrentes, suspens\u00e3o ou cassa\u00e7\u00e3o da autoriza\u00e7\u00e3o de uso. Al\u00e9m das atividades permitidas, a normativa define restri\u00e7\u00f5es para preservar o espa\u00e7o p\u00fablico. Fica proibido, por exemplo, o uso de estruturas fixadas no asfalto e em \u00e1reas verdes, bem como o estacionamento de ve\u00edculos fora das \u00e1reas designadas. O texto tamb\u00e9m veta a utiliza\u00e7\u00e3o de geradores barulhentos, fogos de artif\u00edcio, bebidas em garrafas de vidro e alimentos em embalagens pontiagudas. Licenciamento Os ambulantes que desejarem atuar no Eix\u00e3o precisar\u00e3o de licenciamento espec\u00edfico, devendo garantir a limpeza do espa\u00e7o utilizado. A fiscaliza\u00e7\u00e3o ser\u00e1 intensificada para evitar irregularidades, como o uso inadequado da \u00e1rea ou a comercializa\u00e7\u00e3o de produtos n\u00e3o autorizados. Infra\u00e7\u00f5es reincidentes poder\u00e3o resultar na suspens\u00e3o do direito de uso. O objetivo do plano \u00e9 assegurar que o Eix\u00e3o se mantenha como um espa\u00e7o p\u00fablico organizado e seguro. Todas as diretrizes e informa\u00e7\u00f5es complementares sobre a regulamenta\u00e7\u00e3o estar\u00e3o dispon\u00edveis no site oficial do DER-DF. H\u00e1 33 anos, o Eix\u00e3o do Lazer \u00e9 um ponto de encontro democr\u00e1tico da popula\u00e7\u00e3o brasiliense ao longo dos 14 km da via que corta Bras\u00edlia de Norte a Sul. Inaugurado oficialmente em 1990, o local tem o\u00a0 DER\/DF como respons\u00e1vel pelo fechamento semanal da via para o tr\u00e1fego de ve\u00edculos aos domingos e feriados, das 6h \u00e0s 18h. Com a publica\u00e7\u00e3o, o GDF garante a continuidade das atividades culturais que marcam o Eix\u00e3o do Lazer em respeito ao ordenamento urbano. Fotos: Paulo H. Carvalho\/Ag\u00eancia Bras\u00edlia"}

Saíram as novas regras do Eixão do Lazer - LACKMAN &amp; CO.

<blockquote class="wp-embedded-content" data-secret="PbxJ7dXbqz"><a href="https://lackman.com.br/index.php/2024/10/22/eixao-do-lazer-confira-novas-regras/">Saíram as novas regras do Eixão do Lazer</a></blockquote><iframe sandbox="allow-scripts" security="restricted" src="https://lackman.com.br/index.php/2024/10/22/eixao-do-lazer-confira-novas-regras/embed/#?secret=PbxJ7dXbqz" width="600" height="338" title="&#8220;Saíram as novas regras do Eixão do Lazer&#8221; &#8212; LACKMAN &amp; CO." data-secret="PbxJ7dXbqz" frameborder="0" marginwidth="0" marginheight="0" scrolling="no" class="wp-embedded-content"></iframe><script>
/*! This file is auto-generated */
!function(d,l){"use strict";l.querySelector&&d.addEventListener&&"undefined"!=typeof URL&&(d.wp=d.wp||{},d.wp.receiveEmbedMessage||(d.wp.receiveEmbedMessage=function(e){var t=e.data;if((t||t.secret||t.message||t.value)&&!/[^a-zA-Z0-9]/.test(t.secret)){for(var s,r,n,a=l.querySelectorAll('iframe[data-secret="'+t.secret+'"]'),o=l.querySelectorAll('blockquote[data-secret="'+t.secret+'"]'),c=new RegExp("^https?:$","i"),i=0;i<o.length;i++)o[i].style.display="none";for(i=0;i<a.length;i++)s=a[i],e.source===s.contentWindow&&(s.removeAttribute("style"),"height"===t.message?(1e3<(r=parseInt(t.value,10))?r=1e3:~~r<200&&(r=200),s.height=r):"link"===t.message&&(r=new URL(s.getAttribute("src")),n=new URL(t.value),c.test(n.protocol))&&n.host===r.host&&l.activeElement===s&&(d.top.location.href=t.value))}},d.addEventListener("message",d.wp.receiveEmbedMessage,!1),l.addEventListener("DOMContentLoaded",function(){for(var e,t,s=l.querySelectorAll("iframe.wp-embedded-content"),r=0;r<s.length;r++)(t=(e=s[r]).getAttribute("data-secret"))||(t=Math.random().toString(36).substring(2,12),e.src+="#?secret="+t,e.setAttribute("data-secret",t)),e.contentWindow.postMessage({message:"ready",secret:t},"*")},!1)))}(window,document);
//# sourceURL=https://lackman.com.br/wp-includes/js/wp-embed.min.js
</script>

Não é novidade para ninguém que o Eixão do Lazer está no meio de uma novela pela sua manutenção. E por isso mesmo, a Coluna #PERAMBULANDO está atenta à situação, enquanto torce por um bom desfecho que garanta a continuidade desse espaço plural de diversão para toda a população. E mais um capítulo se passou  com a publicação de uma normatização no DODF, hoje cedo. Com texto de Thaís Miranda e Ian Ferraz, da Agência Brasília, você fica por dentro dos principais pontos da situação. O Governo do Distrito Federal (GDF), por meio do Departamento de Estradas de Rodagem (DER-DF), publicou, nesta terça-feira (22), a instrução normativa nº 03/2024, que estabelece os procedimentos e critérios para a regulamentação do Plano de Uso e Ocupação do Eixão do Lazer.  A iniciativa busca organizar as atividades realizadas na área pública, que abrange os eixos rodoviários Norte e Sul (DF-002), garantindo lazer seguro e bem estruturado para a população. O Eixão do Lazer é realizado aos domingos e feriados, entre as 6h e as 18h, período em que o trânsito de veículos é interrompido para dar espaço a práticas recreativas como caminhadas, corridas, ciclismo, skate e patins. Segundo a normativa, eventos com música ao vivo ou uso de equipamentos de som amplificados só poderão ocorrer entre as 10h e as 17h. A montagem de estruturas físicas deve ser feita até as 10h, enquanto a desmontagem deve ser finalizada até as 18h. A responsabilidade pela gestão e fiscalização das atividades será do DER-DF, que contará com a colaboração de outros órgãos do governo local. O não cumprimento das normas estabelecidas acarretará advertências, multas, apreensão de material e, em casos recorrentes, suspensão ou cassação da autorização de uso. Além das atividades permitidas, a normativa define restrições para preservar o espaço público. Fica proibido, por exemplo, o uso de estruturas fixadas no asfalto e em áreas verdes, bem como o estacionamento de veículos fora das áreas designadas. O texto também veta a utilização de geradores barulhentos, fogos de artifício, bebidas em garrafas de vidro e alimentos em embalagens pontiagudas. Licenciamento Os ambulantes que desejarem atuar no Eixão precisarão de licenciamento específico, devendo garantir a limpeza do espaço utilizado. A fiscalização será intensificada para evitar irregularidades, como o uso inadequado da área ou a comercialização de produtos não autorizados. Infrações reincidentes poderão resultar na suspensão do direito de uso. O objetivo do plano é assegurar que o Eixão se mantenha como um espaço público organizado e seguro. Todas as diretrizes e informações complementares sobre a regulamentação estarão disponíveis no site oficial do DER-DF. Há 33 anos, o Eixão do Lazer é um ponto de encontro democrático da população brasiliense ao longo dos 14 km da via que corta Brasília de Norte a Sul. Inaugurado oficialmente em 1990, o local tem o  DER/DF como responsável pelo fechamento semanal da via para o tráfego de veículos aos domingos e feriados, das 6h às 18h. Com a publicação, o GDF garante a continuidade das atividades culturais que marcam o Eixão do Lazer em respeito ao ordenamento urbano. Fotos: Paulo H. Carvalho/Agência Brasília
