{"version":"1.0","provider_name":"LACKMAN &amp; CO.","provider_url":"https:\/\/lackman.com.br","author_name":"Gilberto Evangelista - Colunista","author_url":"https:\/\/lackman.com.br\/index.php\/author\/gilberto-brito\/","title":"Em Cartaz: 100 Anos Fernando Sabino - LACKMAN &amp; CO.","type":"rich","width":600,"height":338,"html":"<blockquote class=\"wp-embedded-content\" data-secret=\"apJ5W9rnKL\"><a href=\"https:\/\/lackman.com.br\/index.php\/2024\/10\/08\/em-cartaz-100-anos-fernando-sabino\/\">Em Cartaz: 100 Anos Fernando Sabino<\/a><\/blockquote><iframe sandbox=\"allow-scripts\" security=\"restricted\" src=\"https:\/\/lackman.com.br\/index.php\/2024\/10\/08\/em-cartaz-100-anos-fernando-sabino\/embed\/#?secret=apJ5W9rnKL\" width=\"600\" height=\"338\" title=\"&#8220;Em Cartaz: 100 Anos Fernando Sabino&#8221; &#8212; LACKMAN &amp; CO.\" data-secret=\"apJ5W9rnKL\" frameborder=\"0\" marginwidth=\"0\" marginheight=\"0\" scrolling=\"no\" class=\"wp-embedded-content\"><\/iframe><script>\n\/*! This file is auto-generated *\/\n!function(d,l){\"use strict\";l.querySelector&&d.addEventListener&&\"undefined\"!=typeof URL&&(d.wp=d.wp||{},d.wp.receiveEmbedMessage||(d.wp.receiveEmbedMessage=function(e){var t=e.data;if((t||t.secret||t.message||t.value)&&!\/[^a-zA-Z0-9]\/.test(t.secret)){for(var s,r,n,a=l.querySelectorAll('iframe[data-secret=\"'+t.secret+'\"]'),o=l.querySelectorAll('blockquote[data-secret=\"'+t.secret+'\"]'),c=new RegExp(\"^https?:$\",\"i\"),i=0;i<o.length;i++)o[i].style.display=\"none\";for(i=0;i<a.length;i++)s=a[i],e.source===s.contentWindow&&(s.removeAttribute(\"style\"),\"height\"===t.message?(1e3<(r=parseInt(t.value,10))?r=1e3:~~r<200&&(r=200),s.height=r):\"link\"===t.message&&(r=new URL(s.getAttribute(\"src\")),n=new URL(t.value),c.test(n.protocol))&&n.host===r.host&&l.activeElement===s&&(d.top.location.href=t.value))}},d.addEventListener(\"message\",d.wp.receiveEmbedMessage,!1),l.addEventListener(\"DOMContentLoaded\",function(){for(var e,t,s=l.querySelectorAll(\"iframe.wp-embedded-content\"),r=0;r<s.length;r++)(t=(e=s[r]).getAttribute(\"data-secret\"))||(t=Math.random().toString(36).substring(2,12),e.src+=\"#?secret=\"+t,e.setAttribute(\"data-secret\",t)),e.contentWindow.postMessage({message:\"ready\",secret:t},\"*\")},!1)))}(window,document);\n\/\/# sourceURL=https:\/\/lackman.com.br\/wp-includes\/js\/wp-embed.min.js\n<\/script>\n","thumbnail_url":"http:\/\/lackman.com.br\/wp-content\/uploads\/2024\/10\/Fernando-Sabino-em-seu-apartamento-em-Copacabana_Acervo-Pessoal_.jpg","thumbnail_width":1748,"thumbnail_height":1240,"description":"Mostra de cinema celebra a obra do escritor com programa\u00e7\u00e3o gratuita que inclui filmes, leituras de cr\u00f4nicas e rodas de conversa Famoso pelas suas cr\u00f4nicas bem-humoradas, o escritor mineiro Fernando Sabino faria 100 anos em 12 de outubro de 2023.\u00a0 O centen\u00e1rio foi oficialmente reconhecido pelo presidente da rep\u00fablica, que sancionou a lei que institui o ano de 2024 como o Ano Nacional Fernando Sabino.\u00a0E para celebrar este centen\u00e1rio o Distrito Federal recebe, de 10 a 16 de outubro, a Mostra de Cinema 100 anos de Fernando Sabino. O evento, realizado quase que simultaneamente no Cine Bras\u00edlia, no SESC Ceil\u00e2ndia e SESC Taguatinga Norte, exibe longas e curtas-metragens inspirados na obra do escritor, todos legendados. Entre os longas, as duas vers\u00f5es de O Homem Nu \u2013 uma de 1968, dirigida por Roberto Santos, e outra de 1997, dirigida por Hugo Carvana, al\u00e9m de O Grande Mentecapto (1989), de Oswaldo Caldeira, e Faca de Dois Gumes (1989), de Murilo Salles. E a abertura oficial \u2013 que est\u00e1 marcada para o dia 10 de outubro, \u00e0s 10h, no Cine Bras\u00edlia \u2013 contar\u00e1 com a presen\u00e7a de Bernardo Sabino,\u00a0 filho de Fernando Sabino, e da Secret\u00e1ria de Educa\u00e7\u00e3o do Distrito Federal, H\u00e9lvia Paranagu\u00e1, que far\u00e1 leitura da cr\u00f4nica Dona Cust\u00f3dia, do autor homenageado. A programa\u00e7\u00e3o da mostra inclui, ainda, uma s\u00e9rie de document\u00e1rios em curta-metragem dirigidos pelo pr\u00f3prio Sabino, em parceria com o cineasta David Neves, que mergulham no cotidiano de grandes escritores brasileiros como M\u00e1rio de Andrade, Jorge Amado, Vinicius de Moraes, Clarice Lispector e Carlos Drummond de Andrade.\u00a0Para al\u00e9m do audiovisual, a programa\u00e7\u00e3o ter\u00e1 atividades educativas que tem como foco a leitura das cr\u00f4nicas levadas \u00e0s telas. E o que \u00e9 melhor \u00e9 que ser\u00e3o feitas antes da sess\u00e3o do curta correspondente e por artistas, cineastas e educadores da cidade. O Grande Mentecapto Entre os convidados est\u00e3o o rapper GOG, a escritora Dinor\u00e1 Couto Can\u00e7ado, o ator Simili\u00e3o Aur\u00e9lio, a cineasta Cibele Amaral, a Drag La Rubia e a produtora cultural surda Bia Cruz. J\u00e1 as sess\u00f5es matutinas e vespertinas durante a semana ter\u00e3o como convidados alunos de escolas p\u00fablicas do DF. Essas institui\u00e7\u00f5es de ensino, por sinal, dedicar\u00e3o o m\u00eas de outubro a atividades liter\u00e1rias que ter\u00e3o como tema a obra do escritor. Outra participa\u00e7\u00e3o ilustre no projeto \u00e9 a do cineasta Vladimir Carvalho. No dia 13 de outubro, \u00e0s 19h, no Cine Bras\u00edlia, o famoso documentarista far\u00e1 a apresenta\u00e7\u00e3o do document\u00e1rio Romancista ao Norte, de Fernando Sabino e David Neves, cujo protagonista \u00e9 o escritor Jos\u00e9 Am\u00e9rico de Almeida, conhecido pelo romance A Bagaceira, que inaugurou o regionalismo na literatura brasileira moderna. Vladimir Carvalho, ali\u00e1s, estar\u00e1 junto com Bernardo Sabino, no debate promovido ap\u00f3s a mesma sess\u00e3o, que inclui o longa Faca de Dois Gumes, de Murilo Salles. Dia das Crian\u00e7as \u201cQuando era menino, me perguntavam o que eu queria ser quando crescesse. Se me perguntassem hoje, responderia: quando crescer, quero ser menino\u201d, assim falou Fernando Sabino no romance O Menino no Espelho. Por coincid\u00eancia, Sabino nasceu no Dia das Crian\u00e7as. Por conta disso, a mostra apresenta no dia 12 de outubro uma programa\u00e7\u00e3o especial para a garotada. No Cine Bras\u00edlia, s\u00e1bado e domingo, em sess\u00f5es de manh\u00e3 e \u00e0 tarde, ser\u00e1 exibido o longa-metragem O Menino no Espelho, produ\u00e7\u00e3o de 2012 dirigida por Guilherme Fi\u00faza. O filme \u00e9 passado na Belo Horizonte dos anos 1930. Fernando \u00e9 um garoto de 10 anos que est\u00e1 cansado de fazer as coisas chatas da vida. Seu sonho era criar um s\u00f3sia, que ficasse com estas tarefas enquanto ele pudesse se divertir \u00e0 vontade. Para garantir acesso a todos os p\u00fablicos, a sess\u00e3o da tarde no Cine Bras\u00edlia contar\u00e1 com todos os recursos de acessibilidade: legendas inclusivas, audiodescri\u00e7\u00e3o e janela de libras. Tamb\u00e9m haver\u00e1 adapta\u00e7\u00e3o de luminosidade e som para receber pessoas com neurodiverg\u00eancia.\u00a0Enquanto isso, a garotada de Ceil\u00e2ndia tamb\u00e9m ser\u00e1 contemplada com sess\u00f5es especiais no fim de semana do Dia das Crian\u00e7as no SESC, que incluem os curtas-metragens Galinha ao Molho Pardo e Meu Melhor Amigo, al\u00e9m do longa O Menino no Espelho. Em tempo, a Mostra de Cinema 100 Anos de Fernando Sabino \u00e9 realizada com recursos da Lei Paulo Gustavo, Minist\u00e9rio da Cultura e Governo Federal, com apoio da Secretaria de Cultura e Economia Criativa do DF (Secec\/DF) e Governo do Distrito Federal (GDF). &nbsp; Perambulando com Sabino Mostra de Cinema 100 Anos de Fernando Sabino \/ De 10 a 16 de outubro \u2013 Cine Bras\u00edlia \/\u00a0De 10 a 13 de outubro \u2013 SESC Ceil\u00e2ndia De 14 a 16 de outubro \u2013 SESC Taguatinga Norte \/\u00a0Entrada gratuita \/ Programa\u00e7\u00e3o completa com hor\u00e1rios em @mostrafernandosabino Fotos: Divulga\u00e7\u00e3o"}

Mostra de cinema celebra a obra do escritor com programação gratuita que inclui filmes, leituras de crônicas e rodas de conversa Famoso pelas suas crônicas bem-humoradas, o escritor mineiro Fernando Sabino faria 100 anos em 12 de outubro de 2023.  O centenário foi oficialmente reconhecido pelo presidente da república, que sancionou a lei que institui o ano de 2024 como o Ano Nacional Fernando Sabino. E para celebrar este centenário o Distrito Federal recebe, de 10 a 16 de outubro, a Mostra de Cinema 100 anos de Fernando Sabino. O evento, realizado quase que simultaneamente no Cine Brasília, no SESC Ceilândia e SESC Taguatinga Norte, exibe longas e curtas-metragens inspirados na obra do escritor, todos legendados. Entre os longas, as duas versões de O Homem Nu – uma de 1968, dirigida por Roberto Santos, e outra de 1997, dirigida por Hugo Carvana, além de O Grande Mentecapto (1989), de Oswaldo Caldeira, e Faca de Dois Gumes (1989), de Murilo Salles. E a abertura oficial – que está marcada para o dia 10 de outubro, às 10h, no Cine Brasília – contará com a presença de Bernardo Sabino,  filho de Fernando Sabino, e da Secretária de Educação do Distrito Federal, Hélvia Paranaguá, que fará leitura da crônica Dona Custódia, do autor homenageado. A programação da mostra inclui, ainda, uma série de documentários em curta-metragem dirigidos pelo próprio Sabino, em parceria com o cineasta David Neves, que mergulham no cotidiano de grandes escritores brasileiros como Mário de Andrade, Jorge Amado, Vinicius de Moraes, Clarice Lispector e Carlos Drummond de Andrade. Para além do audiovisual, a programação terá atividades educativas que tem como foco a leitura das crônicas levadas às telas. E o que é melhor é que serão feitas antes da sessão do curta correspondente e por artistas, cineastas e educadores da cidade. O Grande Mentecapto Entre os convidados estão o rapper GOG, a escritora Dinorá Couto Cançado, o ator Similião Aurélio, a cineasta Cibele Amaral, a Drag La Rubia e a produtora cultural surda Bia Cruz. Já as sessões matutinas e vespertinas durante a semana terão como convidados alunos de escolas públicas do DF. Essas instituições de ensino, por sinal, dedicarão o mês de outubro a atividades literárias que terão como tema a obra do escritor. Outra participação ilustre no projeto é a do cineasta Vladimir Carvalho. No dia 13 de outubro, às 19h, no Cine Brasília, o famoso documentarista fará a apresentação do documentário Romancista ao Norte, de Fernando Sabino e David Neves, cujo protagonista é o escritor José Américo de Almeida, conhecido pelo romance A Bagaceira, que inaugurou o regionalismo na literatura brasileira moderna. Vladimir Carvalho, aliás, estará junto com Bernardo Sabino, no debate promovido após a mesma sessão, que inclui o longa Faca de Dois Gumes, de Murilo Salles. Dia das Crianças “Quando era menino, me perguntavam o que eu queria ser quando crescesse. Se me perguntassem hoje, responderia: quando crescer, quero ser menino”, assim falou Fernando Sabino no romance O Menino no Espelho. Por coincidência, Sabino nasceu no Dia das Crianças. Por conta disso, a mostra apresenta no dia 12 de outubro uma programação especial para a garotada. No Cine Brasília, sábado e domingo, em sessões de manhã e à tarde, será exibido o longa-metragem O Menino no Espelho, produção de 2012 dirigida por Guilherme Fiúza. O filme é passado na Belo Horizonte dos anos 1930. Fernando é um garoto de 10 anos que está cansado de fazer as coisas chatas da vida. Seu sonho era criar um sósia, que ficasse com estas tarefas enquanto ele pudesse se divertir à vontade. Para garantir acesso a todos os públicos, a sessão da tarde no Cine Brasília contará com todos os recursos de acessibilidade: legendas inclusivas, audiodescrição e janela de libras. Também haverá adaptação de luminosidade e som para receber pessoas com neurodivergência. Enquanto isso, a garotada de Ceilândia também será contemplada com sessões especiais no fim de semana do Dia das Crianças no SESC, que incluem os curtas-metragens Galinha ao Molho Pardo e Meu Melhor Amigo, além do longa O Menino no Espelho. Em tempo, a Mostra de Cinema 100 Anos de Fernando Sabino é realizada com recursos da Lei Paulo Gustavo, Ministério da Cultura e Governo Federal, com apoio da Secretaria de Cultura e Economia Criativa do DF (Secec/DF) e Governo do Distrito Federal (GDF). &nbsp; Perambulando com Sabino Mostra de Cinema 100 Anos de Fernando Sabino / De 10 a 16 de outubro – Cine Brasília / De 10 a 13 de outubro – SESC Ceilândia De 14 a 16 de outubro – SESC Taguatinga Norte / Entrada gratuita / Programação completa com horários em @mostrafernandosabino Fotos: Divulgação
