{"version":"1.0","provider_name":"LACKMAN &amp; CO.","provider_url":"https:\/\/lackman.com.br","author_name":"Gilberto Evangelista - Colunista","author_url":"https:\/\/lackman.com.br\/index.php\/author\/gilberto-brito\/","title":"Para renovar o seu lar - LACKMAN &amp; CO.","type":"rich","width":600,"height":338,"html":"<blockquote class=\"wp-embedded-content\" data-secret=\"t3o9m1Zzie\"><a href=\"https:\/\/lackman.com.br\/index.php\/2024\/09\/21\/para-renovar-o-seu-lar\/\">Para renovar o seu lar<\/a><\/blockquote><iframe sandbox=\"allow-scripts\" security=\"restricted\" src=\"https:\/\/lackman.com.br\/index.php\/2024\/09\/21\/para-renovar-o-seu-lar\/embed\/#?secret=t3o9m1Zzie\" width=\"600\" height=\"338\" title=\"&#8220;Para renovar o seu lar&#8221; &#8212; LACKMAN &amp; CO.\" data-secret=\"t3o9m1Zzie\" frameborder=\"0\" marginwidth=\"0\" marginheight=\"0\" scrolling=\"no\" class=\"wp-embedded-content\"><\/iframe><script>\n\/*! This file is auto-generated *\/\n!function(d,l){\"use strict\";l.querySelector&&d.addEventListener&&\"undefined\"!=typeof URL&&(d.wp=d.wp||{},d.wp.receiveEmbedMessage||(d.wp.receiveEmbedMessage=function(e){var t=e.data;if((t||t.secret||t.message||t.value)&&!\/[^a-zA-Z0-9]\/.test(t.secret)){for(var s,r,n,a=l.querySelectorAll('iframe[data-secret=\"'+t.secret+'\"]'),o=l.querySelectorAll('blockquote[data-secret=\"'+t.secret+'\"]'),c=new RegExp(\"^https?:$\",\"i\"),i=0;i<o.length;i++)o[i].style.display=\"none\";for(i=0;i<a.length;i++)s=a[i],e.source===s.contentWindow&&(s.removeAttribute(\"style\"),\"height\"===t.message?(1e3<(r=parseInt(t.value,10))?r=1e3:~~r<200&&(r=200),s.height=r):\"link\"===t.message&&(r=new URL(s.getAttribute(\"src\")),n=new URL(t.value),c.test(n.protocol))&&n.host===r.host&&l.activeElement===s&&(d.top.location.href=t.value))}},d.addEventListener(\"message\",d.wp.receiveEmbedMessage,!1),l.addEventListener(\"DOMContentLoaded\",function(){for(var e,t,s=l.querySelectorAll(\"iframe.wp-embedded-content\"),r=0;r<s.length;r++)(t=(e=s[r]).getAttribute(\"data-secret\"))||(t=Math.random().toString(36).substring(2,12),e.src+=\"#?secret=\"+t,e.setAttribute(\"data-secret\",t)),e.contentWindow.postMessage({message:\"ready\",secret:t},\"*\")},!1)))}(window,document);\n\/\/# sourceURL=https:\/\/lackman.com.br\/wp-includes\/js\/wp-embed.min.js\n<\/script>\n","thumbnail_url":"http:\/\/lackman.com.br\/wp-content\/uploads\/2024\/09\/RENOVA_CASAPARK-64-scaled.jpg","thumbnail_width":2560,"thumbnail_height":1652,"description":"At\u00e9 o pr\u00f3ximo dia 25 de outubro, acontece a primeira edi\u00e7\u00e3o do Renova Casapark, uma a\u00e7\u00e3o que incentiva aqueles que j\u00e1 est\u00e3o na vibe de preparar a casa para as festas de fim de ano. \u201cEstamos a pouco mais de tr\u00eas meses do Natal e do Ano Novo. A compra de mobili\u00e1rio como sof\u00e1, cadeira, cama e m\u00f3veis planejados, por exemplo, exige planejamento e tempo, dois grandes aliados para quem gosta de receber em casa e quer fazer as melhores escolhas e neg\u00f3cios\u201d, diz Ivana Valen\u00e7a, diretora de marketing do Casapark.\u00a0 \u00a0 Junto com a campanha, foi inaugurada uma exposi\u00e7\u00e3o que ocupa a pra\u00e7a central do mall, com curadoria das designers Angela Borsoi e Sonia Lacombe. Em formato angular, um expositor re\u00fane pe\u00e7as de 16 lojas do shopping, que resumem um pouco do que o centro comercial tem a oferecer em termos de qualidade do design e sua atemporalidade, al\u00e9m de, de alguma maneira, estarem ligadas a pr\u00e1ticas sustent\u00e1veis. \u201cS\u00e3o produtos eco-friendly ou que fazem parte da economia circular, uma pr\u00e1tica que preza pela produ\u00e7\u00e3o e comercializa\u00e7\u00e3o de produtos em sua regi\u00e3o\u201d, explicam Borsoi e Lacombe. Profissionais, clientes e amantes do mundo da decora\u00e7\u00e3o prestigiaram a abertura oficial do evento, que foi marcada por um charmoso happening regado a vinhos, espumantes e del\u00edcias do Marieta Caf\u00e9, tudo embalado pela discotecagem do DJ Daniel. E se voc\u00ea ficou interessado em ir #PERAMBULANDO at\u00e9 l\u00e1 para conferir pessoalmente, saiba que a mostra fica em cartaz at\u00e9 o dia 4 de outubro, com entrada gratuita e aberta a todos os p\u00fablicos. Saiba mais no @casapark. Fotos: C\u00e9sar Rebou\u00e7as"}

Até o próximo dia 25 de outubro, acontece a primeira edição do Renova Casapark, uma ação que incentiva aqueles que já estão na vibe de preparar a casa para as festas de fim de ano. “Estamos a pouco mais de três meses do Natal e do Ano Novo. A compra de mobiliário como sofá, cadeira, cama e móveis planejados, por exemplo, exige planejamento e tempo, dois grandes aliados para quem gosta de receber em casa e quer fazer as melhores escolhas e negócios”, diz Ivana Valença, diretora de marketing do Casapark.    Junto com a campanha, foi inaugurada uma exposição que ocupa a praça central do mall, com curadoria das designers Angela Borsoi e Sonia Lacombe. Em formato angular, um expositor reúne peças de 16 lojas do shopping, que resumem um pouco do que o centro comercial tem a oferecer em termos de qualidade do design e sua atemporalidade, além de, de alguma maneira, estarem ligadas a práticas sustentáveis. “São produtos eco-friendly ou que fazem parte da economia circular, uma prática que preza pela produção e comercialização de produtos em sua região”, explicam Borsoi e Lacombe. Profissionais, clientes e amantes do mundo da decoração prestigiaram a abertura oficial do evento, que foi marcada por um charmoso happening regado a vinhos, espumantes e delícias do Marieta Café, tudo embalado pela discotecagem do DJ Daniel. E se você ficou interessado em ir #PERAMBULANDO até lá para conferir pessoalmente, saiba que a mostra fica em cartaz até o dia 4 de outubro, com entrada gratuita e aberta a todos os públicos. Saiba mais no @casapark. Fotos: César Rebouças
