{"version":"1.0","provider_name":"LACKMAN &amp; CO.","provider_url":"https:\/\/lackman.com.br","author_name":"Gilberto Evangelista - Colunista","author_url":"https:\/\/lackman.com.br\/index.php\/author\/gilberto-brito\/","title":"L\u00edder de bilheteria na Semana do Cinema - LACKMAN &amp; CO.","type":"rich","width":600,"height":338,"html":"<blockquote class=\"wp-embedded-content\" data-secret=\"tsLKzLFQFN\"><a href=\"https:\/\/lackman.com.br\/index.php\/2024\/09\/16\/lider-de-bilheteria-na-semana-do-cinema\/\">L\u00edder de bilheteria na Semana do Cinema<\/a><\/blockquote><iframe sandbox=\"allow-scripts\" security=\"restricted\" src=\"https:\/\/lackman.com.br\/index.php\/2024\/09\/16\/lider-de-bilheteria-na-semana-do-cinema\/embed\/#?secret=tsLKzLFQFN\" width=\"600\" height=\"338\" title=\"&#8220;L\u00edder de bilheteria na Semana do Cinema&#8221; &#8212; LACKMAN &amp; CO.\" data-secret=\"tsLKzLFQFN\" frameborder=\"0\" marginwidth=\"0\" marginheight=\"0\" scrolling=\"no\" class=\"wp-embedded-content\"><\/iframe><script>\n\/*! This file is auto-generated *\/\n!function(d,l){\"use strict\";l.querySelector&&d.addEventListener&&\"undefined\"!=typeof URL&&(d.wp=d.wp||{},d.wp.receiveEmbedMessage||(d.wp.receiveEmbedMessage=function(e){var t=e.data;if((t||t.secret||t.message||t.value)&&!\/[^a-zA-Z0-9]\/.test(t.secret)){for(var s,r,n,a=l.querySelectorAll('iframe[data-secret=\"'+t.secret+'\"]'),o=l.querySelectorAll('blockquote[data-secret=\"'+t.secret+'\"]'),c=new RegExp(\"^https?:$\",\"i\"),i=0;i<o.length;i++)o[i].style.display=\"none\";for(i=0;i<a.length;i++)s=a[i],e.source===s.contentWindow&&(s.removeAttribute(\"style\"),\"height\"===t.message?(1e3<(r=parseInt(t.value,10))?r=1e3:~~r<200&&(r=200),s.height=r):\"link\"===t.message&&(r=new URL(s.getAttribute(\"src\")),n=new URL(t.value),c.test(n.protocol))&&n.host===r.host&&l.activeElement===s&&(d.top.location.href=t.value))}},d.addEventListener(\"message\",d.wp.receiveEmbedMessage,!1),l.addEventListener(\"DOMContentLoaded\",function(){for(var e,t,s=l.querySelectorAll(\"iframe.wp-embedded-content\"),r=0;r<s.length;r++)(t=(e=s[r]).getAttribute(\"data-secret\"))||(t=Math.random().toString(36).substring(2,12),e.src+=\"#?secret=\"+t,e.setAttribute(\"data-secret\",t)),e.contentWindow.postMessage({message:\"ready\",secret:t},\"*\")},!1)))}(window,document);\n\/\/# sourceURL=https:\/\/lackman.com.br\/wp-includes\/js\/wp-embed.min.js\n<\/script>\n","thumbnail_url":"http:\/\/lackman.com.br\/wp-content\/uploads\/2024\/09\/MCDBEBE_WB017-e1725574204331-1.png","thumbnail_width":1360,"thumbnail_height":907,"description":"Novo longa de Tim Burton\u00a0 j\u00e1 levou mais de 779 mil espectadores aos cinemas brasileiros e pode ser visto na Semana do Cinema por apenas R$ 12 &nbsp; H\u00e1 duas semanas no topo das bilheterias brasileiras,\u00a0Os Fantasmas Ainda Se Divertem: Beetlejuice Beetlejuice, novo longa da Warner Bros. dirigido por Tim Burton, j\u00e1 movimentou mais de R$13,5 milh\u00f5es e levou mais de 779 pessoas aos cinemas. O longa, que est\u00e1 em cartaz na Semana do Cinema, pode ser visto nas telonas ao pre\u00e7o de R$12, at\u00e9 quarta-feira, 18 de setembro. A pel\u00edcula d\u00e1 continuidade \u00e0 hist\u00f3ria da fam\u00edlia Deetz, contada no cl\u00e1ssico de 1988, Os Fantasmas se Divertem. Ap\u00f3s mais de 35 anos, Michael Keaton volta a dar vida a Beetlejuice, o fantasma mais irreverente do cinema, juntamente com Winona Ryder e Catherine O\u2019Hara, que retornam como Lydia Deetz e Delia Deetz. O longa conta, ainda, com grande elenco, formado por Jenna Ortega, Willem Dafoe, Monica Belucci e Justin Theroux. Na vers\u00e3o dublada, Beetlejuice (ou Besouro Suco) ganha a voz de Eduardo Sterblitch, ator carioca respons\u00e1vel por dar vida ao fantasma nos palcos do teatro, interpretando-o na vers\u00e3o brasileira do musical da Broadway.\u00a0O longa est\u00e1 em cartaz em todo o pa\u00eds, tamb\u00e9m em vers\u00f5es acess\u00edveis custando apenas R$ 12 durante a segunda Semana do Cinema de 2024, que vai at\u00e9 a pr\u00f3xima quarta-feira (18). O evento \u00e9 uma iniciativa da Federa\u00e7\u00e3o Nacional das Empresas Exibidoras Cinematogr\u00e1ficas (Feneec), com apoio da Associa\u00e7\u00e3o Brasileira das Empresas Exibidoras Cinematogr\u00e1ficas Operadoras de Multiplex (Abraplex). Para mais informa\u00e7\u00f5es, consulte a programa\u00e7\u00e3o, mas \u00e9 certo que Cinemark, Kinoplex e Arcoplex est\u00e3o participando da a\u00e7\u00e3o. &nbsp; Foto: Divulga\u00e7\u00e3o"}

Líder de bilheteria na Semana do Cinema - LACKMAN &amp; CO.

<blockquote class="wp-embedded-content" data-secret="tsLKzLFQFN"><a href="https://lackman.com.br/index.php/2024/09/16/lider-de-bilheteria-na-semana-do-cinema/">Líder de bilheteria na Semana do Cinema</a></blockquote><iframe sandbox="allow-scripts" security="restricted" src="https://lackman.com.br/index.php/2024/09/16/lider-de-bilheteria-na-semana-do-cinema/embed/#?secret=tsLKzLFQFN" width="600" height="338" title="&#8220;Líder de bilheteria na Semana do Cinema&#8221; &#8212; LACKMAN &amp; CO." data-secret="tsLKzLFQFN" frameborder="0" marginwidth="0" marginheight="0" scrolling="no" class="wp-embedded-content"></iframe><script>
/*! This file is auto-generated */
!function(d,l){"use strict";l.querySelector&&d.addEventListener&&"undefined"!=typeof URL&&(d.wp=d.wp||{},d.wp.receiveEmbedMessage||(d.wp.receiveEmbedMessage=function(e){var t=e.data;if((t||t.secret||t.message||t.value)&&!/[^a-zA-Z0-9]/.test(t.secret)){for(var s,r,n,a=l.querySelectorAll('iframe[data-secret="'+t.secret+'"]'),o=l.querySelectorAll('blockquote[data-secret="'+t.secret+'"]'),c=new RegExp("^https?:$","i"),i=0;i<o.length;i++)o[i].style.display="none";for(i=0;i<a.length;i++)s=a[i],e.source===s.contentWindow&&(s.removeAttribute("style"),"height"===t.message?(1e3<(r=parseInt(t.value,10))?r=1e3:~~r<200&&(r=200),s.height=r):"link"===t.message&&(r=new URL(s.getAttribute("src")),n=new URL(t.value),c.test(n.protocol))&&n.host===r.host&&l.activeElement===s&&(d.top.location.href=t.value))}},d.addEventListener("message",d.wp.receiveEmbedMessage,!1),l.addEventListener("DOMContentLoaded",function(){for(var e,t,s=l.querySelectorAll("iframe.wp-embedded-content"),r=0;r<s.length;r++)(t=(e=s[r]).getAttribute("data-secret"))||(t=Math.random().toString(36).substring(2,12),e.src+="#?secret="+t,e.setAttribute("data-secret",t)),e.contentWindow.postMessage({message:"ready",secret:t},"*")},!1)))}(window,document);
//# sourceURL=https://lackman.com.br/wp-includes/js/wp-embed.min.js
</script>

Novo longa de Tim Burton  já levou mais de 779 mil espectadores aos cinemas brasileiros e pode ser visto na Semana do Cinema por apenas R$ 12 &nbsp; Há duas semanas no topo das bilheterias brasileiras, Os Fantasmas Ainda Se Divertem: Beetlejuice Beetlejuice, novo longa da Warner Bros. dirigido por Tim Burton, já movimentou mais de R$13,5 milhões e levou mais de 779 pessoas aos cinemas. O longa, que está em cartaz na Semana do Cinema, pode ser visto nas telonas ao preço de R$12, até quarta-feira, 18 de setembro. A película dá continuidade à história da família Deetz, contada no clássico de 1988, Os Fantasmas se Divertem. Após mais de 35 anos, Michael Keaton volta a dar vida a Beetlejuice, o fantasma mais irreverente do cinema, juntamente com Winona Ryder e Catherine O’Hara, que retornam como Lydia Deetz e Delia Deetz. O longa conta, ainda, com grande elenco, formado por Jenna Ortega, Willem Dafoe, Monica Belucci e Justin Theroux. Na versão dublada, Beetlejuice (ou Besouro Suco) ganha a voz de Eduardo Sterblitch, ator carioca responsável por dar vida ao fantasma nos palcos do teatro, interpretando-o na versão brasileira do musical da Broadway. O longa está em cartaz em todo o país, também em versões acessíveis custando apenas R$ 12 durante a segunda Semana do Cinema de 2024, que vai até a próxima quarta-feira (18). O evento é uma iniciativa da Federação Nacional das Empresas Exibidoras Cinematográficas (Feneec), com apoio da Associação Brasileira das Empresas Exibidoras Cinematográficas Operadoras de Multiplex (Abraplex). Para mais informações, consulte a programação, mas é certo que Cinemark, Kinoplex e Arcoplex estão participando da ação. &nbsp; Foto: Divulgação
