{"version":"1.0","provider_name":"LACKMAN &amp; CO.","provider_url":"https:\/\/lackman.com.br","author_name":"Gilberto Evangelista - Colunista","author_url":"https:\/\/lackman.com.br\/index.php\/author\/gilberto-brito\/","title":"Bras\u00edlia, cidade criativa - LACKMAN &amp; CO.","type":"rich","width":600,"height":338,"html":"<blockquote class=\"wp-embedded-content\" data-secret=\"BpSMYtRFqX\"><a href=\"https:\/\/lackman.com.br\/index.php\/2024\/06\/11\/brasilia-cidade-criativa\/\">Bras\u00edlia, cidade criativa<\/a><\/blockquote><iframe sandbox=\"allow-scripts\" security=\"restricted\" src=\"https:\/\/lackman.com.br\/index.php\/2024\/06\/11\/brasilia-cidade-criativa\/embed\/#?secret=BpSMYtRFqX\" width=\"600\" height=\"338\" title=\"&#8220;Bras\u00edlia, cidade criativa&#8221; &#8212; LACKMAN &amp; CO.\" data-secret=\"BpSMYtRFqX\" frameborder=\"0\" marginwidth=\"0\" marginheight=\"0\" scrolling=\"no\" class=\"wp-embedded-content\"><\/iframe><script>\n\/*! This file is auto-generated *\/\n!function(d,l){\"use strict\";l.querySelector&&d.addEventListener&&\"undefined\"!=typeof URL&&(d.wp=d.wp||{},d.wp.receiveEmbedMessage||(d.wp.receiveEmbedMessage=function(e){var t=e.data;if((t||t.secret||t.message||t.value)&&!\/[^a-zA-Z0-9]\/.test(t.secret)){for(var s,r,n,a=l.querySelectorAll('iframe[data-secret=\"'+t.secret+'\"]'),o=l.querySelectorAll('blockquote[data-secret=\"'+t.secret+'\"]'),c=new RegExp(\"^https?:$\",\"i\"),i=0;i<o.length;i++)o[i].style.display=\"none\";for(i=0;i<a.length;i++)s=a[i],e.source===s.contentWindow&&(s.removeAttribute(\"style\"),\"height\"===t.message?(1e3<(r=parseInt(t.value,10))?r=1e3:~~r<200&&(r=200),s.height=r):\"link\"===t.message&&(r=new URL(s.getAttribute(\"src\")),n=new URL(t.value),c.test(n.protocol))&&n.host===r.host&&l.activeElement===s&&(d.top.location.href=t.value))}},d.addEventListener(\"message\",d.wp.receiveEmbedMessage,!1),l.addEventListener(\"DOMContentLoaded\",function(){for(var e,t,s=l.querySelectorAll(\"iframe.wp-embedded-content\"),r=0;r<s.length;r++)(t=(e=s[r]).getAttribute(\"data-secret\"))||(t=Math.random().toString(36).substring(2,12),e.src+=\"#?secret=\"+t,e.setAttribute(\"data-secret\",t)),e.contentWindow.postMessage({message:\"ready\",secret:t},\"*\")},!1)))}(window,document);\n\/\/# sourceURL=https:\/\/lackman.com.br\/wp-includes\/js\/wp-embed.min.js\n<\/script>\n","thumbnail_url":"http:\/\/lackman.com.br\/wp-content\/uploads\/2024\/06\/DSCF3709.jpg","thumbnail_width":850,"thumbnail_height":567,"description":"Com programa\u00e7\u00e3o intensa, F\u00f3rum trouxe futuro e design para o centro das discuss\u00f5es ao longo de uma semana na cidade que \u00e9 o mais belo fruto das artes Na \u00faltima semana, Bras\u00edlia sediou o F\u00f3rum Cidades Criativas, um evento que movimentou o segmento de design na capital federal. O evento, realizado entre os dias 4 e 7 de junho, contou com a presen\u00e7a de nomes de express\u00e3o nacional e internacional, discutindo a import\u00e2ncia de Bras\u00edlia, Curitiba e Fortaleza para a inova\u00e7\u00e3o atrav\u00e9s do design. A abertura oficial ocorreu na manh\u00e3 de ter\u00e7a-feira (04), na sede da Associa\u00e7\u00e3o Comercial do Distrito Federal (ACDF). A cerim\u00f4nia contou com a presen\u00e7a de diversos profissionais da \u00e1rea, incluindo o Secret\u00e1rio de Turismo do DF, Cristiano Ara\u00fajo, que destacou a import\u00e2ncia do encontro para promover Bras\u00edlia como um destino tur\u00edstico de relev\u00e2ncia. Representantes de Curitiba e Fortaleza tamb\u00e9m estiveram presentes, refor\u00e7ando o reconhecimento dessas cidades pela UNESCO como Cidades Criativas do Design. O evento teve uma programa\u00e7\u00e3o intensa, repleta de palestras, debates, mesas redondas e oficinas. Esses momentos proporcionaram uma rica troca de ideias entre as tr\u00eas cidades, todas reconhecidas pela UNESCO por sua excel\u00eancia em design. O f\u00f3rum abordou diversos temas, desde o posicionamento de Bras\u00edlia como Cidade Criativa at\u00e9 a intera\u00e7\u00e3o do design com outros setores da economia criativa. Na noite de abertura, um coquetel no Espa\u00e7o Oscar Niemeyer reuniu cerca de 200 convidados. O evento contou com a exposi\u00e7\u00e3o COD Poster Brasil e um desfile do projeto &#8220;Fios Sustent\u00e1veis&#8221;, que promove o upcycling de tecidos. A trilha sonora ficou por conta do DJ Andr\u00e9 Mueller, baixista da banda Plebe Rude. O f\u00f3rum destacou a import\u00e2ncia do design como ferramenta de transforma\u00e7\u00e3o social e inova\u00e7\u00e3o, promovendo a colabora\u00e7\u00e3o e o interc\u00e2mbio entre cidades. &#8220;Vejo o f\u00f3rum como um momento de oportunidade de gera\u00e7\u00e3o de neg\u00f3cios entre as cidades e, principalmente, para apresentar Bras\u00edlia como um dos principais destinos tur\u00edsticos do Brasil&#8220;, afirmou Marcos Moreira, presidente da Associa\u00e7\u00e3o dos Designers Gr\u00e1ficos do DF (Adegraf). A programa\u00e7\u00e3o foi dividida em eixos tem\u00e1ticos, incluindo desenvolvimento do design nas cidades, impacto no turismo e intera\u00e7\u00e3o com outros setores criativos. Entre os palestrantes confirmados estavam figuras como Alberto Gadanha, Aldiane Lima, Alexandre Kieling, Ana Brum, Bruno Porto, Caetana Franarin, Cindy Piassetta Xavier, Claudia Leit\u00e3o, Guilherme Zucheti, Marta Poggi, Nicole Facuri e Rodrigo Costa Lima. O f\u00f3rum foi uma realiza\u00e7\u00e3o do Instituto da ACDF, com apoio da Secretaria de Turismo do DF, e reuniu uma equipe de profissionais renomados. Entre eles, Andrea Castello Branco, Marcelo J\u00fadice, Liana Alagemovits, Jardelene Nogueira, Eneida Figueiredo, Fernando Brites, Alessandra Pinheiro, Wagner Alves e Claudia El-Moor. Vale destacar que Bras\u00edlia, Curitiba e Fortaleza s\u00e3o reconhecidas pela UNESCO como Cidades Criativas do Design por promoverem ambientes criativos, sustent\u00e1veis e culturalmente ricos. Bras\u00edlia, especialmente, se destaca pela sua diversidade cultural e criatividade, refletidas em sua arquitetura monumental e design colaborativo. A primeira edi\u00e7\u00e3o do F\u00f3rum Cidades Criativas homenageou o arquiteto Danilo Barbora, respons\u00e1vel pelo sistema de sinaliza\u00e7\u00e3o de Bras\u00edlia. As placas criadas por Danilo, integradas \u00e0 paisagem urbana, s\u00e3o reconhecidas internacionalmente e fazem parte do acervo permanente do Museu de Arte Moderna (MoMA) em New York, desde 2012. O F\u00f3rum Cidades Criativas em Bras\u00edlia foi um marco importante para a cidade, promovendo debates e projetos que impulsionam a economia criativa, gerando emprego e renda. Atrav\u00e9s do design, o evento reafirmou o papel de Bras\u00edlia como uma cidade pot\u00eancia, pronta para inspirar e inovar em m\u00faltiplas frentes.\u00a0Para mais informa\u00e7\u00f5es sobre a programa\u00e7\u00e3o e futuras edi\u00e7\u00f5es, visite o site do F\u00f3rum\u00a0e siga as redes sociais do projeto @forumcidadescriativasdesign. Veja mais cliques deste colunista e fot\u00f3grafo de algumas das pessoas que se fizeram presente na noite de abertura do F\u00f3rum: Fotos: Gilberto Evangelista"}

Brasília, cidade criativa - LACKMAN &amp; CO.

<blockquote class="wp-embedded-content" data-secret="BpSMYtRFqX"><a href="https://lackman.com.br/index.php/2024/06/11/brasilia-cidade-criativa/">Brasília, cidade criativa</a></blockquote><iframe sandbox="allow-scripts" security="restricted" src="https://lackman.com.br/index.php/2024/06/11/brasilia-cidade-criativa/embed/#?secret=BpSMYtRFqX" width="600" height="338" title="&#8220;Brasília, cidade criativa&#8221; &#8212; LACKMAN &amp; CO." data-secret="BpSMYtRFqX" frameborder="0" marginwidth="0" marginheight="0" scrolling="no" class="wp-embedded-content"></iframe><script>
/*! This file is auto-generated */
!function(d,l){"use strict";l.querySelector&&d.addEventListener&&"undefined"!=typeof URL&&(d.wp=d.wp||{},d.wp.receiveEmbedMessage||(d.wp.receiveEmbedMessage=function(e){var t=e.data;if((t||t.secret||t.message||t.value)&&!/[^a-zA-Z0-9]/.test(t.secret)){for(var s,r,n,a=l.querySelectorAll('iframe[data-secret="'+t.secret+'"]'),o=l.querySelectorAll('blockquote[data-secret="'+t.secret+'"]'),c=new RegExp("^https?:$","i"),i=0;i<o.length;i++)o[i].style.display="none";for(i=0;i<a.length;i++)s=a[i],e.source===s.contentWindow&&(s.removeAttribute("style"),"height"===t.message?(1e3<(r=parseInt(t.value,10))?r=1e3:~~r<200&&(r=200),s.height=r):"link"===t.message&&(r=new URL(s.getAttribute("src")),n=new URL(t.value),c.test(n.protocol))&&n.host===r.host&&l.activeElement===s&&(d.top.location.href=t.value))}},d.addEventListener("message",d.wp.receiveEmbedMessage,!1),l.addEventListener("DOMContentLoaded",function(){for(var e,t,s=l.querySelectorAll("iframe.wp-embedded-content"),r=0;r<s.length;r++)(t=(e=s[r]).getAttribute("data-secret"))||(t=Math.random().toString(36).substring(2,12),e.src+="#?secret="+t,e.setAttribute("data-secret",t)),e.contentWindow.postMessage({message:"ready",secret:t},"*")},!1)))}(window,document);
//# sourceURL=https://lackman.com.br/wp-includes/js/wp-embed.min.js
</script>

Com programação intensa, Fórum trouxe futuro e design para o centro das discussões ao longo de uma semana na cidade que é o mais belo fruto das artes Na última semana, Brasília sediou o Fórum Cidades Criativas, um evento que movimentou o segmento de design na capital federal. O evento, realizado entre os dias 4 e 7 de junho, contou com a presença de nomes de expressão nacional e internacional, discutindo a importância de Brasília, Curitiba e Fortaleza para a inovação através do design. A abertura oficial ocorreu na manhã de terça-feira (04), na sede da Associação Comercial do Distrito Federal (ACDF). A cerimônia contou com a presença de diversos profissionais da área, incluindo o Secretário de Turismo do DF, Cristiano Araújo, que destacou a importância do encontro para promover Brasília como um destino turístico de relevância. Representantes de Curitiba e Fortaleza também estiveram presentes, reforçando o reconhecimento dessas cidades pela UNESCO como Cidades Criativas do Design. O evento teve uma programação intensa, repleta de palestras, debates, mesas redondas e oficinas. Esses momentos proporcionaram uma rica troca de ideias entre as três cidades, todas reconhecidas pela UNESCO por sua excelência em design. O fórum abordou diversos temas, desde o posicionamento de Brasília como Cidade Criativa até a interação do design com outros setores da economia criativa. Na noite de abertura, um coquetel no Espaço Oscar Niemeyer reuniu cerca de 200 convidados. O evento contou com a exposição COD Poster Brasil e um desfile do projeto &#8220;Fios Sustentáveis&#8221;, que promove o upcycling de tecidos. A trilha sonora ficou por conta do DJ André Mueller, baixista da banda Plebe Rude. O fórum destacou a importância do design como ferramenta de transformação social e inovação, promovendo a colaboração e o intercâmbio entre cidades. &#8220;Vejo o fórum como um momento de oportunidade de geração de negócios entre as cidades e, principalmente, para apresentar Brasília como um dos principais destinos turísticos do Brasil&#8220;, afirmou Marcos Moreira, presidente da Associação dos Designers Gráficos do DF (Adegraf). A programação foi dividida em eixos temáticos, incluindo desenvolvimento do design nas cidades, impacto no turismo e interação com outros setores criativos. Entre os palestrantes confirmados estavam figuras como Alberto Gadanha, Aldiane Lima, Alexandre Kieling, Ana Brum, Bruno Porto, Caetana Franarin, Cindy Piassetta Xavier, Claudia Leitão, Guilherme Zucheti, Marta Poggi, Nicole Facuri e Rodrigo Costa Lima. O fórum foi uma realização do Instituto da ACDF, com apoio da Secretaria de Turismo do DF, e reuniu uma equipe de profissionais renomados. Entre eles, Andrea Castello Branco, Marcelo Júdice, Liana Alagemovits, Jardelene Nogueira, Eneida Figueiredo, Fernando Brites, Alessandra Pinheiro, Wagner Alves e Claudia El-Moor. Vale destacar que Brasília, Curitiba e Fortaleza são reconhecidas pela UNESCO como Cidades Criativas do Design por promoverem ambientes criativos, sustentáveis e culturalmente ricos. Brasília, especialmente, se destaca pela sua diversidade cultural e criatividade, refletidas em sua arquitetura monumental e design colaborativo. A primeira edição do Fórum Cidades Criativas homenageou o arquiteto Danilo Barbora, responsável pelo sistema de sinalização de Brasília. As placas criadas por Danilo, integradas à paisagem urbana, são reconhecidas internacionalmente e fazem parte do acervo permanente do Museu de Arte Moderna (MoMA) em New York, desde 2012. O Fórum Cidades Criativas em Brasília foi um marco importante para a cidade, promovendo debates e projetos que impulsionam a economia criativa, gerando emprego e renda. Através do design, o evento reafirmou o papel de Brasília como uma cidade potência, pronta para inspirar e inovar em múltiplas frentes. Para mais informações sobre a programação e futuras edições, visite o site do Fórum e siga as redes sociais do projeto @forumcidadescriativasdesign. Veja mais cliques deste colunista e fotógrafo de algumas das pessoas que se fizeram presente na noite de abertura do Fórum: Fotos: Gilberto Evangelista
