{"version":"1.0","provider_name":"LACKMAN &amp; CO.","provider_url":"https:\/\/lackman.com.br","author_name":"Gilberto Evangelista - Colunista","author_url":"https:\/\/lackman.com.br\/index.php\/author\/gilberto-brito\/","title":"Para malhar e proteger o meio ambiente - LACKMAN &amp; CO.","type":"rich","width":600,"height":338,"html":"<blockquote class=\"wp-embedded-content\" data-secret=\"nAYAVY9RIl\"><a href=\"https:\/\/lackman.com.br\/index.php\/2024\/03\/22\/para-malhar-e-proteger-o-meio-ambiente\/\">Para malhar e proteger o meio ambiente<\/a><\/blockquote><iframe sandbox=\"allow-scripts\" security=\"restricted\" src=\"https:\/\/lackman.com.br\/index.php\/2024\/03\/22\/para-malhar-e-proteger-o-meio-ambiente\/embed\/#?secret=nAYAVY9RIl\" width=\"600\" height=\"338\" title=\"&#8220;Para malhar e proteger o meio ambiente&#8221; &#8212; LACKMAN &amp; CO.\" data-secret=\"nAYAVY9RIl\" frameborder=\"0\" marginwidth=\"0\" marginheight=\"0\" scrolling=\"no\" class=\"wp-embedded-content\"><\/iframe><script>\n\/*! This file is auto-generated *\/\n!function(d,l){\"use strict\";l.querySelector&&d.addEventListener&&\"undefined\"!=typeof URL&&(d.wp=d.wp||{},d.wp.receiveEmbedMessage||(d.wp.receiveEmbedMessage=function(e){var t=e.data;if((t||t.secret||t.message||t.value)&&!\/[^a-zA-Z0-9]\/.test(t.secret)){for(var s,r,n,a=l.querySelectorAll('iframe[data-secret=\"'+t.secret+'\"]'),o=l.querySelectorAll('blockquote[data-secret=\"'+t.secret+'\"]'),c=new RegExp(\"^https?:$\",\"i\"),i=0;i<o.length;i++)o[i].style.display=\"none\";for(i=0;i<a.length;i++)s=a[i],e.source===s.contentWindow&&(s.removeAttribute(\"style\"),\"height\"===t.message?(1e3<(r=parseInt(t.value,10))?r=1e3:~~r<200&&(r=200),s.height=r):\"link\"===t.message&&(r=new URL(s.getAttribute(\"src\")),n=new URL(t.value),c.test(n.protocol))&&n.host===r.host&&l.activeElement===s&&(d.top.location.href=t.value))}},d.addEventListener(\"message\",d.wp.receiveEmbedMessage,!1),l.addEventListener(\"DOMContentLoaded\",function(){for(var e,t,s=l.querySelectorAll(\"iframe.wp-embedded-content\"),r=0;r<s.length;r++)(t=(e=s[r]).getAttribute(\"data-secret\"))||(t=Math.random().toString(36).substring(2,12),e.src+=\"#?secret=\"+t,e.setAttribute(\"data-secret\",t)),e.contentWindow.postMessage({message:\"ready\",secret:t},\"*\")},!1)))}(window,document);\n\/\/# sourceURL=https:\/\/lackman.com.br\/wp-includes\/js\/wp-embed.min.js\n<\/script>\n","thumbnail_url":"http:\/\/lackman.com.br\/wp-content\/uploads\/2024\/03\/Design-sem-nome-45.jpg","thumbnail_width":1748,"thumbnail_height":1240,"description":"A marca de sportwear Live! inaugura mais uma unidade em Bras\u00edlia e a loja j\u00e1 chega com todas as novidades da sua nova cole\u00e7\u00e3o outono\/inverno. Confira! \u201cProtegendo o hoje, pensando no amanh\u00e3\u201d. A marca de moda fitness que propaga como um dos seus principais compromissos a preocupa\u00e7\u00e3o com o meio ambiente abriu mais uma loja em Bras\u00edlia. Agora, tem uma filial da Live! no Boulevard Shopping. A iniciativa \u00e9 capitaneada pelo casal D\u00e9bora Flores e Bruno Muniz que est\u00e1 no comando de cinco das sete lojas que fazem parte da rede de sportwear no Distrito Federal. A inaugura\u00e7\u00e3o do novo espa\u00e7o que contou com a presen\u00e7a de familiares, amigos e clientes tamb\u00e9m foi marcada pelo lan\u00e7amento da cole\u00e7\u00e3o \u201cDreamers 24\u201d, de outono\/inverno. Com tons neutros e acentos de luz, as pe\u00e7as refletem a intensidade e a vibra\u00e7\u00e3o esportiva da marca que caiu no gosto dos brasilienses justamente por aliar conforto, estilo e sustentabilidade na hora de partir para a malha\u00e7\u00e3o. Para seguir os passos da grife na cidade, acesse o @live.brasilia. Agora, a dica imperd\u00edvel da coluna #PERAMBULANDO, que tamb\u00e9m \u00e9 ligadinha em moda: prestem muita aten\u00e7\u00e3o \u00e0s pe\u00e7as feitas com o Fit Green! Esse \u00e9 um tecido sustent\u00e1vel de alta qualidade que a Live! lan\u00e7ou n\u00e3o faz muito tempo e que possui duas tecnologias de ponta onde bem-estar e maior durabilidade s\u00e3o palavras de ordem: a LYCRA\u00ae EcoMade e a Sensil\u00ae EcoCare, onde um mix de fibras recicladas s\u00e3o processadas em ciclo fechado com baixo uso de \u00e1gua e luz, garantindo baixa emiss\u00e3o de CO2. Confira abaixo alguns dos convidados que passaram pelo local no coquetel da inaugura\u00e7\u00e3o que rolou na \u00faltima sexta-feira (15) em cliques feitos por Telmo Ximenes: &nbsp; \u00a0 Fotos: Telmo Ximenes"}

A marca de sportwear Live! inaugura mais uma unidade em Brasília e a loja já chega com todas as novidades da sua nova coleção outono/inverno. Confira! “Protegendo o hoje, pensando no amanhã”. A marca de moda fitness que propaga como um dos seus principais compromissos a preocupação com o meio ambiente abriu mais uma loja em Brasília. Agora, tem uma filial da Live! no Boulevard Shopping. A iniciativa é capitaneada pelo casal Débora Flores e Bruno Muniz que está no comando de cinco das sete lojas que fazem parte da rede de sportwear no Distrito Federal. A inauguração do novo espaço que contou com a presença de familiares, amigos e clientes também foi marcada pelo lançamento da coleção “Dreamers 24”, de outono/inverno. Com tons neutros e acentos de luz, as peças refletem a intensidade e a vibração esportiva da marca que caiu no gosto dos brasilienses justamente por aliar conforto, estilo e sustentabilidade na hora de partir para a malhação. Para seguir os passos da grife na cidade, acesse o @live.brasilia. Agora, a dica imperdível da coluna #PERAMBULANDO, que também é ligadinha em moda: prestem muita atenção às peças feitas com o Fit Green! Esse é um tecido sustentável de alta qualidade que a Live! lançou não faz muito tempo e que possui duas tecnologias de ponta onde bem-estar e maior durabilidade são palavras de ordem: a LYCRA® EcoMade e a Sensil® EcoCare, onde um mix de fibras recicladas são processadas em ciclo fechado com baixo uso de água e luz, garantindo baixa emissão de CO2. Confira abaixo alguns dos convidados que passaram pelo local no coquetel da inauguração que rolou na última sexta-feira (15) em cliques feitos por Telmo Ximenes: &nbsp;   Fotos: Telmo Ximenes
