{"version":"1.0","provider_name":"LACKMAN &amp; CO.","provider_url":"https:\/\/lackman.com.br","author_name":"Gilberto Evangelista - Colunista","author_url":"https:\/\/lackman.com.br\/index.php\/author\/gilberto-brito\/","title":"Imperd\u00edvel: Luca Lima e o mon\u00f3logo Demos - LACKMAN &amp; CO.","type":"rich","width":600,"height":338,"html":"<blockquote class=\"wp-embedded-content\" data-secret=\"LVHYaIX9Yv\"><a href=\"https:\/\/lackman.com.br\/index.php\/2023\/08\/08\/imperdivel-luca-lima-e-o-monologo-demos\/\">Imperd\u00edvel: Luca Lima e o mon\u00f3logo Demos<\/a><\/blockquote><iframe sandbox=\"allow-scripts\" security=\"restricted\" src=\"https:\/\/lackman.com.br\/index.php\/2023\/08\/08\/imperdivel-luca-lima-e-o-monologo-demos\/embed\/#?secret=LVHYaIX9Yv\" width=\"600\" height=\"338\" title=\"&#8220;Imperd\u00edvel: Luca Lima e o mon\u00f3logo Demos&#8221; &#8212; LACKMAN &amp; CO.\" data-secret=\"LVHYaIX9Yv\" frameborder=\"0\" marginwidth=\"0\" marginheight=\"0\" scrolling=\"no\" class=\"wp-embedded-content\"><\/iframe><script>\n\/*! This file is auto-generated *\/\n!function(d,l){\"use strict\";l.querySelector&&d.addEventListener&&\"undefined\"!=typeof URL&&(d.wp=d.wp||{},d.wp.receiveEmbedMessage||(d.wp.receiveEmbedMessage=function(e){var t=e.data;if((t||t.secret||t.message||t.value)&&!\/[^a-zA-Z0-9]\/.test(t.secret)){for(var s,r,n,a=l.querySelectorAll('iframe[data-secret=\"'+t.secret+'\"]'),o=l.querySelectorAll('blockquote[data-secret=\"'+t.secret+'\"]'),c=new RegExp(\"^https?:$\",\"i\"),i=0;i<o.length;i++)o[i].style.display=\"none\";for(i=0;i<a.length;i++)s=a[i],e.source===s.contentWindow&&(s.removeAttribute(\"style\"),\"height\"===t.message?(1e3<(r=parseInt(t.value,10))?r=1e3:~~r<200&&(r=200),s.height=r):\"link\"===t.message&&(r=new URL(s.getAttribute(\"src\")),n=new URL(t.value),c.test(n.protocol))&&n.host===r.host&&l.activeElement===s&&(d.top.location.href=t.value))}},d.addEventListener(\"message\",d.wp.receiveEmbedMessage,!1),l.addEventListener(\"DOMContentLoaded\",function(){for(var e,t,s=l.querySelectorAll(\"iframe.wp-embedded-content\"),r=0;r<s.length;r++)(t=(e=s[r]).getAttribute(\"data-secret\"))||(t=Math.random().toString(36).substring(2,12),e.src+=\"#?secret=\"+t,e.setAttribute(\"data-secret\",t)),e.contentWindow.postMessage({message:\"ready\",secret:t},\"*\")},!1)))}(window,document);\n\/\/# sourceURL=https:\/\/lackman.com.br\/wp-includes\/js\/wp-embed.min.js\n<\/script>\n","thumbnail_url":"http:\/\/lackman.com.br\/wp-content\/uploads\/2023\/08\/DEMOS.jpg","thumbnail_width":788,"thumbnail_height":681,"description":"Com declara\u00e7\u00f5es p\u00fablicas de Denise Stoklos e Janette Dornellas, ator brasiliense entra em cartaz por curta temporada Para quem gosta de teatro, aqui est\u00e1 uma dica para ficar atento. Nessa sexta-feira e s\u00e1bado (11 e 12) estar\u00e1 em cartaz, na Casa da Cultura Bras\u00edlia (703 Norte), o mon\u00f3logo Demos com Luca Lima, um jovem e promissor ator brasiliense que, segundo palavras da multiartista e diretora Denise Stoklos, \u201cele \u00e9 um talento enorme, um dos melhores performers que j\u00e1 vi na minha vida, desde j\u00e1\u201d. A m\u00edmica e core\u00f3grafa sabe do que est\u00e1 falando, pois conheceu Luca por volta de 2016, quando foi professora do rapaz, e vem acompanhando sua carreira a partir da\u00ed. E em Demos, o p\u00fablico ter\u00e1 a oportunidade de conferir um espet\u00e1culo que foi escrito, dirigido e encenado pelo pr\u00f3prio artista, e que marca o in\u00edcio de sua pesquisa em solo-performance, onde vem sendo apresentado em diferentes vers\u00f5es e formatos desde 2018. A diretora da Casa da Cultura e proeminente figura das artes no cen\u00e1rio brasiliense Janette Dornellas endossa a opini\u00e3o de Stoklos. \u201cFiquei impressionada com o dom\u00ednio corporal, a for\u00e7a da express\u00e3o, a clareza do texto e a intelig\u00eancia criativa do Luca. N\u00e3o s\u00f3 no roteiro, mas na dramaturgia das cenas. Um grande artista, um grande ator, com tanto carisma e personalidade, que me fizeram receber esse espet\u00e1culo aqui na casa da Cultura. Tenho certeza que ser\u00e1 um sucesso\u201d. Com dura\u00e7\u00e3o de 40 minutos, Demos surpreende o p\u00fablico com reflex\u00f5es sobre o momento em que vivemos e as atitudes humanas sem clich\u00eas ou divaga\u00e7\u00f5es enfadonhas; mas de forma contundente, bem-humorada, criativa e leve. \u201cDemos \u00e9 uma fala-fluxo, uma fala-rio, que inunda, encharca, se estreita e se expande e des\u00e1gua, por fim. Um corpo inaugura essa fala atormentado por uma sociedade \u00e0 beira do colapso. Esse discurso &#8211; por assim dizer &#8211; n\u00e3o pretende responder a nada mas, como os peixes, mergulhar fundo quando as correntezas se mostrarem perigosas\u201d, explica o artista. Um pouco mais de curiosidades sobre o rapaz, Luca Lima \u00e9 um solo performer que investiga as inquieta\u00e7\u00f5es po\u00e9ticas por meio da cena. \u00c9 um estudioso das pr\u00e1xis do \u201cTeatro Essencial\u201d desde adolescente e estudante de gradua\u00e7\u00e3o em Artes C\u00eanicas pela Universidade de Bras\u00edlia (UnB). E com a admira\u00e7\u00e3o p\u00fablica de gente que entende do assunto como Stoklos e Dornellas, Luca \u00e9 o tipo de talento que deve valer \u00e0 pena um pouco da sua aten\u00e7\u00e3o. Concorda? \u00a0 Servi\u00e7o: Demos com Luca Lima Onde: Casa da Cultura Bras\u00edlia, SHCGN 703, bloco H, casa 12, Asa Norte Quando: 11 e 12 de agosto de 2023 \u00e0s 20 horas Quanto: R$40,00 (inteira) e R$20,00 (meia entrada) &#8211; para quem contribuir com qualquer produto de limpeza para o espa\u00e7o Compre: (61) 98107-0545 (WhatsApp e chave-pix) Siga no Instagram: @_lucablima &nbsp; Foto: Nathan Balzani \/ Divulga\u00e7\u00e3o &nbsp;"}

Imperdível: Luca Lima e o monólogo Demos - LACKMAN &amp; CO.

<blockquote class="wp-embedded-content" data-secret="LVHYaIX9Yv"><a href="https://lackman.com.br/index.php/2023/08/08/imperdivel-luca-lima-e-o-monologo-demos/">Imperdível: Luca Lima e o monólogo Demos</a></blockquote><iframe sandbox="allow-scripts" security="restricted" src="https://lackman.com.br/index.php/2023/08/08/imperdivel-luca-lima-e-o-monologo-demos/embed/#?secret=LVHYaIX9Yv" width="600" height="338" title="&#8220;Imperdível: Luca Lima e o monólogo Demos&#8221; &#8212; LACKMAN &amp; CO." data-secret="LVHYaIX9Yv" frameborder="0" marginwidth="0" marginheight="0" scrolling="no" class="wp-embedded-content"></iframe><script>
/*! This file is auto-generated */
!function(d,l){"use strict";l.querySelector&&d.addEventListener&&"undefined"!=typeof URL&&(d.wp=d.wp||{},d.wp.receiveEmbedMessage||(d.wp.receiveEmbedMessage=function(e){var t=e.data;if((t||t.secret||t.message||t.value)&&!/[^a-zA-Z0-9]/.test(t.secret)){for(var s,r,n,a=l.querySelectorAll('iframe[data-secret="'+t.secret+'"]'),o=l.querySelectorAll('blockquote[data-secret="'+t.secret+'"]'),c=new RegExp("^https?:$","i"),i=0;i<o.length;i++)o[i].style.display="none";for(i=0;i<a.length;i++)s=a[i],e.source===s.contentWindow&&(s.removeAttribute("style"),"height"===t.message?(1e3<(r=parseInt(t.value,10))?r=1e3:~~r<200&&(r=200),s.height=r):"link"===t.message&&(r=new URL(s.getAttribute("src")),n=new URL(t.value),c.test(n.protocol))&&n.host===r.host&&l.activeElement===s&&(d.top.location.href=t.value))}},d.addEventListener("message",d.wp.receiveEmbedMessage,!1),l.addEventListener("DOMContentLoaded",function(){for(var e,t,s=l.querySelectorAll("iframe.wp-embedded-content"),r=0;r<s.length;r++)(t=(e=s[r]).getAttribute("data-secret"))||(t=Math.random().toString(36).substring(2,12),e.src+="#?secret="+t,e.setAttribute("data-secret",t)),e.contentWindow.postMessage({message:"ready",secret:t},"*")},!1)))}(window,document);
//# sourceURL=https://lackman.com.br/wp-includes/js/wp-embed.min.js
</script>

Com declarações públicas de Denise Stoklos e Janette Dornellas, ator brasiliense entra em cartaz por curta temporada Para quem gosta de teatro, aqui está uma dica para ficar atento. Nessa sexta-feira e sábado (11 e 12) estará em cartaz, na Casa da Cultura Brasília (703 Norte), o monólogo Demos com Luca Lima, um jovem e promissor ator brasiliense que, segundo palavras da multiartista e diretora Denise Stoklos, “ele é um talento enorme, um dos melhores performers que já vi na minha vida, desde já”. A mímica e coreógrafa sabe do que está falando, pois conheceu Luca por volta de 2016, quando foi professora do rapaz, e vem acompanhando sua carreira a partir daí. E em Demos, o público terá a oportunidade de conferir um espetáculo que foi escrito, dirigido e encenado pelo próprio artista, e que marca o início de sua pesquisa em solo-performance, onde vem sendo apresentado em diferentes versões e formatos desde 2018. A diretora da Casa da Cultura e proeminente figura das artes no cenário brasiliense Janette Dornellas endossa a opinião de Stoklos. “Fiquei impressionada com o domínio corporal, a força da expressão, a clareza do texto e a inteligência criativa do Luca. Não só no roteiro, mas na dramaturgia das cenas. Um grande artista, um grande ator, com tanto carisma e personalidade, que me fizeram receber esse espetáculo aqui na casa da Cultura. Tenho certeza que será um sucesso”. Com duração de 40 minutos, Demos surpreende o público com reflexões sobre o momento em que vivemos e as atitudes humanas sem clichês ou divagações enfadonhas; mas de forma contundente, bem-humorada, criativa e leve. “Demos é uma fala-fluxo, uma fala-rio, que inunda, encharca, se estreita e se expande e deságua, por fim. Um corpo inaugura essa fala atormentado por uma sociedade à beira do colapso. Esse discurso &#8211; por assim dizer &#8211; não pretende responder a nada mas, como os peixes, mergulhar fundo quando as correntezas se mostrarem perigosas”, explica o artista. Um pouco mais de curiosidades sobre o rapaz, Luca Lima é um solo performer que investiga as inquietações poéticas por meio da cena. É um estudioso das práxis do “Teatro Essencial” desde adolescente e estudante de graduação em Artes Cênicas pela Universidade de Brasília (UnB). E com a admiração pública de gente que entende do assunto como Stoklos e Dornellas, Luca é o tipo de talento que deve valer à pena um pouco da sua atenção. Concorda?   Serviço: Demos com Luca Lima Onde: Casa da Cultura Brasília, SHCGN 703, bloco H, casa 12, Asa Norte Quando: 11 e 12 de agosto de 2023 às 20 horas Quanto: R$40,00 (inteira) e R$20,00 (meia entrada) &#8211; para quem contribuir com qualquer produto de limpeza para o espaço Compre: (61) 98107-0545 (WhatsApp e chave-pix) Siga no Instagram: @_lucablima &nbsp; Foto: Nathan Balzani / Divulgação &nbsp;
