{"version":"1.0","provider_name":"LACKMAN &amp; CO.","provider_url":"https:\/\/lackman.com.br","author_name":"Gilberto Evangelista - Colunista","author_url":"https:\/\/lackman.com.br\/index.php\/author\/gilberto-brito\/","title":"No MAB: Salvador Aversa \u2013 Obras de um colecionador - LACKMAN &amp; CO.","type":"rich","width":600,"height":338,"html":"<blockquote class=\"wp-embedded-content\" data-secret=\"1XPUOpWY8U\"><a href=\"https:\/\/lackman.com.br\/index.php\/2023\/07\/25\/no-mab-salvador-aversa-obras-de-um-colecionador\/\">No MAB: Salvador Aversa \u2013 Obras de um colecionador<\/a><\/blockquote><iframe sandbox=\"allow-scripts\" security=\"restricted\" src=\"https:\/\/lackman.com.br\/index.php\/2023\/07\/25\/no-mab-salvador-aversa-obras-de-um-colecionador\/embed\/#?secret=1XPUOpWY8U\" width=\"600\" height=\"338\" title=\"&#8220;No MAB: Salvador Aversa \u2013 Obras de um colecionador&#8221; &#8212; LACKMAN &amp; CO.\" data-secret=\"1XPUOpWY8U\" frameborder=\"0\" marginwidth=\"0\" marginheight=\"0\" scrolling=\"no\" class=\"wp-embedded-content\"><\/iframe><script>\n\/*! This file is auto-generated *\/\n!function(d,l){\"use strict\";l.querySelector&&d.addEventListener&&\"undefined\"!=typeof URL&&(d.wp=d.wp||{},d.wp.receiveEmbedMessage||(d.wp.receiveEmbedMessage=function(e){var t=e.data;if((t||t.secret||t.message||t.value)&&!\/[^a-zA-Z0-9]\/.test(t.secret)){for(var s,r,n,a=l.querySelectorAll('iframe[data-secret=\"'+t.secret+'\"]'),o=l.querySelectorAll('blockquote[data-secret=\"'+t.secret+'\"]'),c=new RegExp(\"^https?:$\",\"i\"),i=0;i<o.length;i++)o[i].style.display=\"none\";for(i=0;i<a.length;i++)s=a[i],e.source===s.contentWindow&&(s.removeAttribute(\"style\"),\"height\"===t.message?(1e3<(r=parseInt(t.value,10))?r=1e3:~~r<200&&(r=200),s.height=r):\"link\"===t.message&&(r=new URL(s.getAttribute(\"src\")),n=new URL(t.value),c.test(n.protocol))&&n.host===r.host&&l.activeElement===s&&(d.top.location.href=t.value))}},d.addEventListener(\"message\",d.wp.receiveEmbedMessage,!1),l.addEventListener(\"DOMContentLoaded\",function(){for(var e,t,s=l.querySelectorAll(\"iframe.wp-embedded-content\"),r=0;r<s.length;r++)(t=(e=s[r]).getAttribute(\"data-secret\"))||(t=Math.random().toString(36).substring(2,12),e.src+=\"#?secret=\"+t,e.setAttribute(\"data-secret\",t)),e.contentWindow.postMessage({message:\"ready\",secret:t},\"*\")},!1)))}(window,document);\n\/\/# sourceURL=https:\/\/lackman.com.br\/wp-includes\/js\/wp-embed.min.js\n<\/script>\n","thumbnail_url":"http:\/\/lackman.com.br\/wp-content\/uploads\/2023\/07\/Rubem-Valentim-1.jpg","thumbnail_width":1762,"thumbnail_height":2500,"description":"Em justa homenagem, neto remonta hist\u00f3ria do av\u00f4 atrav\u00e9s de cole\u00e7\u00e3o recheada de \u00edcones da arte brasileira A fam\u00edlia Aversa \u00e9 ligada pela paix\u00e3o \u00e0s artes pl\u00e1sticas. Paulino \u00e9 pai, artista prol\u00edfico de Bras\u00edlia que voc\u00ea j\u00e1 deve ter ouvido falar. Afinal, foi ele quem pintou aquelas Kombis que a gente v\u00ea \u201cjogadas\u201d no gramado atr\u00e1s da UnB, quando passamos pelo setor de clubes norte. \u00a0Salvador foi o av\u00f4, colecionador inveterado, que adquiriu obras de grandes nomes como Rubem Valentim, Ismael Nery, Carlos Scliar, Di Cavalcanti, Inim\u00e1 de Paula, Alberto Guignard, Tarsila do Amaral, entre outros. Ant\u00f4nio \u00e9 o neto, jovem marchand e galerista, que trilha seu pr\u00f3prio caminho, demonstrando sinais de que honrar\u00e1 muito bem o sobrenome. Prova disso \u00e9 a curadoria que acaba de fazer para a exposi\u00e7\u00e3o \u201cSalvador Aversa &#8211; Obras de um Colecionador\u201d, que inaugura nessa quinta-feira (27), no Museu de Arte de Bras\u00edlia \u2013 MAB, que re\u00fane cerca de 60 obras que fazem ou j\u00e1 fizeram parte do acervo da fam\u00edlia. Em forma de homenagem, a mostra revela que as escolhas do av\u00f4 \u201cpassavam mais por um crit\u00e9rio emocional do que pela valoriza\u00e7\u00e3o das obras. Ele comprava o que tocava seu cora\u00e7\u00e3o\u201d, afirmar o neto. \u201cAcredito que o gosto dele pela pintura come\u00e7ou com os artistas mineiros que t\u00e3o bem retratavam as paisagens de Minas Gerais, quando ele ainda era estudante\u201d, completa. Em tempo, a exibi\u00e7\u00e3o nos convida a percorrer o caminho das artes pl\u00e1sticas brasileira do s\u00e9culo XX, sob o olhar de algu\u00e9m que conviveu com artistas como Athos Bulc\u00e3o e Burle Marx, dos quais se tornou amigo durante a constru\u00e7\u00e3o da nova capital. O paulista Salvador, engenheiro civil formado em Minas Gerais, veio parar no Planalto Central respondendo um chamado do pr\u00f3prio Juscelino Kubistchek, em 1958. Aqui, Aversa foi presidente da Novacap em 1970, e foi quando conheceu Oscar Seraphico, grande galerista da \u00e9poca, que seu interesse pelo mundo das artes aumentou, passando a adquirir pinturas e pe\u00e7as incr\u00edveis e que agora ganham as paredes do MAB, nessa exposi\u00e7\u00e3o que tem visita\u00e7\u00e3o gratuita, em cartaz durante os pr\u00f3ximos 30 dias. N\u00e3o perca! Servi\u00e7o: \u201cSalvador Aversa- Obras de um Colecionador\u201d Onde: MAB- Museu de Arte de Bras\u00edlia Quando: De 27 de julho a 27 de agosto, quarta a segunda-feira, das 10h \u00e0s 19h Quanto: Entrada franca Classifica\u00e7\u00e3o:\u00a0livre Cr\u00e9dito fotogr\u00e1fico: Edgard C\u00e9sar\/Divulga\u00e7\u00e3o"}

Em justa homenagem, neto remonta história do avô através de coleção recheada de ícones da arte brasileira A família Aversa é ligada pela paixão às artes plásticas. Paulino é pai, artista prolífico de Brasília que você já deve ter ouvido falar. Afinal, foi ele quem pintou aquelas Kombis que a gente vê “jogadas” no gramado atrás da UnB, quando passamos pelo setor de clubes norte.  Salvador foi o avô, colecionador inveterado, que adquiriu obras de grandes nomes como Rubem Valentim, Ismael Nery, Carlos Scliar, Di Cavalcanti, Inimá de Paula, Alberto Guignard, Tarsila do Amaral, entre outros. Antônio é o neto, jovem marchand e galerista, que trilha seu próprio caminho, demonstrando sinais de que honrará muito bem o sobrenome. Prova disso é a curadoria que acaba de fazer para a exposição “Salvador Aversa &#8211; Obras de um Colecionador”, que inaugura nessa quinta-feira (27), no Museu de Arte de Brasília – MAB, que reúne cerca de 60 obras que fazem ou já fizeram parte do acervo da família. Em forma de homenagem, a mostra revela que as escolhas do avô “passavam mais por um critério emocional do que pela valorização das obras. Ele comprava o que tocava seu coração”, afirmar o neto. “Acredito que o gosto dele pela pintura começou com os artistas mineiros que tão bem retratavam as paisagens de Minas Gerais, quando ele ainda era estudante”, completa. Em tempo, a exibição nos convida a percorrer o caminho das artes plásticas brasileira do século XX, sob o olhar de alguém que conviveu com artistas como Athos Bulcão e Burle Marx, dos quais se tornou amigo durante a construção da nova capital. O paulista Salvador, engenheiro civil formado em Minas Gerais, veio parar no Planalto Central respondendo um chamado do próprio Juscelino Kubistchek, em 1958. Aqui, Aversa foi presidente da Novacap em 1970, e foi quando conheceu Oscar Seraphico, grande galerista da época, que seu interesse pelo mundo das artes aumentou, passando a adquirir pinturas e peças incríveis e que agora ganham as paredes do MAB, nessa exposição que tem visitação gratuita, em cartaz durante os próximos 30 dias. Não perca! Serviço: “Salvador Aversa- Obras de um Colecionador” Onde: MAB- Museu de Arte de Brasília Quando: De 27 de julho a 27 de agosto, quarta a segunda-feira, das 10h às 19h Quanto: Entrada franca Classificação: livre Crédito fotográfico: Edgard César/Divulgação
