{"version":"1.0","provider_name":"LACKMAN &amp; CO.","provider_url":"https:\/\/lackman.com.br","author_name":"Fernando Lackman","author_url":"https:\/\/lackman.com.br\/index.php\/author\/fernando-lackman\/","title":"Festival Cinema Fant\u00e1stico nas telas do CCBB - LACKMAN &amp; CO.","type":"rich","width":600,"height":338,"html":"<blockquote class=\"wp-embedded-content\" data-secret=\"wfpvAOFsCX\"><a href=\"https:\/\/lackman.com.br\/index.php\/2023\/03\/07\/festival-cinema-fantastico-nas-telas-do-ccbb\/\">Festival Cinema Fant\u00e1stico nas telas do CCBB<\/a><\/blockquote><iframe sandbox=\"allow-scripts\" security=\"restricted\" src=\"https:\/\/lackman.com.br\/index.php\/2023\/03\/07\/festival-cinema-fantastico-nas-telas-do-ccbb\/embed\/#?secret=wfpvAOFsCX\" width=\"600\" height=\"338\" title=\"&#8220;Festival Cinema Fant\u00e1stico nas telas do CCBB&#8221; &#8212; LACKMAN &amp; CO.\" data-secret=\"wfpvAOFsCX\" frameborder=\"0\" marginwidth=\"0\" marginheight=\"0\" scrolling=\"no\" class=\"wp-embedded-content\"><\/iframe><script>\n\/*! This file is auto-generated *\/\n!function(d,l){\"use strict\";l.querySelector&&d.addEventListener&&\"undefined\"!=typeof URL&&(d.wp=d.wp||{},d.wp.receiveEmbedMessage||(d.wp.receiveEmbedMessage=function(e){var t=e.data;if((t||t.secret||t.message||t.value)&&!\/[^a-zA-Z0-9]\/.test(t.secret)){for(var s,r,n,a=l.querySelectorAll('iframe[data-secret=\"'+t.secret+'\"]'),o=l.querySelectorAll('blockquote[data-secret=\"'+t.secret+'\"]'),c=new RegExp(\"^https?:$\",\"i\"),i=0;i<o.length;i++)o[i].style.display=\"none\";for(i=0;i<a.length;i++)s=a[i],e.source===s.contentWindow&&(s.removeAttribute(\"style\"),\"height\"===t.message?(1e3<(r=parseInt(t.value,10))?r=1e3:~~r<200&&(r=200),s.height=r):\"link\"===t.message&&(r=new URL(s.getAttribute(\"src\")),n=new URL(t.value),c.test(n.protocol))&&n.host===r.host&&l.activeElement===s&&(d.top.location.href=t.value))}},d.addEventListener(\"message\",d.wp.receiveEmbedMessage,!1),l.addEventListener(\"DOMContentLoaded\",function(){for(var e,t,s=l.querySelectorAll(\"iframe.wp-embedded-content\"),r=0;r<s.length;r++)(t=(e=s[r]).getAttribute(\"data-secret\"))||(t=Math.random().toString(36).substring(2,12),e.src+=\"#?secret=\"+t,e.setAttribute(\"data-secret\",t)),e.contentWindow.postMessage({message:\"ready\",secret:t},\"*\")},!1)))}(window,document);\n\/\/# sourceURL=https:\/\/lackman.com.br\/wp-includes\/js\/wp-embed.min.js\n<\/script>\n","thumbnail_url":"https:\/\/lackman.com.br\/wp-content\/uploads\/2023\/03\/Hellscape.jpg","thumbnail_width":1440,"thumbnail_height":1080,"description":"Abertura do Festival ser\u00e1 no Dia Internacional da Mulher(8), com filmes de 5 cineastas mulheres de diferentes pa\u00edses. Programa\u00e7\u00e3o musical ter\u00e1 show do duo Vermelho Wonder (SP), na obra Magic Square #3, de H\u00e9lio Oiticica\u00a0 O Festival Internacional do Cinema Fant\u00e1stico preparou uma sele\u00e7\u00e3o de 55 curtas e longas metragens, promovendo um passeio pelos subg\u00eaneros: fantasia, fic\u00e7\u00e3o cient\u00edfica, horror e outras varia\u00e7\u00f5es que coloquem o foco em temas intrigantes tratados por esse segmento do cinema. A IV edi\u00e7\u00e3o do evento, que acontece no CCBB Bras\u00edlia entre 8 a 18 de mar\u00e7o, homenageia o cineasta e roteirista Georges Franju, que fez parte do cinema moderno franc\u00eas e ganhou reconhecimento por filmes como o terror \u201cOs olhos sem rosto\u201d, que ser\u00e1 exibido no Festival. O diretor uruguaio Gustavo Hern\u00e1ndez \u00e9 o convidado especial do FIC Fant\u00e1stico 2023 e participa de um bate-papo nos dias 17\/03, ap\u00f3s a exibi\u00e7\u00e3o de \u201cV\u00edrus-32\u201d, e no dia 18 realiza pr\u00e9-estreia do seu mais novo filme, \u201cLobo Feroz\u201d e conversa com o p\u00fablico ap\u00f3s a sess\u00e3o. O cinema fant\u00e1stico fascina plateias desde os prim\u00f3rdios do cinema e atualmente, mais ainda com as redes sociais, onde realidade e fantasia se confundem. Na programa\u00e7\u00e3o, produ\u00e7\u00f5es nacionais e um recorte internacional, com participa\u00e7\u00e3o de 25 pa\u00edses sendo eles: \u00c1frica do Sul, Alemanha, Arg\u00e9lia, Argentina, B\u00e9lgica, Brasil, Ch\u00e9quia, Chile, China, Col\u00f4mbia, Cuba, Espanha, Estados Unidos, Fran\u00e7a, Gr\u00e9cia, Hungria, Israel, It\u00e1lia, Jap\u00e3o, Mal\u00e1sia, M\u00e9xico, Palestina, Portugal, Su\u00ed\u00e7a e Uruguai. Al\u00e9m dos filmes, o evento tamb\u00e9m contar\u00e1 com atividades infantis como a \u201cOficina de Monstros do Desconhecido-Stop Motion com Massinha\u201d para crian\u00e7as de 6 a 12 anos, mostras infanto-juvenis na parte da manh\u00e3 e tarde e mostras noturnas para o p\u00fablico jovem. A programa\u00e7\u00e3o, que tem entrada franca, contar\u00e1 ainda com atividades paralelas como lan\u00e7amento de livros e bate-papos sobre o cinema e a literatura Fant\u00e1stica. A classifica\u00e7\u00e3o indicativa dos filmes pode ser conferida na programa\u00e7\u00e3o no site bb.com.br\/cultura e os ingressos podem ser retirados na bilheteria com uma hora de anteced\u00eancia. Para a sess\u00e3o de abertura do IV FIC Fant\u00e1stico, na quarta-feira (8), data em que se comemora o Dia Internacional da Mulher, o evento escolheu 5 curtas dirigidos por mulheres de 5 pa\u00edses diferentes para marcar a ocasi\u00e3o. Na sexta-feira (10) um show musical com o Duo \u201cVermelho Wonder\u201d (SP) vai acontecer, \u00e0s 20 horas, na obra \u201cMagic Square #3\u201d, do artista H\u00e9lio Oiticica. A dupla \u00e9 resultado de encontros entre o DJ\/produtor M\u00e1rcio Vermelho e o performer Victor Ivanon\/Ivana Wonder, dando origem a uma experimenta\u00e7\u00e3o que une m\u00fasica e imagens em v\u00eddeo. O IV Festival Internacional de Cinema Fant\u00e1stico de Bras\u00edlia \u00e9 uma realiza\u00e7\u00e3o da T\u00e1bata Filmes Entretenimento e conta com o patroc\u00ednio do Centro Cultural Banco do Brasil Bras\u00edlia, por interm\u00e9dio da Lei de Incentivo \u00e0 Cultura do DF- LIC DF. Homenagem &#8211; Um momento especial do IV FIC FANT\u00c1STICO \u00e9 a mostra em homenagem ao cineasta franc\u00eas Georges Franju, com exibi\u00e7\u00e3o de tr\u00eas filmes do diretor. Entre eles, o cl\u00e1ssico \u201cLex Yeux Sans Visage\u201d, que ser\u00e1 exibido no dia 15\/03, e que em 1960 causou desmaio de expectadores em uma sess\u00e3o do Festival de Cinema de Edimburgo 1960.\u00a0 \u201cO surrealismo me ensinou que a raz\u00e3o vem depois da cria\u00e7\u00e3o, e a cria\u00e7\u00e3o \u00e9 uma verdadeira deflagra\u00e7\u00e3o quando confrontada, n\u00e3o com uma solu\u00e7\u00e3o, mas com um obst\u00e1culo\u201d, costumava dizer Georges Franju. Quer ir? Festival Internacional do Cinema Fant\u00e1stico no CCBB BRAS\u00cdLIA, de 8 a 18 de mar\u00e7o. Entrada franca com retirada de ingresso na bilheteria com uma 1 hora de anteced\u00eancia. Ingressos para a ocupa\u00e7\u00e3o do Magic Square #3 com show do Vermelho Wonder: Entrada franca com retirada de ingresso no site do CCBB (www.bb.com.br\/cultura) ou na bilheteria do CCBB. Programa\u00e7\u00e3o completa tamb\u00e9m pelo Instagram @ficfantastico. Hor\u00e1rio de funcionamento CCBB: de ter\u00e7a-feira a domingo das 9h \u00e0s 21h Endere\u00e7o: SCES Trecho 2, Bras\u00edlia DF, De Ter\u00e7a a Domingo das 9 h \u00e0s 21 h, (61) 3108-7600 Mais nas redes Facebook\/ccbb.brasilia Twitter\/ @ccbb_df Instagram\/ccbbbrasilia Imagens: Reprodu\u00e7\u00e3o e Divulga\u00e7\u00e3o"}

Festival Cinema Fantástico nas telas do CCBB - LACKMAN &amp; CO.

<blockquote class="wp-embedded-content" data-secret="wfpvAOFsCX"><a href="https://lackman.com.br/index.php/2023/03/07/festival-cinema-fantastico-nas-telas-do-ccbb/">Festival Cinema Fantástico nas telas do CCBB</a></blockquote><iframe sandbox="allow-scripts" security="restricted" src="https://lackman.com.br/index.php/2023/03/07/festival-cinema-fantastico-nas-telas-do-ccbb/embed/#?secret=wfpvAOFsCX" width="600" height="338" title="&#8220;Festival Cinema Fantástico nas telas do CCBB&#8221; &#8212; LACKMAN &amp; CO." data-secret="wfpvAOFsCX" frameborder="0" marginwidth="0" marginheight="0" scrolling="no" class="wp-embedded-content"></iframe><script>
/*! This file is auto-generated */
!function(d,l){"use strict";l.querySelector&&d.addEventListener&&"undefined"!=typeof URL&&(d.wp=d.wp||{},d.wp.receiveEmbedMessage||(d.wp.receiveEmbedMessage=function(e){var t=e.data;if((t||t.secret||t.message||t.value)&&!/[^a-zA-Z0-9]/.test(t.secret)){for(var s,r,n,a=l.querySelectorAll('iframe[data-secret="'+t.secret+'"]'),o=l.querySelectorAll('blockquote[data-secret="'+t.secret+'"]'),c=new RegExp("^https?:$","i"),i=0;i<o.length;i++)o[i].style.display="none";for(i=0;i<a.length;i++)s=a[i],e.source===s.contentWindow&&(s.removeAttribute("style"),"height"===t.message?(1e3<(r=parseInt(t.value,10))?r=1e3:~~r<200&&(r=200),s.height=r):"link"===t.message&&(r=new URL(s.getAttribute("src")),n=new URL(t.value),c.test(n.protocol))&&n.host===r.host&&l.activeElement===s&&(d.top.location.href=t.value))}},d.addEventListener("message",d.wp.receiveEmbedMessage,!1),l.addEventListener("DOMContentLoaded",function(){for(var e,t,s=l.querySelectorAll("iframe.wp-embedded-content"),r=0;r<s.length;r++)(t=(e=s[r]).getAttribute("data-secret"))||(t=Math.random().toString(36).substring(2,12),e.src+="#?secret="+t,e.setAttribute("data-secret",t)),e.contentWindow.postMessage({message:"ready",secret:t},"*")},!1)))}(window,document);
//# sourceURL=https://lackman.com.br/wp-includes/js/wp-embed.min.js
</script>

Abertura do Festival será no Dia Internacional da Mulher(8), com filmes de 5 cineastas mulheres de diferentes países. Programação musical terá show do duo Vermelho Wonder (SP), na obra Magic Square #3, de Hélio Oiticica  O Festival Internacional do Cinema Fantástico preparou uma seleção de 55 curtas e longas metragens, promovendo um passeio pelos subgêneros: fantasia, ficção científica, horror e outras variações que coloquem o foco em temas intrigantes tratados por esse segmento do cinema. A IV edição do evento, que acontece no CCBB Brasília entre 8 a 18 de março, homenageia o cineasta e roteirista Georges Franju, que fez parte do cinema moderno francês e ganhou reconhecimento por filmes como o terror “Os olhos sem rosto”, que será exibido no Festival. O diretor uruguaio Gustavo Hernández é o convidado especial do FIC Fantástico 2023 e participa de um bate-papo nos dias 17/03, após a exibição de “Vírus-32”, e no dia 18 realiza pré-estreia do seu mais novo filme, “Lobo Feroz” e conversa com o público após a sessão. O cinema fantástico fascina plateias desde os primórdios do cinema e atualmente, mais ainda com as redes sociais, onde realidade e fantasia se confundem. Na programação, produções nacionais e um recorte internacional, com participação de 25 países sendo eles: África do Sul, Alemanha, Argélia, Argentina, Bélgica, Brasil, Chéquia, Chile, China, Colômbia, Cuba, Espanha, Estados Unidos, França, Grécia, Hungria, Israel, Itália, Japão, Malásia, México, Palestina, Portugal, Suíça e Uruguai. Além dos filmes, o evento também contará com atividades infantis como a “Oficina de Monstros do Desconhecido-Stop Motion com Massinha” para crianças de 6 a 12 anos, mostras infanto-juvenis na parte da manhã e tarde e mostras noturnas para o público jovem. A programação, que tem entrada franca, contará ainda com atividades paralelas como lançamento de livros e bate-papos sobre o cinema e a literatura Fantástica. A classificação indicativa dos filmes pode ser conferida na programação no site bb.com.br/cultura e os ingressos podem ser retirados na bilheteria com uma hora de antecedência. Para a sessão de abertura do IV FIC Fantástico, na quarta-feira (8), data em que se comemora o Dia Internacional da Mulher, o evento escolheu 5 curtas dirigidos por mulheres de 5 países diferentes para marcar a ocasião. Na sexta-feira (10) um show musical com o Duo “Vermelho Wonder” (SP) vai acontecer, às 20 horas, na obra “Magic Square #3”, do artista Hélio Oiticica. A dupla é resultado de encontros entre o DJ/produtor Márcio Vermelho e o performer Victor Ivanon/Ivana Wonder, dando origem a uma experimentação que une música e imagens em vídeo. O IV Festival Internacional de Cinema Fantástico de Brasília é uma realização da Tábata Filmes Entretenimento e conta com o patrocínio do Centro Cultural Banco do Brasil Brasília, por intermédio da Lei de Incentivo à Cultura do DF- LIC DF. Homenagem &#8211; Um momento especial do IV FIC FANTÁSTICO é a mostra em homenagem ao cineasta francês Georges Franju, com exibição de três filmes do diretor. Entre eles, o clássico “Lex Yeux Sans Visage”, que será exibido no dia 15/03, e que em 1960 causou desmaio de expectadores em uma sessão do Festival de Cinema de Edimburgo 1960.  “O surrealismo me ensinou que a razão vem depois da criação, e a criação é uma verdadeira deflagração quando confrontada, não com uma solução, mas com um obstáculo”, costumava dizer Georges Franju. Quer ir? Festival Internacional do Cinema Fantástico no CCBB BRASÍLIA, de 8 a 18 de março. Entrada franca com retirada de ingresso na bilheteria com uma 1 hora de antecedência. Ingressos para a ocupação do Magic Square #3 com show do Vermelho Wonder: Entrada franca com retirada de ingresso no site do CCBB (www.bb.com.br/cultura) ou na bilheteria do CCBB. Programação completa também pelo Instagram @ficfantastico. Horário de funcionamento CCBB: de terça-feira a domingo das 9h às 21h Endereço: SCES Trecho 2, Brasília DF, De Terça a Domingo das 9 h às 21 h, (61) 3108-7600 Mais nas redes Facebook/ccbb.brasilia Twitter/ @ccbb_df Instagram/ccbbbrasilia Imagens: Reprodução e Divulgação
