{"version":"1.0","provider_name":"LACKMAN &amp; CO.","provider_url":"https:\/\/lackman.com.br","author_name":"Fernando Lackman","author_url":"https:\/\/lackman.com.br\/index.php\/author\/fernando-lackman\/","title":"Modelo brasiliense faz sucesso em passarelas italianas - LACKMAN &amp; CO.","type":"rich","width":600,"height":338,"html":"<blockquote class=\"wp-embedded-content\" data-secret=\"3VYLhQbTrM\"><a href=\"https:\/\/lackman.com.br\/index.php\/2023\/02\/27\/modelo-brasiliense-faz-sucesso-em-passarelas-italianas\/\">Modelo brasiliense faz sucesso em passarelas italianas<\/a><\/blockquote><iframe sandbox=\"allow-scripts\" security=\"restricted\" src=\"https:\/\/lackman.com.br\/index.php\/2023\/02\/27\/modelo-brasiliense-faz-sucesso-em-passarelas-italianas\/embed\/#?secret=3VYLhQbTrM\" width=\"600\" height=\"338\" title=\"&#8220;Modelo brasiliense faz sucesso em passarelas italianas&#8221; &#8212; LACKMAN &amp; CO.\" data-secret=\"3VYLhQbTrM\" frameborder=\"0\" marginwidth=\"0\" marginheight=\"0\" scrolling=\"no\" class=\"wp-embedded-content\"><\/iframe><script>\n\/*! This file is auto-generated *\/\n!function(d,l){\"use strict\";l.querySelector&&d.addEventListener&&\"undefined\"!=typeof URL&&(d.wp=d.wp||{},d.wp.receiveEmbedMessage||(d.wp.receiveEmbedMessage=function(e){var t=e.data;if((t||t.secret||t.message||t.value)&&!\/[^a-zA-Z0-9]\/.test(t.secret)){for(var s,r,n,a=l.querySelectorAll('iframe[data-secret=\"'+t.secret+'\"]'),o=l.querySelectorAll('blockquote[data-secret=\"'+t.secret+'\"]'),c=new RegExp(\"^https?:$\",\"i\"),i=0;i<o.length;i++)o[i].style.display=\"none\";for(i=0;i<a.length;i++)s=a[i],e.source===s.contentWindow&&(s.removeAttribute(\"style\"),\"height\"===t.message?(1e3<(r=parseInt(t.value,10))?r=1e3:~~r<200&&(r=200),s.height=r):\"link\"===t.message&&(r=new URL(s.getAttribute(\"src\")),n=new URL(t.value),c.test(n.protocol))&&n.host===r.host&&l.activeElement===s&&(d.top.location.href=t.value))}},d.addEventListener(\"message\",d.wp.receiveEmbedMessage,!1),l.addEventListener(\"DOMContentLoaded\",function(){for(var e,t,s=l.querySelectorAll(\"iframe.wp-embedded-content\"),r=0;r<s.length;r++)(t=(e=s[r]).getAttribute(\"data-secret\"))||(t=Math.random().toString(36).substring(2,12),e.src+=\"#?secret=\"+t,e.setAttribute(\"data-secret\",t)),e.contentWindow.postMessage({message:\"ready\",secret:t},\"*\")},!1)))}(window,document);\n\/\/# sourceURL=https:\/\/lackman.com.br\/wp-includes\/js\/wp-embed.min.js\n<\/script>\n","thumbnail_url":"https:\/\/lackman.com.br\/wp-content\/uploads\/2023\/02\/Jamille-destaque.jpg","thumbnail_width":2000,"thumbnail_height":1600,"description":"Ap\u00f3s carreira bem-sucedida no DF, modelo da 3Models Agency, moradora do Recanto das Emas, desfila para gigantes da moda na Mil\u00e3o Fashion Week As fashion weeks vivem de lan\u00e7ar nomes, descobrir talentos, impulsionar carreiras, e para o mercado das modelos \u00e9 o term\u00f4metro para saber como a moda est\u00e1 se comportando quando o assunto \u00e9 o corpo e as pessoas que os habitam. Acaba de ser finalizada a semana de moda de Mil\u00e3o. Um dos principais eventos de moda do mundo com lan\u00e7amentos de cole\u00e7\u00f5es dos grandes nomes da moda italiana. Jamille Fernandes, de 17 anos, \u00e9 uma pacata e t\u00edmida brasiliense, moradora do Recanto das Emas. A jovem est\u00e1 desbravando o mundo da moda com seus de 1,79cm de altura e seus lindos cabelos cacheados e volumosos. As ag\u00eancias que cuidam de sua carreira europeia s\u00e3o a\u00a0Tree Models e a Women Milano, donas de castings com modelos dos quatro cantos do mundo. Em Mil\u00e3o, na \u00faltima semana, ela pisou na passarela por duas gigantes, Emp\u00f3rio Armani e Ferrari. Para uma modelo que sai da periferia de Bras\u00edlia, estar em desfiles como esses \u00e9 uma conquista e tanto. Entre um cast e outro, e um desfile, Jamille nos respondeu sobre como est\u00e1 se sentindo nesse momento. &#8220;\u00c9 incr\u00edvel! Eu nunca pensei que chegaria at\u00e9 aqui. \u00c9 a melhor sensa\u00e7\u00e3o do mundo entrar em uma passarela representando marcas t\u00e3o importante para a moda. Eu estou amando tudo isso&#8221;, contou ap\u00f3s sentir a emo\u00e7\u00e3o de ser uma das poucas representantes brasileiras no cast. Carreira \u2013 Jamille, como a maioria das meninas que ingressam nesse mercado, iniciam carreira por incentivo de colegas, familiares e pessoas que trabalham no universo da moda. Quando sentou que estava pronta para tentar, aos 15 anos, procurou uma ag\u00eancia e acabou descobrindo o trabalho do Pedro Abdalla, CEO da 3Models Agency de Bras\u00edlia. &nbsp; &nbsp; Ap\u00f3s amplo treinamento, Jamille iniciou os trabalhos, tendo participados de eventos como o Spring Collections (v\u00eddeo acima), parte integrante do Collections Bras\u00edlia, programa de desenvolvimento de marcas na capital do pa\u00eds. Desfilou e ali criou mais apre\u00e7o pelas passarelas. Pedro sempre enxergou o perfil dela como de uma modelo famosa e que trabalha mundo afora. Foi a\u00ed que surgiu a possibilidade de internacionaliza\u00e7\u00e3o. &#8220;A Jamille \u00e9 bastante t\u00edmida, mas decidida e profissional. Por ela ser muito apegada \u00e0 fam\u00edlia n\u00f3s combinamos que ela sempre vai, faz os trabalhos e volta, at\u00e9 ficar mais segura e adulta&#8221;, conta. Fotos: Filippo Fior\/Gorunway\/Vogue Runway\/Divulga\u00e7\u00e3o"}

Após carreira bem-sucedida no DF, modelo da 3Models Agency, moradora do Recanto das Emas, desfila para gigantes da moda na Milão Fashion Week As fashion weeks vivem de lançar nomes, descobrir talentos, impulsionar carreiras, e para o mercado das modelos é o termômetro para saber como a moda está se comportando quando o assunto é o corpo e as pessoas que os habitam. Acaba de ser finalizada a semana de moda de Milão. Um dos principais eventos de moda do mundo com lançamentos de coleções dos grandes nomes da moda italiana. Jamille Fernandes, de 17 anos, é uma pacata e tímida brasiliense, moradora do Recanto das Emas. A jovem está desbravando o mundo da moda com seus de 1,79cm de altura e seus lindos cabelos cacheados e volumosos. As agências que cuidam de sua carreira europeia são a Tree Models e a Women Milano, donas de castings com modelos dos quatro cantos do mundo. Em Milão, na última semana, ela pisou na passarela por duas gigantes, Empório Armani e Ferrari. Para uma modelo que sai da periferia de Brasília, estar em desfiles como esses é uma conquista e tanto. Entre um cast e outro, e um desfile, Jamille nos respondeu sobre como está se sentindo nesse momento. &#8220;É incrível! Eu nunca pensei que chegaria até aqui. É a melhor sensação do mundo entrar em uma passarela representando marcas tão importante para a moda. Eu estou amando tudo isso&#8221;, contou após sentir a emoção de ser uma das poucas representantes brasileiras no cast. Carreira – Jamille, como a maioria das meninas que ingressam nesse mercado, iniciam carreira por incentivo de colegas, familiares e pessoas que trabalham no universo da moda. Quando sentou que estava pronta para tentar, aos 15 anos, procurou uma agência e acabou descobrindo o trabalho do Pedro Abdalla, CEO da 3Models Agency de Brasília. &nbsp; &nbsp; Após amplo treinamento, Jamille iniciou os trabalhos, tendo participados de eventos como o Spring Collections (vídeo acima), parte integrante do Collections Brasília, programa de desenvolvimento de marcas na capital do país. Desfilou e ali criou mais apreço pelas passarelas. Pedro sempre enxergou o perfil dela como de uma modelo famosa e que trabalha mundo afora. Foi aí que surgiu a possibilidade de internacionalização. &#8220;A Jamille é bastante tímida, mas decidida e profissional. Por ela ser muito apegada à família nós combinamos que ela sempre vai, faz os trabalhos e volta, até ficar mais segura e adulta&#8221;, conta. Fotos: Filippo Fior/Gorunway/Vogue Runway/Divulgação
